CREATE TABLE IF NOT EXISTS `setting_pages` (
  `id` int unsigned NOT NULL AUTO_INCREMENT,
  `conce_title` varchar(255) CHARACTER SET utf8 COLLATE utf8_unicode_ci NOT NULL,
  `conce_title_html` text CHARACTER SET utf8 COLLATE utf8_unicode_ci,
  `conce_description_html` text CHARACTER SET utf8 COLLATE utf8_unicode_ci,
  `pecas_title` varchar(255) CHARACTER SET utf8 COLLATE utf8_unicode_ci NOT NULL,
  `pecas_title_html` text CHARACTER SET utf8 COLLATE utf8_unicode_ci,
  `pecas_description_html` text CHARACTER SET utf8 COLLATE utf8_unicode_ci,
  `created_at` timestamp NOT NULL DEFAULT '0000-00-00 00:00:00',
  `updated_at` timestamp NOT NULL DEFAULT '0000-00-00 00:00:00',
  `deleted_at` timestamp NULL DEFAULT NULL,
  PRIMARY KEY (`id`)
) ENGINE=InnoDB AUTO_INCREMENT=2 DEFAULT CHARSET=utf8 COLLATE=utf8_unicode_ci;

-- Dumping data for table caoa_dev.setting_pages: ~0 rows (approximately)
INSERT INTO `setting_pages` (`id`, `conce_title`, `conce_title_html`, `conce_description_html`, `pecas_title`, `pecas_title_html`, `pecas_description_html`, `created_at`, `updated_at`, `deleted_at`) VALUES
	(1, 'ACHE UMA CONCESSIONÁRIA', 'Caoa - Concessionárias', 'Concessionárias', 'ACHE UMA LOJA', 'Caoa - Peças e serviços', 'Peças e serviços', '0000-00-00 00:00:00', '2021-06-18 17:58:12', NULL);

-- Dumping structure for table caoa_dev.shop_dealer_show
CREATE TABLE IF NOT EXISTS `shop_dealer_show` (
  `LojaID` int unsigned NOT NULL,
  `dealer_show_id` int unsigned NOT NULL
) ENGINE=InnoDB DEFAULT CHARSET=utf8 COLLATE=utf8_unicode_ci;

-- Dumping data for table caoa_dev.shop_dealer_show: ~184 rows (approximately)
INSERT INTO `shop_dealer_show` (`LojaID`, `dealer_show_id`) VALUES
	(44, 2),
	(45, 2),
	(46, 2),
	(47, 1),
	(47, 3),
	(48, 1),
	(48, 2),
	(48, 3),
	(49, 1),
	(49, 3),
	(50, 2),
	(51, 2),
	(52, 2),
	(53, 2),
	(54, 2),
	(55, 2),
	(56, 2),
	(57, 2),
	(58, 1),
	(58, 2),
	(58, 3),
	(59, 2),
	(60, 2),
	(61, 1),
	(61, 3),
	(62, 1),
	(62, 3),
	(63, 1),
	(63, 3),
	(64, 1),
	(64, 3),
	(65, 2),
	(66, 2),
	(67, 2),
	(68, 2),
	(69, 2),
	(70, 2),
	(71, 1),
	(71, 2),
	(71, 3),
	(72, 2),
	(73, 2),
	(74, 1),
	(74, 2),
	(74, 3),
	(75, 2),
	(76, 2),
	(77, 2),
	(78, 2),
	(79, 2),
	(80, 2),
	(83, 1),
	(83, 2),
	(83, 3),
	(85, 1),
	(85, 2),
	(85, 3),
	(88, 1),
	(88, 2),
	(88, 3),
	(90, 1),
	(90, 3),
	(91, 1),
	(91, 2),
	(91, 3),
	(92, 1),
	(92, 2),
	(92, 3),
	(93, 1),
	(93, 3),
	(94, 1),
	(94, 2),
	(94, 3),
	(96, 1),
	(96, 3),
	(97, 1),
	(97, 3),
	(100, 1),
	(100, 3),
	(104, 1),
	(104, 2),
	(104, 3),
	(107, 1),
	(107, 2),
	(107, 3),
	(110, 1),
	(110, 2),
	(110, 3),
	(112, 1),
	(112, 2),
	(112, 3),
	(115, 1),
	(115, 3),
	(116, 1),
	(116, 2),
	(116, 3),
	(117, 1),
	(117, 2),
	(117, 3),
	(118, 2),
	(122, 1),
	(122, 2),
	(122, 3),
	(123, 1),
	(123, 2),
	(123, 3),
	(124, 1),
	(124, 2),
	(124, 3),
	(126, 1),
	(126, 2),
	(126, 3),
	(128, 1),
	(128, 2),
	(128, 3),
	(130, 1),
	(130, 2),
	(130, 3),
	(131, 1),
	(131, 3),
	(135, 1),
	(135, 2),
	(135, 3),
	(136, 1),
	(136, 3),
	(137, 1),
	(137, 2),
	(137, 3),
	(138, 1),
	(138, 3),
	(139, 1),
	(139, 2),
	(139, 3),
	(140, 1),
	(140, 2),
	(140, 3),
	(141, 1),
	(141, 3),
	(142, 1),
	(142, 3),
	(143, 1),
	(143, 2),
	(143, 3),
	(145, 1),
	(145, 3),
	(146, 1),
	(146, 2),
	(146, 3),
	(147, 1),
	(147, 3),
	(160, 1),
	(160, 2),
	(160, 3),
	(161, 1),
	(161, 2),
	(161, 3),
	(174, 1),
	(174, 2),
	(174, 3),
	(176, 1),
	(176, 3),
	(178, 1),
	(178, 3),
	(179, 1),
	(179, 2),
	(179, 3),
	(181, 1),
	(181, 2),
	(181, 3),
	(191, 1),
	(191, 2),
	(191, 3),
	(342, 1),
	(342, 3),
	(356, 2),
	(419, 2),
	(469, 2),
	(470, 2),
	(623, 1),
	(623, 3),
	(843, 1),
	(843, 3),
	(998, 1),
	(998, 3);

-- Dumping structure for table caoa_dev.shop_dealer_type
CREATE TABLE IF NOT EXISTS `shop_dealer_type` (
  `LojaID` int unsigned NOT NULL,
  `dealer_type_id` int unsigned NOT NULL
) ENGINE=InnoDB DEFAULT CHARSET=utf8 COLLATE=utf8_unicode_ci;

-- Dumping data for table caoa_dev.shop_dealer_type: ~122 rows (approximately)
INSERT INTO `shop_dealer_type` (`LojaID`, `dealer_type_id`) VALUES
	(44, 3),
	(45, 3),
	(46, 3),
	(47, 1),
	(48, 4),
	(49, 1),
	(50, 3),
	(51, 3),
	(52, 3),
	(53, 3),
	(54, 3),
	(55, 3),
	(56, 3),
	(57, 3),
	(58, 4),
	(59, 3),
	(60, 3),
	(61, 1),
	(62, 1),
	(63, 1),
	(64, 1),
	(65, 3),
	(66, 3),
	(67, 3),
	(68, 3),
	(69, 3),
	(70, 3),
	(71, 4),
	(72, 3),
	(73, 3),
	(74, 4),
	(75, 3),
	(76, 3),
	(77, 3),
	(78, 3),
	(79, 3),
	(80, 3),
	(83, 4),
	(85, 4),
	(88, 4),
	(90, 1),
	(91, 4),
	(92, 4),
	(93, 1),
	(94, 4),
	(96, 1),
	(97, 1),
	(100, 1),
	(104, 4),
	(107, 4),
	(110, 4),
	(112, 4),
	(115, 1),
	(116, 4),
	(117, 4),
	(118, 3),
	(122, 4),
	(123, 4),
	(124, 4),
	(126, 4),
	(128, 4),
	(130, 4),
	(131, 1),
	(135, 4),
	(136, 1),
	(137, 4),
	(138, 1),
	(139, 4),
	(140, 4),
	(141, 1),
	(142, 1),
	(143, 4),
	(145, 1),
	(146, 4),
	(147, 1),
	(160, 4),
	(161, 4),
	(174, 4),
	(176, 1),
	(178, 1),
	(179, 4),
	(181, 4),
	(191, 4),
	(331, 3),
	(342, 1),
	(356, 3),
	(365, 3),
	(366, 3),
	(367, 3),
	(368, 3),
	(374, 3),
	(375, 3),
	(376, 3),
	(377, 3),
	(378, 3),
	(379, 3),
	(381, 3),
	(383, 3),
	(384, 3),
	(386, 3),
	(387, 3),
	(389, 3),
	(390, 3),
	(391, 3),
	(396, 3),
	(397, 3),
	(398, 3),
	(400, 3),
	(402, 3),
	(403, 3),
	(405, 3),
	(407, 3),
	(408, 3),
	(419, 3),
	(469, 3),
	(470, 3),
	(623, 1),
	(758, 3),
	(843, 1),
	(998, 1),
	(2137, 1),
	(2140, 1);

-- Dumping structure for table caoa_dev.sincronizacao
CREATE TABLE IF NOT EXISTS `sincronizacao` (
  `id` int unsigned NOT NULL AUTO_INCREMENT,
  `tabela` varchar(255) CHARACTER SET utf8 COLLATE utf8_unicode_ci NOT NULL,
  `created_at` timestamp NOT NULL DEFAULT '0000-00-00 00:00:00',
  `updated_at` timestamp NOT NULL DEFAULT '0000-00-00 00:00:00',
  `status` varchar(45) CHARACTER SET utf8 COLLATE utf8_unicode_ci DEFAULT NULL,
  PRIMARY KEY (`id`)
) ENGINE=InnoDB AUTO_INCREMENT=7 DEFAULT CHARSET=utf8 COLLATE=utf8_unicode_ci;

-- Dumping data for table caoa_dev.sincronizacao: ~6 rows (approximately)
INSERT INTO `sincronizacao` (`id`, `tabela`, `created_at`, `updated_at`, `status`) VALUES
	(1, 'shops', '2021-08-02 16:38:40', '2021-08-02 16:38:43', 'Success'),
	(2, 'shops', '2021-08-02 16:39:30', '2021-08-02 16:39:33', 'Success'),
	(3, 'catalogs', '2021-08-02 16:41:27', '2021-08-02 16:43:02', 'Success'),
	(4, 'catalogs', '2021-08-02 17:19:56', '2021-08-02 17:21:24', 'Success'),
	(5, 'catalogs', '2021-08-02 17:23:39', '2021-08-02 17:25:08', 'Success'),
	(6, 'catalogs', '2021-08-02 17:34:39', '2021-08-02 17:36:07', 'Success');

-- Dumping structure for table caoa_dev.sobre
CREATE TABLE IF NOT EXISTS `sobre` (
  `id` int unsigned NOT NULL AUTO_INCREMENT,
  `banner_id` int DEFAULT NULL,
  `banner_mobile_id` int DEFAULT NULL,
  `banner_title` varchar(255) CHARACTER SET utf8 COLLATE utf8_unicode_ci DEFAULT NULL,
  `banner_text` varchar(255) CHARACTER SET utf8 COLLATE utf8_unicode_ci DEFAULT NULL,
  `numeros` blob,
  `video_id` int DEFAULT NULL,
  `link` varchar(255) CHARACTER SET utf8 COLLATE utf8_unicode_ci DEFAULT NULL,
  `text` text CHARACTER SET utf8 COLLATE utf8_unicode_ci,
  `chamada` varchar(255) CHARACTER SET utf8 COLLATE utf8_unicode_ci DEFAULT NULL,
  `title_html` text CHARACTER SET utf8mb4 COLLATE utf8mb4_unicode_ci,
  `description_html` text CHARACTER SET utf8mb4 COLLATE utf8mb4_unicode_ci,
  `banner_en_id` text CHARACTER SET utf8mb4 COLLATE utf8mb4_unicode_ci,
  `banner_mobile_en_id` text CHARACTER SET utf8mb4 COLLATE utf8mb4_unicode_ci,
  `banner_en_title` varchar(255) CHARACTER SET utf8mb4 COLLATE utf8mb4_unicode_ci DEFAULT NULL,
  `banner_en_text` varchar(255) CHARACTER SET utf8mb4 COLLATE utf8mb4_unicode_ci DEFAULT NULL,
  `video_en_id` int DEFAULT NULL,
  `link_en` varchar(255) CHARACTER SET utf8mb4 COLLATE utf8mb4_unicode_ci DEFAULT NULL,
  `text_en` text CHARACTER SET utf8mb4 COLLATE utf8mb4_unicode_ci,
  `chamada_en` varchar(255) CHARACTER SET utf8mb4 COLLATE utf8mb4_unicode_ci DEFAULT NULL,
  `title_en_html` text CHARACTER SET utf8mb4 COLLATE utf8mb4_unicode_ci,
  `description_en_html` text CHARACTER SET utf8mb4 COLLATE utf8mb4_unicode_ci,
  `created_at` timestamp NOT NULL DEFAULT CURRENT_TIMESTAMP ON UPDATE CURRENT_TIMESTAMP,
  `updated_at` timestamp NOT NULL DEFAULT '0000-00-00 00:00:00',
  `deleted_at` timestamp NULL DEFAULT NULL,
  `sobrecol` varchar(45) CHARACTER SET utf8mb4 COLLATE utf8mb4_unicode_ci DEFAULT NULL,
  PRIMARY KEY (`id`)
) ENGINE=InnoDB AUTO_INCREMENT=2 DEFAULT CHARSET=utf8mb4 COLLATE=utf8mb4_unicode_ci;

-- Dumping data for table caoa_dev.sobre: ~0 rows (approximately)
INSERT INTO `sobre` (`id`, `banner_id`, `banner_mobile_id`, `banner_title`, `banner_text`, `numeros`, `video_id`, `link`, `text`, `chamada`, `title_html`, `description_html`, `banner_en_id`, `banner_mobile_en_id`, `banner_en_title`, `banner_en_text`, `video_en_id`, `link_en`, `text_en`, `chamada_en`, `title_en_html`, `description_en_html`, `created_at`, `updated_at`, `deleted_at`, `sobrecol`) VALUES
	(1, 22039, 21105, 'Caoa', 'O maior conglomerado de distribuição e produção de veículos da América Latina. Orgulho para o Brasil. Exemplo para o mundo.', NULL, 21103, 'https://www.youtube.com/embed/us2ZxXx3668', '<p>Confira nosso video institucional</p>', 'Assista', 'CAOA - Sobre', 'CAOA O maior conglomerado de distribuição e produção de veículos da América Latina. Orgulho para o Brasil. Exemplo para o mundo.', '22611', '22612', 'CAOA', 'The largest automotive distribution and manufacturing conglomerate in Latin America. <br>A source of pride for Brazil. An example to the world.', 22613, 'https://www.youtube.com/embed/us2ZxXx3668', '<p>Check it out!</p>', 'Play', 'CAOA - About', 'The largest automotive distribution and manufacturing conglomerate in Latin America. <br>A source of pride for Brazil. An example to the world.', '2021-07-29 21:32:31', '2021-07-29 21:32:31', NULL, NULL);

-- Dumping structure for table caoa_dev.sobre_itens
CREATE TABLE IF NOT EXISTS `sobre_itens` (
  `id` int unsigned NOT NULL AUTO_INCREMENT,
  `valor` varchar(255) CHARACTER SET utf8 COLLATE utf8_unicode_ci DEFAULT NULL,
  `text_one` varchar(255) CHARACTER SET utf8 COLLATE utf8_unicode_ci DEFAULT NULL,
  `text_two` varchar(255) CHARACTER SET utf8 COLLATE utf8_unicode_ci DEFAULT NULL,
  `valor_en` varchar(255) CHARACTER SET utf8mb4 COLLATE utf8mb4_unicode_ci DEFAULT NULL,
  `text_one_en` varchar(255) CHARACTER SET utf8mb4 COLLATE utf8mb4_unicode_ci DEFAULT NULL,
  `text_two_en` varchar(255) CHARACTER SET utf8mb4 COLLATE utf8mb4_unicode_ci DEFAULT NULL,
  `created_at` timestamp NOT NULL DEFAULT CURRENT_TIMESTAMP ON UPDATE CURRENT_TIMESTAMP,
  `updated_at` timestamp NOT NULL DEFAULT '0000-00-00 00:00:00',
  `deleted_at` timestamp NULL DEFAULT NULL,
  `sequence` int DEFAULT NULL,
  PRIMARY KEY (`id`)
) ENGINE=InnoDB AUTO_INCREMENT=10 DEFAULT CHARSET=utf8mb4 COLLATE=utf8mb4_unicode_ci;

-- Dumping data for table caoa_dev.sobre_itens: ~9 rows (approximately)
INSERT INTO `sobre_itens` (`id`, `valor`, `text_one`, `text_two`, `valor_en`, `text_one_en`, `text_two_en`, `created_at`, `updated_at`, `deleted_at`, `sequence`) VALUES
	(1, '42', NULL, 'anos de história', '42', NULL, 'years of history', '2021-07-22 09:45:56', '2021-07-22 09:45:56', NULL, 1),
	(2, '6000', 'Mais de', 'Colaboradores', '6000', NULL, 'Employees', '2021-07-22 09:46:35', '2021-07-22 09:46:35', NULL, 2),
	(3, '1500000', 'Mais de', 'VEÍCULOS VENDIDOS', '1500000', NULL, 'VEHICLES SOLD', '2021-07-22 09:46:26', '2021-07-22 09:46:26', NULL, 3),
	(4, '240', 'Mais de', 'LOJAS', '240', 'more than', 'Stores', '2021-07-22 09:47:06', '2021-07-22 09:47:06', NULL, 4),
	(5, '100', 'Mais de', 'OFICINAS', '100', 'more than', 'repair shops', '2021-07-22 09:47:21', '2021-07-22 09:47:21', NULL, 5),
	(6, '02', NULL, 'Fábricas no Brasil', '2', NULL, 'plants in Brazil', '2021-07-22 09:47:33', '2021-07-22 09:47:33', NULL, 6),
	(7, '1100', 'Mais de', 'CONSULTORES DE VENDAS ESPECIALIZADOS', '1100', 'more than', 'specialized sales consultants', '2021-07-22 09:47:47', '2021-07-22 09:47:47', NULL, 7),
	(8, '2500', 'Mais de', 'FUNCIONÁRIOS NO PÓS-VENDA, ENTRE TÉCNICOS E ESPECIALISTAS', '2500', 'more than', 'employees in after-sales, including technicians and specialists', '2021-07-22 09:48:03', '2021-07-22 09:48:03', NULL, 8),
	(9, '1.5', 'Mais de', 'DE NOVOS INVESTIMENTOS NOS PRÓXIMOS ANOS', '1.5', 'more than', 'in new investments in the coming years', '2021-07-22 09:48:09', '2021-07-22 09:48:09', NULL, 9);

-- Dumping structure for table caoa_dev.tesdrive_leads
CREATE TABLE IF NOT EXISTS `tesdrive_leads` (
  `id` int NOT NULL AUTO_INCREMENT,
  `name` varchar(45) DEFAULT NULL,
  `email` varchar(45) DEFAULT NULL,
  `cpf` varchar(45) DEFAULT NULL,
  `phone` varchar(45) DEFAULT NULL,
  `cep` varchar(45) DEFAULT NULL,
  `estado` varchar(45) DEFAULT NULL,
  `cidade` varchar(255) DEFAULT NULL,
  `BandeiraID` int NOT NULL,
  `LojaCatalogoID` int DEFAULT NULL,
  `LojaID` int DEFAULT NULL,
  `date` varchar(45) DEFAULT NULL,
  `time` varchar(45) DEFAULT NULL,
  `whatsapp` varchar(45) NOT NULL DEFAULT 'sim',
  `sms` varchar(45) NOT NULL DEFAULT 'sim',
  `contato_email` varchar(45) NOT NULL DEFAULT 'sim',
  `sou_cliente` varchar(45) NOT NULL DEFAULT 'sim',
  `utm_campaign` varchar(500) NOT NULL,
  `utm_source` varchar(500) NOT NULL,
  `utm_content` varchar(500) NOT NULL,
  `utm_medium` varchar(500) NOT NULL,
  `utm_term` varchar(500) NOT NULL,
  `status_email` varchar(45) DEFAULT NULL,
  `updated_at` timestamp NULL DEFAULT NULL,
  `created_at` timestamp NULL DEFAULT NULL,
  PRIMARY KEY (`id`)
) ENGINE=InnoDB AUTO_INCREMENT=55 DEFAULT CHARSET=latin1;

-- Dumping data for table caoa_dev.tesdrive_leads: ~45 rows (approximately)
INSERT INTO `tesdrive_leads` (`id`, `name`, `email`, `cpf`, `phone`, `cep`, `estado`, `cidade`, `BandeiraID`, `LojaCatalogoID`, `LojaID`, `date`, `time`, `whatsapp`, `sms`, `contato_email`, `sou_cliente`, `utm_campaign`, `utm_source`, `utm_content`, `utm_medium`, `utm_term`, `status_email`, `updated_at`, `created_at`) VALUES
	(1, 'test drive teste', 'email@email.com', '968.748.840-93', '(81) 9913-39742', '52070-100', 'PE', 'Recife', 3, 191, 181, '23/07/2021', '15:00', '', '', '', 'Estou Ciente', '', '', '', '', '', NULL, '2021-07-19 19:09:34', '2021-07-19 19:09:34'),
	(2, 'dgdfdgdgd', 'rrr@email.com', '081.342.044-06', '(64) 5646-46456', '55565-756', 'CE', 'Alagoinha (Araripe)', 31, 2623, 80, '26/07/2021', '10:00', '', '', '', 'Estou Ciente', '', '', '', '', '', NULL, '2021-07-21 11:48:12', '2021-07-21 11:48:12'),
	(3, 'dgdfdgdgd', 'eee@email.com', '43.534.535/3535-35', NULL, '52081-190', 'PE', 'Recife', 31, 2816, 70, '28/07/2021', '11:00', '', '', '', 'Estou Ciente', '', '', '', '', '', NULL, '2021-07-21 11:52:30', '2021-07-21 11:52:30'),
	(4, 'dgdfdgdgd', 'tt@email.com', '46.746.477/6674-76', NULL, '64564-646', 'AM', 'Barreirinha', 31, 2522, 50, '23/07/2021', '12:30', '', '', '', 'Estou Ciente', '', '', '', '', '', NULL, '2021-07-21 15:05:21', '2021-07-21 15:05:21'),
	(5, 'dgdfdgdgd', 'r44t4@email.com', '09.090.909/0909-09', NULL, '67676-767', 'MG', 'Alagoa', 31, 2136, 92, '23/07/2021', '12:00', '', '', '', 'Estou Ciente', '', '', '', '', '', NULL, '2021-07-21 15:09:56', '2021-07-21 15:09:56'),
	(6, 'dgdfdgdgd', 'email@email.com', '34.343.634/6346-34', '(34) 3433-33333', '34343-434', 'PE', 'Arcoverde', 31, 1369, 52, '26/07/2021', '12:00', '', '', '', 'Estou Ciente', '', '', '', '', '', NULL, '2021-07-21 16:05:04', '2021-07-21 16:05:04'),
	(7, 'dgdfdgdgd', 'email@email.com', '43.463.463/4636-36', '(63) 4636-36363', '34643-643', 'AM', 'Apuí', 31, 2522, 50, '26/07/2021', '12:00', '', '', '', 'Estou Ciente', '', '', '', '', '', NULL, '2021-07-21 16:10:58', '2021-07-21 16:10:58'),
	(8, 'dgdfdgdgd', 'email@email.com', '53.453.535/3535-35', '(43) 5353-53534', '45353-535', 'PB', 'Bananeiras', 31, 2561, 52, '26/07/2021', '12:00', '', '', '', 'Estou Ciente', '', '', '', '', '', NULL, '2021-07-21 16:18:06', '2021-07-21 16:18:06'),
	(9, 'dgdfdgdgd', 'email@email.com', '56.567.565/7575-75', '(53) 4535-35353', '54353-535', 'GO', 'Aloândia', 31, 2136, 92, '27/07/2021', '13:00', '', '', '', 'Estou Ciente', '', '', '', '', '', NULL, '2021-07-21 16:23:35', '2021-07-21 16:23:35'),
	(10, 'dgdfdgdgd', 'email@email.com', '34.534.535/3534-53', '(54) 3534-53535', '54353-453', 'MS', 'Amambaí', 31, 2803, 69, '26/07/2021', '12:00', '', '', '', 'Estou Ciente', '', '', '', '', '', NULL, '2021-07-21 16:34:47', '2021-07-21 16:34:47'),
	(11, 'dgdfdgdgd', 'email@email.com', '34.535.345/3535-35', '(54) 3535-35353', '54353-535', 'AL', 'Arapiraca', 31, 2816, 70, '27/07/2021', '12:00', '', '', '', 'Estou Ciente', '', '', '', '', '', NULL, '2021-07-21 16:43:42', '2021-07-21 16:43:42'),
	(12, 'dgdfdgdgd', 'email@email.com', '52.424.242/4242-42', '(43) 2424-24242', '42342-342', 'AC', 'Bujari', 31, 2803, 69, '27/07/2021', '13:00', '', '', '', 'Estou Ciente', '', '', '', '', '', NULL, '2021-07-21 16:50:08', '2021-07-21 16:50:08'),
	(13, 'dgdfdgdgd', 'email@email.com', '081.342.044-06', '(86) 8969-68968', '32424-242', 'AP', 'Amapá', 31, 2522, 50, '27/07/2021', '13:00', '', '', '', 'Estou Ciente', '', '', '', '', '', NULL, '2021-07-21 16:52:20', '2021-07-21 16:52:20'),
	(14, 'dgdfdgdgd', 'email@email.com', '43.535.434/5353-53', '(54) 3543-53535', '54353-453', 'CE', 'Aiuaba', 31, 2623, 80, '27/07/2021', '11:00', '', '', '', 'Estou Ciente', '', '', '', '', '', NULL, '2021-07-21 17:10:50', '2021-07-21 17:10:50'),
	(15, 'dgdfdgdgd', 'email@email.com', '081.342.044-06', '(64) 5646-46456', '52081-190', 'PE', 'Recife', 31, 2816, 70, '27/07/2021', '15:00', '', '', '', 'Estou Ciente', '', '', '', '', '', NULL, '2021-07-21 17:26:50', '2021-07-21 17:26:50'),
	(16, 'dgdfdgdgd', 'email@email.com', '081.342.044-06', '(86) 8969-68968', '52081-190', 'PE', 'Recife', 31, 2816, 70, '27/07/2021', '12:30', '', '', '', 'Estou Ciente', '', '', '', '', '', NULL, '2021-07-21 17:32:56', '2021-07-21 17:32:56'),
	(17, 'dgdfdgdgd', 'email@email.com', '081.342.044-06', '(86) 8969-68968', '52081-190', 'PE', 'Recife', 31, 2816, 70, '27/07/2021', '13:30', '', '', '', 'Estou Ciente', '', '', '', '', '', NULL, '2021-07-21 17:36:06', '2021-07-21 17:36:06'),
	(18, 'dgdfdgdgd', 'email@email.com', '081.342.044-06', '(86) 8969-68968', '52081-190', 'PE', 'Recife', 31, 2816, 70, '28/07/2021', '14:00', '', '', '', 'Estou Ciente', '', '', '', '', '', NULL, '2021-07-21 17:41:46', '2021-07-21 17:41:46'),
	(19, 'dgdfdgdgd', 'email@email.com', '081.342.044-06', '(86) 8969-68968', '52081-190', 'PE', 'Recife', 31, 2816, 70, '29/07/2021', '13:00', '', '', '', 'Estou Ciente', '', '', '', '', '', NULL, '2021-07-21 17:48:47', '2021-07-21 17:48:47'),
	(20, 'dgdfdgdgd', 'email@email.com', '081.342.044-06', '(86) 8969-68968', '52081-190', 'PE', 'Recife', 31, 2816, 70, '30/07/2021', '14:00', '', '', '', 'Estou Ciente', '', '', '', '', '', NULL, '2021-07-21 17:57:12', '2021-07-21 17:57:12'),
	(21, 'dgdfdgdgd', 'email@email.com', '081.342.044-06', '(86) 8969-68968', '52081-190', 'PE', 'Recife', 31, 2816, 70, '30/07/2021', '13:30', '', '', '', 'Estou Ciente', '', '', '', '', '', NULL, '2021-07-21 18:03:16', '2021-07-21 18:03:16'),
	(22, 'dgdfdgdgd', 'email@email.com', '081.342.044-06', '(86) 8969-68968', '52081-190', 'PE', 'Recife', 31, 2816, 70, '29/07/2021', '15:00', '', '', '', 'Estou Ciente', '', '', '', '', '', NULL, '2021-07-21 18:09:30', '2021-07-21 18:09:30'),
	(23, 'dgdfdgdgd', 'dev@cappen.com', '081.342.044-06', '(86) 8969-68968', '52081-190', 'PE', 'Recife', 31, 2816, 70, '25/07/2021', '17:30', '', '', '', 'Estou Ciente', '', '', '', '', '', NULL, '2021-07-21 18:15:27', '2021-07-21 18:15:27'),
	(24, 'Lucia Helena', 'gabriela.angeiras@gmail.com', '968.748.840-93', NULL, '52070-100', 'PE', 'Recife', 2, 307, 161, '22/07/2021', '14:30', '', '', '', 'Estou Ciente', '', '', '', '', '', NULL, '2021-07-21 20:15:10', '2021-07-21 20:15:10'),
	(25, 'dgdfdgdgd', 'email@email.com', '081.342.044-06', '(86) 8969-68968', '52081-190', 'PE', 'Recife', 31, 2816, 70, '27/07/2021', '11:30', '', '', '', 'Estou Ciente', '', '', '', '', '', NULL, '2021-07-22 09:24:38', '2021-07-22 09:24:38'),
	(26, 'dgdfdgdgd', 'email@email.com', '081.342.044-06', '(86) 8969-68968', '52081-190', 'PE', 'Recife', 31, 2816, 70, '27/07/2021', '11:00', '', '', '', 'Estou Ciente', '', '', '', '', '', NULL, '2021-07-22 09:33:52', '2021-07-22 09:33:52'),
	(27, 'dgdfdgdgd', 'email@email.com', '081.342.044-06', '(64) 5646-46456', '52081-190', 'PE', 'Recife', 31, 2816, 70, '30/07/2021', '14:30', '', '', '', 'Estou Ciente', '', '', '', '', '', NULL, '2021-07-22 09:45:45', '2021-07-22 09:45:45'),
	(28, 'dgdfdgdgd', 'email@email.com', '081.342.044-06', '(86) 8969-68968', '52081-190', 'PE', 'Recife', 31, 2816, 70, '28/07/2021', '11:30', '', '', '', 'Estou Ciente', '', '', '', '', '', NULL, '2021-07-22 09:51:27', '2021-07-22 09:51:27'),
	(29, 'dgdfdgdgd', 'email@email.com', '081.342.044-06', '(86) 8969-68968', '52081-190', 'PE', 'Recife', 31, 2816, 70, '23/07/2021', '09:00', '', '', '', 'Estou Ciente', '', '', '', '', '', NULL, '2021-07-22 10:40:46', '2021-07-22 10:40:46'),
	(30, 'dgdfdgdgd', 'email@email.com', '081.342.044-06', '(86) 8969-68968', '52081-190', 'PE', 'Recife', 31, 2816, 70, '27/07/2021', '09:30', '', '', '', 'Estou Ciente', '', '', '', '', '', NULL, '2021-07-22 11:36:02', '2021-07-22 11:36:02'),
	(31, 'dgdfdgdgd', 'dev@cappen.com', '081.342.044-06', '(86) 8969-68968', '52081-190', 'PE', 'Recife', 31, 2816, 70, '26/07/2021', '14:30', '', '', '', 'Estou Ciente', '', '', '', '', '', NULL, '2021-07-22 12:14:50', '2021-07-22 12:14:50'),
	(32, 'Lucia Helena', 'gabriela.angeiras@gmail.com', '628.024.530-68', '(81) 9913-39742', '52070-100', 'PE', 'Recife', 1, 634, 136, '24/07/2021', '14:00', '', '', '', 'Estou Ciente', '', '', '', '', '', NULL, '2021-07-22 15:58:54', '2021-07-22 15:58:54'),
	(33, 'Lucia Helena', 'gabriela.angeiras@gmail.com', '060.678.894-80', '(81) 9913-39742', '52070-100', 'PE', 'Recife', 31, 1405, 62, '31/07/2021', '08:00', '', '', '', 'Estou Ciente', '', '', '', '', '', NULL, '2021-07-29 15:18:32', '2021-07-29 15:18:32'),
	(34, 'Mari Teste', 'mariana.santos@caoa.com.br', '226.958.418-09', NULL, '04028-002', 'SP', 'São Paulo', 31, 2744, 64, '04/08/2021', '16:00', 'Receber whatsapp', 'Receber SMS', '', 'Estou Ciente', '', '', '', '', '', NULL, '2021-07-30 14:18:36', '2021-07-30 14:18:36'),
	(35, 'Felipe', 'angeiras@cappen.com', '060.678.894-80', '81 9191-19199', '54420-190', 'PE', 'Jaboatão dos Guararapes', 3, 1666, 181, '04/08/2021', '13:00', '', '', '', 'Estou Ciente', '', '', '', '', '', NULL, '2021-08-02 11:19:04', '2021-08-02 11:19:04'),
	(36, 'Mari Teste', 'mariana.santos@caoa.com.br', '226.958.418-09', '11 9999-99999', '04028-002', 'SP', 'São Paulo', 1, 381, 97, '03/08/2021', '17:00', 'Receber whatsapp', 'Receber SMS', 'Receber E-mail', 'Estou Ciente', '', '', '', '', '', NULL, '2021-08-02 12:16:24', '2021-08-02 12:16:24'),
	(37, 'Mari Teste', 'mariana.santos@caoa.com.br', '226.958.418-09', '11 9999-99999', '04028-002', 'SP', 'São Paulo', 2, 101, 160, '03/08/2021', '13:00', 'Receber whatsapp', 'Receber SMS', 'Receber E-mail', 'Estou Ciente', '', '', '', '', '', NULL, '2021-08-02 12:19:46', '2021-08-02 12:19:46'),
	(38, 'Mari Teste', 'mariana.santos@caoa.com.br', '226.958.418-09', '11 9999-99999', '04028-002', 'SP', 'São Paulo', 3, 1491, 178, '03/08/2021', '17:00', 'Receber whatsapp', 'Receber SMS', 'Receber E-mail', 'Estou Ciente', '', '', '', '', '', NULL, '2021-08-02 12:22:40', '2021-08-02 12:22:40'),
	(39, 'Mari Teste', 'mariana.santos@caoa.com.br', '226.958.418-09', '11 9999-99999', '04028-002', 'SP', 'São Paulo', 31, 1413, 64, '03/08/2021', '16:00', 'Receber whatsapp', '', '', 'Estou Ciente', '', '', '', '', '', NULL, '2021-08-02 12:25:28', '2021-08-02 12:25:28'),
	(40, 'Mari Teste', 'mariana.santos@caoa.com.br', '226.958.418-09', '11 9999-99999', '11730-000', 'SP', 'Mongaguá', -1, 629, 135, '03/08/2021', '17:00', 'Receber whatsapp', 'Receber SMS', 'Receber E-mail', 'Estou Ciente', '', '', '', '', '', NULL, '2021-08-02 12:29:06', '2021-08-02 12:29:06'),
	(41, 'Mari Teste', 'mariana.santos@caoa.com.br', '226.958.418-09', '11 9999-99999', '04028-002', 'SP', 'São Paulo', -1, 629, 135, '05/08/2021', '16:00', '', '', 'Receber E-mail', 'Estou Ciente', '', '', '', '', '', NULL, '2021-08-02 13:25:14', '2021-08-02 13:25:14'),
	(42, 'teste', 'gabriela@cappen.com', '060.678.894-80', '81 9913-39742', '52070-100', 'PE', 'Recife', 1, 375, 96, '12/08/2021', '08:30', '', '', '', 'Estou Ciente', '', '', '', '', '', NULL, '2021-08-02 14:12:07', '2021-08-02 14:12:07'),
	(43, 'Gabriela Teste', 'teste@email.com', '060.678.894-80', '81 9913-39742', '52070-100', 'PE', 'Recife', -1, 629, 135, '05/08/2021', '08:30', '', '', '', 'Estou Ciente', '', '', '', '', '', NULL, '2021-08-02 17:00:01', '2021-08-02 17:00:01'),
	(44, 'Gabriela teste MARCA', 'teste@email.com', '060.678.894-80', '81 9913-39742', '52070-100', 'PE', 'Recife', -1, 629, 135, '13/08/2021', '15:30', '', '', '', 'Estou Ciente', '', '', '', '', '', NULL, '2021-08-02 17:02:54', '2021-08-02 17:02:54'),
	(45, 'Gabriela Teste Form', 'teste@email.com', '060.678.894-80', '81 9913-39742', '52070-100', 'PE', 'Recife', -1, 629, 135, '06/08/2021', '13:00', '', '', '', 'Estou Ciente', '', '', '', '', '', NULL, '2021-08-02 17:04:18', '2021-08-02 17:04:18'),
	(46, 'Gabriela Teste VEICULO', 'teste@email.com', '060.678.894-80', '81 9913-39742', '52070-100', 'PE', 'Recife', -1, 629, 135, '16/08/2021', '16:30', '', '', '', 'Estou Ciente', '', '', '', '', '', NULL, '2021-08-02 17:05:24', '2021-08-02 17:05:24'),
	(47, 'Mari Teste', 'mariana.santos@caoa.com.br', '226.958.418-09', '11 9999-99999', '04028-002', 'SP', 'São Paulo', 3, 179, 176, '05/08/2021', '18:00', 'Receber whatsapp', '', '', 'Estou Ciente', '', '', '', '', '', NULL, '2021-08-02 18:14:47', '2021-08-02 18:14:47'),
	(48, 'Mari Teste', 'mariana.santos@caoa.com.br', '226.958.418-09', '11 9999-99999', '04028-002', 'SP', 'São Paulo', 3, 1670, 179, '05/08/2021', '16:30', 'Receber whatsapp', 'Receber SMS', 'Receber E-mail', 'Estou Ciente', '', '', '', '', '', NULL, '2021-08-02 18:16:27', '2021-08-02 18:16:27'),
	(49, 'Mari Teste', 'mariana.santos@caoa.com.br', '226.958.418-09', '11 9999-99999', '04028-002', 'SP', 'São Paulo', 1, 381, 97, '06/08/2021', '16:30', 'Receber whatsapp', 'Receber SMS', 'Receber E-mail', 'Estou Ciente', '', '', '', '', '', NULL, '2021-08-02 18:18:55', '2021-08-02 18:18:55'),
	(50, 'felipe', 'angeiras2@cappen.com', '060.678.894-80', '81 8181-8181', '54420-190', 'PE', 'Jaboatão dos Guararapes', 1, 570, 126, '04/08/2021', '15:30', 'Receber whatsapp', 'Receber SMS', '', 'Estou Ciente', '', '', '', '', '', NULL, '2021-08-03 10:25:07', '2021-08-03 10:25:07'),
	(51, 'Mari Teste', 'mariana.santos@caoa.com.br', '226.958.418-09', '11 9999-99999', '04028-002', 'SP', 'São Paulo', 3, 1491, 178, '04/08/2021', '18:00', 'Receber whatsapp', '', '', 'Estou Ciente', '', '', '', '', '', NULL, '2021-08-03 10:57:05', '2021-08-03 10:57:05'),
	(52, 'Teste', 'teste@email.com', '060.678.894-80', '81 9913-39745', '52070-100', 'PE', 'Recife', 2, 310, 161, '06/08/2021', '08:00', '', '', '', 'Estou Ciente', '', '', '', '', '', NULL, '2021-08-03 19:05:07', '2021-08-03 19:05:07'),
	(53, 'Felipe', 'angeiras@cappen.com', '060.678.894-80', '81 4818-18181', '52070-100', 'PE', 'Recife', 1, 633, 136, '04/08/2021', '10:30', 'Receber whatsapp', 'Receber SMS', '', 'Estou Ciente', '', '', '', '', '', NULL, '2021-08-03 19:05:28', '2021-08-03 19:05:28'),
	(54, 'TEste', 'teste@email.com', '060.678.894-80', '81 9913-39790', '52070-100', 'PE', 'Recife', 2, 310, 161, '06/08/2021', '12:30', '', '', '', 'Estou Ciente', '', '', '', '', '', NULL, '2021-08-03 19:07:56', '2021-08-03 19:07:56');

-- Dumping structure for table caoa_dev.test_job
CREATE TABLE IF NOT EXISTS `test_job` (
  `id` int unsigned NOT NULL AUTO_INCREMENT,
  `name` varchar(255) CHARACTER SET utf8mb4 COLLATE utf8mb4_unicode_ci NOT NULL,
  `created_at` timestamp NULL DEFAULT NULL,
  `updated_at` timestamp NULL DEFAULT NULL,
  PRIMARY KEY (`id`)
) ENGINE=InnoDB DEFAULT CHARSET=utf8mb4 COLLATE=utf8mb4_unicode_ci;

-- Dumping data for table caoa_dev.test_job: ~0 rows (approximately)

-- Dumping structure for table caoa_dev.transmissao
CREATE TABLE IF NOT EXISTS `transmissao` (
  `id` int unsigned NOT NULL AUTO_INCREMENT,
  `name` varchar(255) CHARACTER SET utf8 COLLATE utf8_unicode_ci NOT NULL,
  `created_at` timestamp NOT NULL DEFAULT '0000-00-00 00:00:00',
  `updated_at` timestamp NOT NULL DEFAULT '0000-00-00 00:00:00',
  `deleted_at` timestamp NULL DEFAULT NULL,
  PRIMARY KEY (`id`)
) ENGINE=InnoDB AUTO_INCREMENT=20 DEFAULT CHARSET=utf8 COLLATE=utf8_unicode_ci;

-- Dumping data for table caoa_dev.transmissao: ~19 rows (approximately)
INSERT INTO `transmissao` (`id`, `name`, `created_at`, `updated_at`, `deleted_at`) VALUES
	(1, 'Automatizado (Dual Clutch ) 7 velocidades', '2021-07-05 10:31:04', '2021-07-05 10:31:04', NULL),
	(2, 'Automática de 8 Velocidades', '2021-07-05 10:31:04', '2021-07-05 10:31:04', NULL),
	(3, 'Manual de 6 Velocidades', '2021-07-05 10:31:04', '2021-07-05 10:31:04', NULL),
	(4, 'Manual a cabos - 5 velocidades (Dymos M3S5)', '2021-07-05 10:31:04', '2021-07-05 10:31:04', NULL),
	(5, 'CVT Lineartronic de 7 velocidades', '2021-07-05 10:31:04', '2021-07-05 10:31:04', NULL),
	(6, 'CVT Lineartronic de 8 velocidades', '2021-07-05 10:31:04', '2021-07-05 10:31:04', NULL),
	(7, 'AT', '2021-07-05 10:31:04', '2021-07-05 10:31:04', NULL),
	(8, 'Automática de 10 velocidades com trocas de marchas', '2021-07-05 10:31:05', '2021-07-05 10:31:05', NULL),
	(9, 'Automática de 8 velocidades com E-Shifter e trocas no volante', '2021-07-05 10:31:05', '2021-07-05 10:31:05', NULL),
	(10, 'Manual', '2021-07-05 10:31:05', '2021-07-05 10:31:05', NULL),
	(11, 'Automático', '2021-07-05 10:31:05', '2021-07-05 10:31:05', NULL),
	(12, 'DCT 6 velocidades (dupla embreagem)', '2021-07-05 10:31:05', '2021-07-05 10:31:05', NULL),
	(13, 'DCT 6 velocidades', '2021-07-05 10:31:05', '2021-07-05 10:31:05', NULL),
	(14, 'Wet Clutch Automática (Dupla embreagem) e 7 velocidades', '2021-07-05 10:31:05', '2021-07-05 10:31:05', NULL),
	(15, 'CVT (com 9 velocidades simuladas)', '2021-07-05 10:31:05', '2021-07-05 10:31:05', NULL),
	(16, 'MT', '2021-07-05 10:31:05', '2021-07-05 10:31:05', NULL),
	(17, 'Automática de 6 velocidades', '2021-07-05 10:31:05', '2021-07-05 10:31:05', NULL),
	(18, 'Automática (PcD)', '2021-07-05 10:31:05', '2021-07-05 10:31:05', NULL),
	(19, 'Automática', '2021-07-05 10:31:05', '2021-07-05 10:31:05', NULL);

-- Dumping structure for table caoa_dev.version_itens
CREATE TABLE IF NOT EXISTS `version_itens` (
  `item_id` int unsigned NOT NULL,
  `product_version_id` int unsigned NOT NULL
) ENGINE=InnoDB DEFAULT CHARSET=utf8 COLLATE=utf8_unicode_ci;

-- Dumping data for table caoa_dev.version_itens: ~3,761 rows (approximately)
INSERT INTO `version_itens` (`item_id`, `product_version_id`) VALUES
	(8, 1),
	(17, 1),
	(10, 1),
	(2, 1),
	(1, 1),
	(13, 1),
	(18, 1),
	(23, 1),
	(25, 1),
	(37, 1),
	(30, 1),
	(40, 1),
	(43, 1),
	(44, 1),
	(54, 1),
	(69, 1),
	(71, 1),
	(75, 1),
	(79, 1),
	(91, 1),
	(95, 1),
	(127, 1),
	(137, 1),
	(136, 1),
	(106, 1),
	(131, 1),
	(117, 1),
	(120, 1),
	(133, 1),
	(202, 1),
	(258, 1),
	(319, 1),
	(244, 1),
	(287, 1),
	(145, 1),
	(279, 1),
	(271, 1),
	(273, 1),
	(286, 1),
	(269, 1),
	(255, 1),
	(268, 1),
	(311, 1),
	(309, 1),
	(326, 1),
	(362, 1),
	(363, 1),
	(341, 1),
	(328, 1),
	(335, 1),
	(337, 1),
	(336, 1),
	(340, 1),
	(359, 1),
	(355, 1),
	(349, 1),
	(372, 1),
	(370, 1),
	(375, 1),
	(391, 1),
	(390, 1),
	(386, 1),
	(393, 1),
	(394, 1),
	(353, 1),
	(361, 1),
	(350, 1),
	(8, 2),
	(3, 2),
	(17, 2),
	(10, 2),
	(2, 2),
	(1, 2),
	(13, 2),
	(18, 2),
	(23, 2),
	(25, 2),
	(37, 2),
	(30, 2),
	(40, 2),
	(43, 2),
	(44, 2),
	(54, 2),
	(59, 2),
	(70, 2),
	(71, 2),
	(75, 2),
	(79, 2),
	(91, 2),
	(95, 2),
	(127, 2),
	(137, 2),
	(136, 2),
	(106, 2),
	(115, 2),
	(122, 2),
	(131, 2),
	(117, 2),
	(120, 2),
	(133, 2),
	(194, 2),
	(218, 2),
	(201, 2),
	(258, 2),
	(319, 2),
	(239, 2),
	(245, 2),
	(288, 2),
	(145, 2),
	(279, 2),
	(271, 2),
	(273, 2),
	(286, 2),
	(269, 2),
	(270, 2),
	(255, 2),
	(268, 2),
	(311, 2),
	(309, 2),
	(326, 2),
	(362, 2),
	(363, 2),
	(341, 2),
	(328, 2),
	(335, 2),
	(337, 2),
	(336, 2),
	(340, 2),
	(343, 2),
	(367, 2),
	(371, 2),
	(359, 2),
	(355, 2),
	(349, 2),
	(372, 2),
	(370, 2),
	(375, 2),
	(391, 2),
	(390, 2),
	(386, 2),
	(393, 2),
	(394, 2),
	(353, 2),
	(361, 2),
	(350, 2),
	(34, 3),
	(4, 3),
	(32, 3),
	(7, 3),
	(15, 3),
	(49, 3),
	(19, 3),
	(24, 3),
	(28, 3),
	(29, 3),
	(35, 3),
	(39, 3),
	(40, 3),
	(41, 3),
	(43, 3),
	(53, 3),
	(56, 3),
	(20, 3),
	(67, 3),
	(73, 3),
	(83, 3),
	(84, 3),
	(86, 3),
	(89, 3),
	(96, 3),
	(105, 3),
	(107, 3),
	(110, 3),
	(109, 3),
	(114, 3),
	(116, 3),
	(118, 3),
	(120, 3),
	(124, 3),
	(123, 3),
	(134, 3),
	(399, 3),
	(407, 3),
	(404, 3),
	(402, 3),
	(405, 3),
	(409, 3),
	(145, 3),
	(171, 3),
	(165, 3),
	(228, 3),
	(256, 3),
	(267, 3),
	(273, 3),
	(275, 3),
	(279, 3),
	(286, 3),
	(324, 3),
	(344, 3),
	(329, 3),
	(330, 3),
	(331, 3),
	(332, 3),
	(353, 3),
	(357, 3),
	(360, 3),
	(364, 3),
	(366, 3),
	(367, 3),
	(375, 3),
	(369, 3),
	(388, 3),
	(392, 3),
	(26, 4),
	(9, 4),
	(91, 4),
	(36, 4),
	(55, 4),
	(16, 4),
	(18, 4),
	(42, 4),
	(43, 4),
	(78, 4),
	(44, 4),
	(72, 4),
	(95, 4),
	(31, 4),
	(30, 4),
	(93, 4),
	(85, 4),
	(128, 4),
	(117, 4),
	(120, 4),
	(133, 4),
	(178, 4),
	(244, 4),
	(287, 4),
	(145, 4),
	(279, 4),
	(273, 4),
	(286, 4),
	(253, 4),
	(268, 4),
	(311, 4),
	(312, 4),
	(326, 4),
	(362, 4),
	(363, 4),
	(342, 4),
	(328, 4),
	(335, 4),
	(359, 4),
	(356, 4),
	(355, 4),
	(375, 4),
	(387, 4),
	(391, 4),
	(390, 4),
	(393, 4),
	(361, 4),
	(350, 4),
	(5, 5),
	(14, 5),
	(27, 5),
	(92, 5),
	(87, 5),
	(33, 5),
	(38, 5),
	(40, 5),
	(41, 5),
	(43, 5),
	(45, 5),
	(46, 5),
	(47, 5),
	(48, 5),
	(61, 5),
	(63, 5),
	(74, 5),
	(77, 5),
	(88, 5),
	(90, 5),
	(102, 5),
	(103, 5),
	(105, 5),
	(111, 5),
	(112, 5),
	(108, 5),
	(119, 5),
	(126, 5),
	(125, 5),
	(121, 5),
	(129, 5),
	(130, 5),
	(132, 5),
	(135, 5),
	(113, 5),
	(410, 5),
	(395, 5),
	(396, 5),
	(397, 5),
	(398, 5),
	(400, 5),
	(401, 5),
	(403, 5),
	(408, 5),
	(406, 5),
	(155, 5),
	(172, 5),
	(176, 5),
	(192, 5),
	(189, 5),
	(199, 5),
	(213, 5),
	(228, 5),
	(254, 5),
	(273, 5),
	(274, 5),
	(277, 5),
	(279, 5),
	(310, 5),
	(318, 5),
	(325, 5),
	(330, 5),
	(331, 5),
	(333, 5),
	(336, 5),
	(339, 5),
	(338, 5),
	(345, 5),
	(350, 5),
	(353, 5),
	(356, 5),
	(358, 5),
	(360, 5),
	(365, 5),
	(367, 5),
	(377, 5),
	(378, 5),
	(380, 5),
	(381, 5),
	(382, 5),
	(383, 5),
	(385, 5),
	(389, 5),
	(6, 8),
	(11, 8),
	(41, 8),
	(50, 8),
	(60, 8),
	(58, 8),
	(64, 8),
	(66, 8),
	(80, 8),
	(81, 8),
	(94, 8),
	(97, 8),
	(101, 8),
	(21, 8),
	(327, 8),
	(346, 8),
	(348, 8),
	(352, 8),
	(351, 8),
	(373, 8),
	(384, 8),
	(368, 8),
	(411, 8),
	(425, 8),
	(146, 9),
	(152, 9),
	(154, 9),
	(170, 9),
	(189, 9),
	(196, 9),
	(197, 9),
	(216, 9),
	(219, 9),
	(230, 9),
	(232, 9),
	(234, 9),
	(235, 9),
	(290, 9),
	(321, 9),
	(323, 9),
	(428, 9),
	(427, 9),
	(430, 9),
	(435, 9),
	(439, 9),
	(444, 9),
	(449, 9),
	(450, 9),
	(451, 9),
	(454, 9),
	(455, 9),
	(457, 9),
	(458, 9),
	(460, 9),
	(462, 9),
	(464, 9),
	(465, 9),
	(467, 9),
	(468, 9),
	(471, 9),
	(473, 9),
	(476, 9),
	(475, 9),
	(477, 9),
	(480, 9),
	(481, 9),
	(483, 9),
	(485, 9),
	(489, 9),
	(491, 9),
	(492, 9),
	(495, 9),
	(497, 9),
	(498, 9),
	(501, 9),
	(503, 9),
	(505, 9),
	(507, 9),
	(509, 9),
	(510, 9),
	(513, 9),
	(514, 9),
	(515, 9),
	(522, 9),
	(535, 9),
	(537, 9),
	(539, 9),
	(541, 9),
	(557, 9),
	(564, 9),
	(566, 9),
	(568, 9),
	(569, 9),
	(589, 9),
	(590, 9),
	(596, 9),
	(612, 9),
	(615, 9),
	(636, 9),
	(657, 9),
	(683, 9),
	(689, 9),
	(694, 9),
	(146, 10),
	(152, 10),
	(154, 10),
	(170, 10),
	(189, 10),
	(196, 10),
	(197, 10),
	(216, 10),
	(219, 10),
	(230, 10),
	(232, 10),
	(234, 10),
	(235, 10),
	(290, 10),
	(321, 10),
	(323, 10),
	(428, 10),
	(427, 10),
	(430, 10),
	(435, 10),
	(439, 10),
	(444, 10),
	(449, 10),
	(450, 10),
	(451, 10),
	(454, 10),
	(455, 10),
	(457, 10),
	(458, 10),
	(460, 10),
	(462, 10),
	(464, 10),
	(465, 10),
	(467, 10),
	(468, 10),
	(471, 10),
	(473, 10),
	(476, 10),
	(475, 10),
	(477, 10),
	(473, 10),
	(476, 10),
	(475, 10),
	(477, 10),
	(480, 10),
	(481, 10),
	(483, 10),
	(485, 10),
	(489, 10),
	(491, 10),
	(492, 10),
	(495, 10),
	(497, 10),
	(499, 10),
	(501, 10),
	(503, 10),
	(505, 10),
	(507, 10),
	(509, 10),
	(510, 10),
	(513, 10),
	(514, 10),
	(515, 10),
	(522, 10),
	(535, 10),
	(537, 10),
	(539, 10),
	(541, 10),
	(557, 10),
	(564, 10),
	(566, 10),
	(568, 10),
	(569, 10),
	(576, 10),
	(589, 10),
	(590, 10),
	(596, 10),
	(612, 10),
	(615, 10),
	(630, 10),
	(634, 10),
	(636, 10),
	(657, 10),
	(682, 10),
	(683, 10),
	(689, 10),
	(694, 10),
	(747, 27),
	(750, 27),
	(722, 27),
	(717, 27),
	(750, 27),
	(700, 27),
	(314, 27),
	(154, 27),
	(231, 27),
	(198, 27),
	(173, 27),
	(184, 27),
	(164, 27),
	(217, 27),
	(226, 27),
	(252, 27),
	(250, 27),
	(224, 27),
	(240, 27),
	(247, 27),
	(296, 27),
	(1094, 27),
	(1134, 27),
	(1116, 27),
	(1148, 27),
	(1131, 27),
	(1146, 27),
	(1130, 27),
	(1121, 27),
	(1124, 27),
	(1129, 27),
	(1109, 27),
	(1140, 27),
	(1150, 27),
	(1107, 27),
	(1103, 27),
	(1093, 27),
	(1118, 27),
	(1122, 27),
	(1115, 27),
	(1099, 27),
	(1098, 27),
	(626, 27),
	(530, 27),
	(532, 27),
	(534, 27),
	(639, 27),
	(546, 27),
	(608, 27),
	(656, 27),
	(644, 27),
	(546, 27),
	(521, 27),
	(587, 27),
	(550, 27),
	(811, 27),
	(822, 27),
	(902, 27),
	(851, 27),
	(805, 27),
	(894, 27),
	(835, 27),
	(933, 27),
	(971, 27),
	(848, 27),
	(919, 27),
	(879, 27),
	(893, 27),
	(898, 27),
	(917, 27),
	(994, 27),
	(1013, 27),
	(1004, 27),
	(986, 27),
	(164, 28),
	(173, 28),
	(169, 28),
	(257, 28),
	(159, 28),
	(144, 28),
	(151, 28),
	(154, 28),
	(217, 28),
	(167, 28),
	(297, 28),
	(701, 28),
	(722, 28),
	(745, 28),
	(793, 28),
	(792, 28),
	(795, 28),
	(782, 28),
	(1095, 28),
	(1135, 28),
	(1117, 28),
	(1151, 28),
	(1130, 28),
	(1102, 28),
	(1101, 28),
	(1114, 28),
	(1132, 28),
	(1145, 28),
	(1133, 28),
	(1112, 28),
	(1136, 28),
	(1137, 28),
	(1119, 28),
	(1120, 28),
	(1126, 28),
	(1099, 28),
	(1098, 28),
	(1113, 28),
	(1090, 28),
	(1131, 28),
	(1123, 28),
	(1142, 28),
	(588, 28),
	(517, 28),
	(638, 28),
	(644, 28),
	(626, 28),
	(656, 28),
	(603, 28),
	(608, 28),
	(651, 28),
	(546, 28),
	(549, 28),
	(637, 28),
	(678, 28),
	(858, 28),
	(928, 28),
	(808, 28),
	(911, 28),
	(970, 28),
	(811, 28),
	(815, 28),
	(826, 28),
	(879, 28),
	(895, 28),
	(908, 28),
	(900, 28),
	(822, 28),
	(931, 28),
	(883, 28),
	(1004, 28),
	(1013, 28),
	(994, 28),
	(986, 28),
	(747, 29),
	(784, 29),
	(791, 29),
	(799, 29),
	(163, 29),
	(174, 29),
	(173, 29),
	(217, 29),
	(226, 29),
	(225, 29),
	(247, 29),
	(257, 29),
	(138, 29),
	(1093, 29),
	(1096, 29),
	(1091, 29),
	(1100, 29),
	(1106, 29),
	(1110, 29),
	(1111, 29),
	(1114, 29),
	(1116, 29),
	(1130, 29),
	(1137, 29),
	(1138, 29),
	(1144, 29),
	(1147, 29),
	(1148, 29),
	(527, 29),
	(550, 29),
	(587, 29),
	(602, 29),
	(607, 29),
	(626, 29),
	(885, 29),
	(884, 29),
	(886, 29),
	(926, 29),
	(848, 29),
	(811, 29),
	(880, 29),
	(901, 29),
	(979, 29),
	(838, 29),
	(836, 29),
	(1014, 29),
	(987, 29),
	(1004, 29),
	(994, 29),
	(986, 29),
	(163, 30),
	(175, 30),
	(173, 30),
	(217, 30),
	(226, 30),
	(225, 30),
	(247, 30),
	(160, 30),
	(293, 30),
	(517, 30),
	(638, 30),
	(586, 30),
	(563, 30),
	(643, 30),
	(550, 30),
	(602, 30),
	(607, 30),
	(626, 30),
	(642, 30),
	(640, 30),
	(678, 30),
	(668, 30),
	(722, 30),
	(729, 30),
	(776, 30),
	(799, 30),
	(748, 30),
	(782, 30),
	(1093, 30),
	(1097, 30),
	(1116, 30),
	(1138, 30),
	(1092, 30),
	(1114, 30),
	(1149, 30),
	(1130, 30),
	(1137, 30),
	(1127, 30),
	(1144, 30),
	(1100, 30),
	(1106, 30),
	(1105, 30),
	(1139, 30),
	(1145, 30),
	(1141, 30),
	(927, 30),
	(811, 30),
	(833, 30),
	(824, 30),
	(837, 30),
	(909, 30),
	(903, 30),
	(880, 30),
	(896, 30),
	(919, 30),
	(979, 30),
	(839, 30),
	(933, 30),
	(203, 39),
	(249, 39),
	(181, 39),
	(187, 39),
	(222, 39),
	(299, 39),
	(278, 39),
	(248, 39),
	(774, 39),
	(730, 39),
	(777, 39),
	(804, 39),
	(787, 39),
	(531, 39),
	(629, 39),
	(601, 39),
	(600, 39),
	(571, 39),
	(675, 39),
	(547, 39),
	(625, 39),
	(1169, 39),
	(1195, 39),
	(1263, 39),
	(1152, 39),
	(1185, 39),
	(1221, 39),
	(1157, 39),
	(1163, 39),
	(1190, 39),
	(1226, 39),
	(1214, 39),
	(1235, 39),
	(1181, 39),
	(417, 39),
	(989, 39),
	(1005, 39),
	(997, 39),
	(1024, 39),
	(420, 39),
	(195, 11),
	(196, 11),
	(197, 11),
	(230, 11),
	(185, 11),
	(215, 11),
	(170, 11),
	(232, 11),
	(290, 11),
	(322, 11),
	(315, 11),
	(161, 11),
	(147, 11),
	(152, 11),
	(166, 11),
	(446, 11),
	(438, 11),
	(432, 11),
	(430, 11),
	(440, 11),
	(470, 11),
	(467, 11),
	(449, 11),
	(456, 11),
	(453, 11),
	(458, 11),
	(462, 11),
	(460, 11),
	(463, 11),
	(465, 11),
	(455, 11),
	(464, 11),
	(451, 11),
	(450, 11),
	(448, 11),
	(468, 11),
	(472, 11),
	(476, 11),
	(478, 11),
	(475, 11),
	(487, 11),
	(486, 11),
	(490, 11),
	(491, 11),
	(479, 11),
	(483, 11),
	(481, 11),
	(493, 11),
	(500, 11),
	(492, 11),
	(498, 11),
	(497, 11),
	(511, 11),
	(514, 11),
	(502, 11),
	(508, 11),
	(538, 11),
	(540, 11),
	(536, 11),
	(542, 11),
	(611, 11),
	(569, 11),
	(657, 11),
	(615, 11),
	(648, 11),
	(590, 11),
	(589, 11),
	(596, 11),
	(522, 11),
	(568, 11),
	(566, 11),
	(689, 11),
	(693, 11),
	(636, 11),
	(195, 12),
	(196, 12),
	(197, 12),
	(230, 12),
	(185, 12),
	(215, 12),
	(170, 12),
	(232, 12),
	(290, 12),
	(322, 12),
	(315, 12),
	(161, 12),
	(147, 12),
	(152, 12),
	(166, 12),
	(446, 12),
	(437, 12),
	(432, 12),
	(430, 12),
	(440, 12),
	(470, 12),
	(467, 12),
	(449, 12),
	(456, 12),
	(453, 12),
	(458, 12),
	(462, 12),
	(460, 12),
	(463, 12),
	(465, 12),
	(455, 12),
	(464, 12),
	(451, 12),
	(450, 12),
	(448, 12),
	(468, 12),
	(472, 12),
	(476, 12),
	(478, 12),
	(475, 12),
	(487, 12),
	(486, 12),
	(490, 12),
	(491, 12),
	(479, 12),
	(483, 12),
	(481, 12),
	(493, 12),
	(500, 12),
	(492, 12),
	(498, 12),
	(501, 12),
	(497, 12),
	(512, 12),
	(511, 12),
	(514, 12),
	(508, 12),
	(538, 12),
	(540, 12),
	(536, 12),
	(542, 12),
	(611, 12),
	(569, 12),
	(657, 12),
	(615, 12),
	(648, 12),
	(590, 12),
	(589, 12),
	(596, 12),
	(522, 12),
	(568, 12),
	(566, 12),
	(689, 12),
	(693, 12),
	(636, 12),
	(195, 13),
	(196, 13),
	(197, 13),
	(230, 13),
	(215, 13),
	(170, 13),
	(232, 13),
	(290, 13),
	(322, 13),
	(315, 13),
	(161, 13),
	(148, 13),
	(152, 13),
	(166, 13),
	(445, 13),
	(438, 13),
	(433, 13),
	(429, 13),
	(431, 13),
	(430, 13),
	(440, 13),
	(442, 13),
	(470, 13),
	(467, 13),
	(449, 13),
	(456, 13),
	(453, 13),
	(458, 13),
	(462, 13),
	(460, 13),
	(463, 13),
	(465, 13),
	(455, 13),
	(464, 13),
	(451, 13),
	(450, 13),
	(448, 13),
	(468, 13),
	(473, 13),
	(476, 13),
	(478, 13),
	(475, 13),
	(487, 13),
	(486, 13),
	(490, 13),
	(491, 13),
	(479, 13),
	(483, 13),
	(481, 13),
	(493, 13),
	(500, 13),
	(496, 13),
	(492, 13),
	(498, 13),
	(497, 13),
	(512, 13),
	(511, 13),
	(504, 13),
	(514, 13),
	(502, 13),
	(506, 13),
	(538, 13),
	(540, 13),
	(536, 13),
	(542, 13),
	(611, 13),
	(569, 13),
	(657, 13),
	(615, 13),
	(648, 13),
	(590, 13),
	(589, 13),
	(596, 13),
	(598, 13),
	(522, 13),
	(568, 13),
	(566, 13),
	(689, 13),
	(693, 13),
	(636, 13),
	(281, 17),
	(272, 17),
	(193, 17),
	(182, 17),
	(238, 17),
	(186, 17),
	(150, 17),
	(228, 17),
	(320, 17),
	(242, 17),
	(783, 17),
	(715, 17),
	(719, 17),
	(744, 17),
	(740, 17),
	(741, 17),
	(707, 17),
	(709, 17),
	(800, 17),
	(760, 17),
	(797, 17),
	(705, 17),
	(714, 17),
	(721, 17),
	(516, 17),
	(616, 17),
	(577, 17),
	(645, 17),
	(690, 17),
	(629, 17),
	(628, 17),
	(573, 17),
	(524, 17),
	(591, 17),
	(597, 17),
	(653, 17),
	(831, 17),
	(834, 17),
	(971, 17),
	(821, 17),
	(924, 17),
	(905, 17),
	(914, 17),
	(871, 17),
	(877, 17),
	(878, 17),
	(875, 17),
	(874, 17),
	(872, 17),
	(945, 17),
	(949, 17),
	(948, 17),
	(950, 17),
	(944, 17),
	(947, 17),
	(946, 17),
	(951, 17),
	(942, 17),
	(1003, 17),
	(982, 17),
	(1027, 17),
	(1009, 17),
	(1018, 17),
	(992, 17),
	(225, 22),
	(144, 22),
	(231, 22),
	(226, 22),
	(154, 22),
	(291, 22),
	(262, 22),
	(720, 22),
	(746, 22),
	(789, 22),
	(782, 22),
	(757, 22),
	(528, 22),
	(587, 22),
	(580, 22),
	(581, 22),
	(643, 22),
	(626, 22),
	(641, 22),
	(637, 22),
	(678, 22),
	(647, 22),
	(1068, 22),
	(1074, 22),
	(1088, 22),
	(1069, 22),
	(1072, 22),
	(1086, 22),
	(1065, 22),
	(1081, 22),
	(1071, 22),
	(1066, 22),
	(1077, 22),
	(1080, 22),
	(1075, 22),
	(1085, 22),
	(1063, 22),
	(1014, 22),
	(987, 22),
	(1004, 22),
	(1022, 22),
	(994, 22),
	(162, 23),
	(225, 23),
	(214, 23),
	(144, 23),
	(231, 23),
	(226, 23),
	(154, 23),
	(292, 23),
	(262, 23),
	(722, 23),
	(799, 23),
	(746, 23),
	(789, 23),
	(782, 23),
	(757, 23),
	(528, 23),
	(587, 23),
	(580, 23),
	(581, 23),
	(643, 23),
	(606, 23),
	(607, 23),
	(626, 23),
	(641, 23),
	(637, 23),
	(678, 23),
	(647, 23),
	(1068, 23),
	(1074, 23),
	(1088, 23),
	(1069, 23),
	(1072, 23),
	(1086, 23),
	(1065, 23),
	(1073, 23),
	(1081, 23),
	(1071, 23),
	(1066, 23),
	(1077, 23),
	(1089, 23),
	(1079, 23),
	(1082, 23),
	(1070, 23),
	(1083, 23),
	(1084, 23),
	(1080, 23),
	(1087, 23),
	(1075, 23),
	(1085, 23),
	(1064, 23),
	(1014, 23),
	(987, 23),
	(1004, 23),
	(1022, 23),
	(994, 23),
	(986, 23),
	(162, 24),
	(225, 24),
	(144, 24),
	(231, 24),
	(226, 24),
	(154, 24),
	(291, 24),
	(262, 24),
	(720, 24),
	(799, 24),
	(746, 24),
	(789, 24),
	(782, 24),
	(757, 24),
	(528, 24),
	(587, 24),
	(580, 24),
	(581, 24),
	(643, 24),
	(626, 24),
	(641, 24),
	(637, 24),
	(678, 24),
	(647, 24),
	(1068, 24),
	(1074, 24),
	(1088, 24),
	(1069, 24),
	(1072, 24),
	(1086, 24),
	(1065, 24),
	(1073, 24),
	(1081, 24),
	(1071, 24),
	(1066, 24),
	(1077, 24),
	(1089, 24),
	(1079, 24),
	(1082, 24),
	(1070, 24),
	(1087, 24),
	(1075, 24),
	(1085, 24),
	(1064, 24),
	(1014, 24),
	(987, 24),
	(1004, 24),
	(1022, 24),
	(994, 24),
	(739, 25),
	(717, 25),
	(747, 25),
	(314, 25),
	(154, 25),
	(173, 25),
	(164, 25),
	(227, 25),
	(244, 25),
	(252, 25),
	(251, 25),
	(225, 25),
	(294, 25),
	(902, 25),
	(851, 25),
	(805, 25),
	(835, 25),
	(932, 25),
	(971, 25),
	(879, 25),
	(920, 25),
	(811, 25),
	(912, 25),
	(848, 25),
	(1096, 25),
	(1108, 25),
	(1148, 25),
	(1111, 25),
	(1131, 25),
	(1146, 25),
	(1130, 25),
	(1121, 25),
	(1125, 25),
	(1128, 25),
	(1137, 25),
	(1150, 25),
	(1104, 25),
	(1093, 25),
	(1118, 25),
	(1099, 25),
	(1098, 25),
	(1148, 25),
	(626, 25),
	(532, 25),
	(639, 25),
	(546, 25),
	(603, 25),
	(608, 25),
	(656, 25),
	(644, 25),
	(550, 25),
	(546, 25),
	(521, 25),
	(587, 25),
	(722, 26),
	(717, 26),
	(747, 26),
	(750, 26),
	(314, 26),
	(154, 26),
	(173, 26),
	(164, 26),
	(227, 26),
	(244, 26),
	(252, 26),
	(251, 26),
	(225, 26),
	(295, 26),
	(247, 26),
	(822, 26),
	(902, 26),
	(851, 26),
	(805, 26),
	(897, 26),
	(835, 26),
	(933, 26),
	(971, 26),
	(879, 26),
	(920, 26),
	(811, 26),
	(912, 26),
	(848, 26),
	(1096, 26),
	(1108, 26),
	(1148, 26),
	(1111, 26),
	(1131, 26),
	(1146, 26),
	(1130, 26),
	(1121, 26),
	(1125, 26),
	(1128, 26),
	(1137, 26),
	(1143, 26),
	(1150, 26),
	(1103, 26),
	(1093, 26),
	(1118, 26),
	(1099, 26),
	(1098, 26),
	(1148, 26),
	(626, 26),
	(530, 26),
	(532, 26),
	(534, 26),
	(639, 26),
	(546, 26),
	(603, 26),
	(608, 26),
	(656, 26),
	(644, 26),
	(550, 26),
	(546, 26),
	(521, 26),
	(587, 26),
	(1004, 26),
	(1013, 26),
	(994, 26),
	(986, 26),
	(1004, 26),
	(1013, 26),
	(994, 26),
	(986, 26),
	(1023, 26),
	(205, 31),
	(181, 31),
	(156, 31),
	(282, 31),
	(243, 31),
	(775, 31),
	(735, 31),
	(780, 31),
	(765, 31),
	(531, 31),
	(533, 31),
	(629, 31),
	(600, 31),
	(601, 31),
	(675, 31),
	(571, 31),
	(594, 31),
	(562, 31),
	(625, 31),
	(555, 31),
	(617, 31),
	(698, 31),
	(599, 31),
	(582, 31),
	(1167, 31),
	(1195, 31),
	(1260, 31),
	(1257, 31),
	(1256, 31),
	(1157, 31),
	(1206, 31),
	(1192, 31),
	(1172, 31),
	(1190, 31),
	(1193, 31),
	(1255, 31),
	(1197, 31),
	(1275, 31),
	(1270, 31),
	(1272, 31),
	(205, 32),
	(181, 32),
	(220, 32),
	(157, 32),
	(279, 32),
	(241, 32),
	(142, 32),
	(775, 32),
	(735, 32),
	(780, 32),
	(765, 32),
	(531, 32),
	(533, 32),
	(629, 32),
	(600, 32),
	(601, 32),
	(675, 32),
	(571, 32),
	(594, 32),
	(562, 32),
	(547, 32),
	(625, 32),
	(555, 32),
	(617, 32),
	(698, 32),
	(599, 32),
	(582, 32),
	(1167, 32),
	(1195, 32),
	(1265, 32),
	(1257, 32),
	(1185, 32),
	(1256, 32),
	(1221, 32),
	(1157, 32),
	(1206, 32),
	(1192, 32),
	(1172, 32),
	(1190, 32),
	(1193, 32),
	(1255, 32),
	(1197, 32),
	(1178, 32),
	(1200, 32),
	(1270, 32),
	(1272, 32),
	(208, 40),
	(181, 40),
	(187, 40),
	(220, 40),
	(304, 40),
	(279, 40),
	(241, 40),
	(141, 40),
	(775, 40),
	(734, 40),
	(780, 40),
	(765, 40),
	(531, 40),
	(533, 40),
	(629, 40),
	(600, 40),
	(601, 40),
	(675, 40),
	(571, 40),
	(594, 40),
	(562, 40),
	(547, 40),
	(625, 40),
	(555, 40),
	(617, 40),
	(698, 40),
	(599, 40),
	(582, 40),
	(1167, 40),
	(1195, 40),
	(1257, 40),
	(1185, 40),
	(1256, 40),
	(1221, 40),
	(1157, 40),
	(1206, 40),
	(1192, 40),
	(1172, 40),
	(1190, 40),
	(1193, 40),
	(1208, 40),
	(1255, 40),
	(1197, 40),
	(1204, 40),
	(1178, 40),
	(1200, 40),
	(1161, 40),
	(1258, 40),
	(1317, 40),
	(414, 40),
	(416, 40),
	(208, 41),
	(181, 41),
	(187, 41),
	(220, 41),
	(304, 41),
	(279, 41),
	(241, 41),
	(141, 41),
	(773, 41),
	(734, 41),
	(780, 41),
	(763, 41),
	(801, 41),
	(531, 41),
	(533, 41),
	(629, 41),
	(600, 41),
	(601, 41),
	(675, 41),
	(571, 41),
	(594, 41),
	(562, 41),
	(680, 41),
	(553, 41),
	(583, 41),
	(659, 41),
	(547, 41),
	(625, 41),
	(555, 41),
	(617, 41),
	(698, 41),
	(599, 41),
	(582, 41),
	(1169, 41),
	(1195, 41),
	(1263, 41),
	(1152, 41),
	(1257, 41),
	(1185, 41),
	(1256, 41),
	(1221, 41),
	(1157, 41),
	(1206, 41),
	(1192, 41),
	(1162, 41),
	(1172, 41),
	(1268, 41),
	(1190, 41),
	(1193, 41),
	(1208, 41),
	(1255, 41),
	(1197, 41),
	(1203, 41),
	(1204, 41),
	(1155, 41),
	(1226, 41),
	(1178, 41),
	(1200, 41),
	(1214, 41),
	(1161, 41),
	(1258, 41),
	(1317, 41),
	(414, 41),
	(417, 41),
	(208, 42),
	(179, 42),
	(187, 42),
	(220, 42),
	(304, 42),
	(279, 42),
	(240, 42),
	(141, 42),
	(773, 42),
	(723, 42),
	(780, 42),
	(763, 42),
	(801, 42),
	(531, 42),
	(533, 42),
	(629, 42),
	(600, 42),
	(601, 42),
	(675, 42),
	(571, 42),
	(594, 42),
	(562, 42),
	(660, 42),
	(680, 42),
	(553, 42),
	(583, 42),
	(659, 42),
	(547, 42),
	(548, 42),
	(625, 42),
	(555, 42),
	(617, 42),
	(698, 42),
	(599, 42),
	(582, 42),
	(1169, 42),
	(1195, 42),
	(1263, 42),
	(1152, 42),
	(1257, 42),
	(1256, 42),
	(1221, 42),
	(1223, 42),
	(1157, 42),
	(1206, 42),
	(1192, 42),
	(1216, 42),
	(1162, 42),
	(1172, 42),
	(1268, 42),
	(1190, 42),
	(1193, 42),
	(1208, 42),
	(1255, 42),
	(1202, 42),
	(1203, 42),
	(1204, 42),
	(1155, 42),
	(1226, 42),
	(1178, 42),
	(1200, 42),
	(1214, 42),
	(1174, 42),
	(1161, 42),
	(1184, 42),
	(1212, 42),
	(1258, 42),
	(1317, 42),
	(414, 42),
	(426, 42),
	(417, 42),
	(208, 43),
	(179, 43),
	(187, 43),
	(220, 43),
	(304, 43),
	(279, 43),
	(240, 43),
	(141, 43),
	(773, 43),
	(723, 43),
	(780, 43),
	(763, 43),
	(801, 43),
	(531, 43),
	(533, 43),
	(629, 43),
	(600, 43),
	(601, 43),
	(675, 43),
	(571, 43),
	(594, 43),
	(562, 43),
	(660, 43),
	(680, 43),
	(553, 43),
	(583, 43),
	(659, 43),
	(547, 43),
	(548, 43),
	(625, 43),
	(555, 43),
	(617, 43),
	(698, 43),
	(599, 43),
	(582, 43),
	(1169, 43),
	(1195, 43),
	(1263, 43),
	(1152, 43),
	(1257, 43),
	(1256, 43),
	(1221, 43),
	(1223, 43),
	(1157, 43),
	(1206, 43),
	(1192, 43),
	(1216, 43),
	(1162, 43),
	(1172, 43),
	(1268, 43),
	(1190, 43),
	(1193, 43),
	(1208, 43),
	(1255, 43),
	(1202, 43),
	(1203, 43),
	(1204, 43),
	(1155, 43),
	(1226, 43),
	(1178, 43),
	(1200, 43),
	(1214, 43),
	(1174, 43),
	(1161, 43),
	(1184, 43),
	(1212, 43),
	(1232, 43),
	(1258, 43),
	(1317, 43),
	(414, 43),
	(426, 43),
	(417, 43),
	(208, 44),
	(181, 44),
	(187, 44),
	(220, 44),
	(304, 44),
	(279, 44),
	(241, 44),
	(141, 44),
	(775, 44),
	(734, 44),
	(780, 44),
	(765, 44),
	(531, 44),
	(533, 44),
	(629, 44),
	(600, 44),
	(601, 44),
	(675, 44),
	(571, 44),
	(594, 44),
	(562, 44),
	(547, 44),
	(625, 44),
	(555, 44),
	(617, 44),
	(698, 44),
	(599, 44),
	(582, 44),
	(1167, 44),
	(1195, 44),
	(1257, 44),
	(1185, 44),
	(1256, 44),
	(1221, 44),
	(1157, 44),
	(1206, 44),
	(1192, 44),
	(1162, 44),
	(1172, 44),
	(1190, 44),
	(1193, 44),
	(1208, 44),
	(1255, 44),
	(1197, 44),
	(1204, 44),
	(1178, 44),
	(1200, 44),
	(1214, 44),
	(1161, 44),
	(1258, 44),
	(1317, 44),
	(414, 44),
	(416, 44),
	(205, 45),
	(181, 45),
	(222, 45),
	(157, 45),
	(279, 45),
	(241, 45),
	(141, 45),
	(775, 45),
	(733, 45),
	(778, 45),
	(765, 45),
	(531, 45),
	(533, 45),
	(629, 45),
	(600, 45),
	(601, 45),
	(675, 45),
	(571, 45),
	(594, 45),
	(562, 45),
	(547, 45),
	(625, 45),
	(555, 45),
	(617, 45),
	(698, 45),
	(599, 45),
	(582, 45),
	(1167, 45),
	(1195, 45),
	(1265, 45),
	(1257, 45),
	(1185, 45),
	(1256, 45),
	(1221, 45),
	(1157, 45),
	(1192, 45),
	(1172, 45),
	(1190, 45),
	(1193, 45),
	(1208, 45),
	(1255, 45),
	(1197, 45),
	(1204, 45),
	(1178, 45),
	(1200, 45),
	(1258, 45),
	(1317, 45),
	(414, 45),
	(416, 45),
	(205, 46),
	(181, 46),
	(187, 46),
	(222, 46),
	(298, 46),
	(279, 46),
	(241, 46),
	(141, 46),
	(773, 46),
	(733, 46),
	(778, 46),
	(761, 46),
	(531, 46),
	(533, 46),
	(629, 46),
	(600, 46),
	(601, 46),
	(675, 46),
	(571, 46),
	(594, 46),
	(562, 46),
	(583, 46),
	(659, 46),
	(547, 46),
	(625, 46),
	(555, 46),
	(617, 46),
	(698, 46),
	(599, 46),
	(582, 46),
	(1169, 46),
	(1195, 46),
	(1263, 46),
	(1152, 46),
	(1257, 46),
	(1185, 46),
	(1256, 46),
	(1221, 46),
	(1157, 46),
	(1192, 46),
	(1172, 46),
	(1268, 46),
	(1190, 46),
	(1193, 46),
	(1208, 46),
	(1255, 46),
	(1197, 46),
	(1204, 46),
	(1155, 46),
	(1226, 46),
	(1178, 46),
	(1200, 46),
	(1161, 46),
	(1258, 46),
	(1317, 46),
	(414, 46),
	(416, 46),
	(205, 47),
	(181, 47),
	(187, 47),
	(222, 47),
	(303, 47),
	(279, 47),
	(241, 47),
	(141, 47),
	(775, 47),
	(733, 47),
	(778, 47),
	(761, 47),
	(531, 47),
	(533, 47),
	(629, 47),
	(600, 47),
	(601, 47),
	(675, 47),
	(571, 47),
	(594, 47),
	(562, 47),
	(583, 47),
	(659, 47),
	(547, 47),
	(625, 47),
	(555, 47),
	(617, 47),
	(698, 47),
	(599, 47),
	(582, 47),
	(1167, 47),
	(1195, 47),
	(1265, 47),
	(1263, 47),
	(1152, 47),
	(1257, 47),
	(1185, 47),
	(1256, 47),
	(1221, 47),
	(1157, 47),
	(1192, 47),
	(1162, 47),
	(1172, 47),
	(1190, 47),
	(1193, 47),
	(1208, 47),
	(1255, 47),
	(1197, 47),
	(1204, 47),
	(1155, 47),
	(1226, 47),
	(1178, 47),
	(1200, 47),
	(1214, 47),
	(1161, 47),
	(1258, 47),
	(1317, 47),
	(414, 47),
	(416, 47),
	(206, 48),
	(181, 48),
	(187, 48),
	(222, 48),
	(303, 48),
	(279, 48),
	(241, 48),
	(141, 48),
	(773, 48),
	(733, 48),
	(778, 48),
	(761, 48),
	(531, 48),
	(533, 48),
	(629, 48),
	(600, 48),
	(601, 48),
	(675, 48),
	(571, 48),
	(594, 48),
	(562, 48),
	(680, 48),
	(553, 48),
	(583, 48),
	(659, 48),
	(547, 48),
	(625, 48),
	(555, 48),
	(617, 48),
	(698, 48),
	(599, 48),
	(582, 48),
	(1169, 48),
	(1195, 48),
	(1263, 48),
	(1152, 48),
	(1257, 48),
	(1185, 48),
	(1256, 48),
	(1221, 48),
	(1157, 48),
	(1162, 48),
	(1172, 48),
	(1268, 48),
	(1190, 48),
	(1193, 48),
	(1208, 48),
	(1255, 48),
	(1197, 48),
	(1204, 48),
	(1155, 48),
	(1226, 48),
	(1178, 48),
	(1200, 48),
	(1214, 48),
	(1161, 48),
	(1258, 48),
	(1317, 48),
	(414, 48),
	(417, 48),
	(206, 49),
	(179, 49),
	(187, 49),
	(222, 49),
	(303, 49),
	(279, 49),
	(240, 49),
	(141, 49),
	(200, 49),
	(773, 49),
	(724, 49),
	(778, 49),
	(761, 49),
	(801, 49),
	(531, 49),
	(533, 49),
	(629, 49),
	(600, 49),
	(601, 49),
	(675, 49),
	(571, 49),
	(594, 49),
	(562, 49),
	(660, 49),
	(680, 49),
	(553, 49),
	(583, 49),
	(659, 49),
	(547, 49),
	(548, 49),
	(625, 49),
	(555, 49),
	(617, 49),
	(698, 49),
	(599, 49),
	(582, 49),
	(1169, 49),
	(1195, 49),
	(1263, 49),
	(1152, 49),
	(1257, 49),
	(1256, 49),
	(1221, 49),
	(1223, 49),
	(1157, 49),
	(1162, 49),
	(1172, 49),
	(1268, 49),
	(1190, 49),
	(1193, 49),
	(1208, 49),
	(1255, 49),
	(1202, 49),
	(1203, 49),
	(1204, 49),
	(1155, 49),
	(1226, 49),
	(1178, 49),
	(1200, 49),
	(1214, 49),
	(1174, 49),
	(1161, 49),
	(1184, 49),
	(1212, 49),
	(1234, 49),
	(1258, 49),
	(1317, 49),
	(414, 49),
	(426, 49),
	(417, 49),
	(205, 34),
	(181, 34),
	(187, 34),
	(220, 34),
	(303, 34),
	(279, 34),
	(241, 34),
	(142, 34),
	(775, 34),
	(735, 34),
	(780, 34),
	(761, 34),
	(531, 34),
	(533, 34),
	(629, 34),
	(600, 34),
	(601, 34),
	(675, 34),
	(571, 34),
	(594, 34),
	(562, 34),
	(583, 34),
	(659, 34),
	(547, 34),
	(625, 34),
	(555, 34),
	(617, 34),
	(698, 34),
	(599, 34),
	(582, 34),
	(1167, 34),
	(1195, 34),
	(1265, 34),
	(1263, 34),
	(1152, 34),
	(1257, 34),
	(1185, 34),
	(1256, 34),
	(1221, 34),
	(1157, 34),
	(1206, 34),
	(1192, 34),
	(1172, 34),
	(1190, 34),
	(1193, 34),
	(1208, 34),
	(1255, 34),
	(1197, 34),
	(1155, 34),
	(1226, 34),
	(1178, 34),
	(1200, 34),
	(1161, 34),
	(1259, 34),
	(1274, 34),
	(1271, 34),
	(1272, 34),
	(205, 33),
	(181, 33),
	(220, 33),
	(298, 33),
	(279, 33),
	(241, 33),
	(142, 33),
	(773, 33),
	(735, 33),
	(780, 33),
	(761, 33),
	(531, 33),
	(533, 33),
	(629, 33),
	(600, 33),
	(601, 33),
	(675, 33),
	(571, 33),
	(594, 33),
	(562, 33),
	(583, 33),
	(659, 33),
	(547, 33),
	(625, 33),
	(555, 33),
	(617, 33),
	(698, 33),
	(599, 33),
	(582, 33),
	(1169, 33),
	(1195, 33),
	(1263, 33),
	(1152, 33),
	(1257, 33),
	(1185, 33),
	(1256, 33),
	(1221, 33),
	(1157, 33),
	(1206, 33),
	(1192, 33),
	(1172, 33),
	(1268, 33),
	(1190, 33),
	(1193, 33),
	(1208, 33),
	(1255, 33),
	(1197, 33),
	(1204, 33),
	(1155, 33),
	(1226, 33),
	(1178, 33),
	(1200, 33),
	(1161, 33),
	(1259, 33),
	(1274, 33),
	(1271, 33),
	(1272, 33),
	(207, 35),
	(181, 35),
	(187, 35),
	(222, 35),
	(303, 35),
	(279, 35),
	(241, 35),
	(142, 35),
	(773, 35),
	(735, 35),
	(780, 35),
	(761, 35),
	(531, 35),
	(533, 35),
	(629, 35),
	(600, 35),
	(601, 35),
	(675, 35),
	(571, 35),
	(594, 35),
	(562, 35),
	(680, 35),
	(553, 35),
	(583, 35),
	(659, 35),
	(547, 35),
	(625, 35),
	(555, 35),
	(617, 35),
	(698, 35),
	(599, 35),
	(582, 35),
	(1169, 35),
	(1195, 35),
	(1263, 35),
	(1152, 35),
	(1257, 35),
	(1185, 35),
	(1256, 35),
	(1221, 35),
	(1157, 35),
	(1206, 35),
	(1162, 35),
	(1172, 35),
	(1268, 35),
	(1190, 35),
	(1193, 35),
	(1208, 35),
	(1255, 35),
	(1197, 35),
	(1204, 35),
	(1155, 35),
	(1226, 35),
	(1178, 35),
	(1200, 35),
	(1214, 35),
	(1161, 35),
	(1259, 35),
	(1274, 35),
	(1271, 35),
	(1273, 35),
	(206, 36),
	(179, 36),
	(187, 36),
	(222, 36),
	(303, 36),
	(279, 36),
	(240, 36),
	(141, 36),
	(200, 36),
	(773, 36),
	(724, 36),
	(778, 36),
	(761, 36),
	(801, 36),
	(531, 36),
	(533, 36),
	(629, 36),
	(600, 36),
	(601, 36),
	(675, 36),
	(571, 36),
	(594, 36),
	(562, 36),
	(660, 36),
	(680, 36),
	(553, 36),
	(583, 36),
	(659, 36),
	(547, 36),
	(548, 36),
	(625, 36),
	(555, 36),
	(617, 36),
	(698, 36),
	(599, 36),
	(582, 36),
	(1169, 36),
	(1195, 36),
	(1263, 36),
	(1152, 36),
	(1257, 36),
	(1256, 36),
	(1221, 36),
	(1223, 36),
	(1157, 36),
	(1162, 36),
	(1172, 36),
	(1268, 36),
	(1190, 36),
	(1193, 36),
	(1208, 36),
	(1255, 36),
	(1202, 36),
	(1203, 36),
	(1204, 36),
	(1155, 36),
	(1226, 36),
	(1178, 36),
	(1200, 36),
	(1214, 36),
	(1174, 36),
	(1161, 36),
	(1184, 36),
	(1212, 36),
	(1234, 36),
	(1258, 36),
	(1317, 36),
	(414, 36),
	(426, 36),
	(417, 36),
	(207, 37),
	(260, 37),
	(181, 37),
	(187, 37),
	(222, 37),
	(303, 37),
	(300, 37),
	(279, 37),
	(283, 37),
	(241, 37),
	(308, 37),
	(307, 37),
	(313, 37),
	(142, 37),
	(773, 37),
	(731, 37),
	(781, 37),
	(699, 37),
	(763, 37),
	(802, 37),
	(788, 37),
	(531, 37),
	(533, 37),
	(629, 37),
	(600, 37),
	(601, 37),
	(675, 37),
	(571, 37),
	(594, 37),
	(562, 37),
	(547, 37),
	(625, 37),
	(555, 37),
	(617, 37),
	(698, 37),
	(599, 37),
	(582, 37),
	(1169, 37),
	(1195, 37),
	(1263, 37),
	(1152, 37),
	(1257, 37),
	(1185, 37),
	(1256, 37),
	(1221, 37),
	(1157, 37),
	(1206, 37),
	(1192, 37),
	(1162, 37),
	(1172, 37),
	(1268, 37),
	(1190, 37),
	(1193, 37),
	(1208, 37),
	(1255, 37),
	(1197, 37),
	(1204, 37),
	(1155, 37),
	(1226, 37),
	(1178, 37),
	(1200, 37),
	(1214, 37),
	(1174, 37),
	(1161, 37),
	(1234, 37),
	(1182, 37),
	(1259, 37),
	(1274, 37),
	(1271, 37),
	(1273, 37),
	(205, 38),
	(181, 38),
	(187, 38),
	(220, 38),
	(303, 38),
	(279, 38),
	(241, 38),
	(142, 38),
	(775, 38),
	(735, 38),
	(780, 38),
	(761, 38),
	(531, 38),
	(533, 38),
	(629, 38),
	(600, 38),
	(601, 38),
	(675, 38),
	(571, 38),
	(594, 38),
	(562, 38),
	(583, 38),
	(659, 38),
	(547, 38),
	(625, 38),
	(555, 38),
	(617, 38),
	(698, 38),
	(599, 38),
	(582, 38),
	(1167, 38),
	(1195, 38),
	(1265, 38),
	(1263, 38),
	(1152, 38),
	(1257, 38),
	(1185, 38),
	(1256, 38),
	(1221, 38),
	(1157, 38),
	(1206, 38),
	(1192, 38),
	(1162, 38),
	(1172, 38),
	(1190, 38),
	(1193, 38),
	(1208, 38),
	(1255, 38),
	(1197, 38),
	(1155, 38),
	(1226, 38),
	(1178, 38),
	(1200, 38),
	(1214, 38),
	(1161, 38),
	(1259, 38),
	(1274, 38),
	(1271, 38),
	(1272, 38),
	(205, 50),
	(181, 50),
	(187, 50),
	(222, 50),
	(303, 50),
	(279, 50),
	(241, 50),
	(141, 50),
	(775, 50),
	(733, 50),
	(778, 50),
	(761, 50),
	(531, 50),
	(533, 50),
	(629, 50),
	(600, 50),
	(601, 50),
	(675, 50),
	(571, 50),
	(594, 50),
	(562, 50),
	(583, 50),
	(659, 50),
	(547, 50),
	(625, 50),
	(555, 50),
	(617, 50),
	(698, 50),
	(599, 50),
	(582, 50),
	(1167, 50),
	(1195, 50),
	(1265, 50),
	(1263, 50),
	(1152, 50),
	(1257, 50),
	(1185, 50),
	(1256, 50),
	(1221, 50),
	(1157, 50),
	(1192, 50),
	(1172, 50),
	(1190, 50),
	(1193, 50),
	(1208, 50),
	(1255, 50),
	(1197, 50),
	(1204, 50),
	(1155, 50),
	(1226, 50),
	(1178, 50),
	(1200, 50),
	(1161, 50),
	(1258, 50),
	(1317, 50),
	(414, 50),
	(416, 50),
	(211, 51),
	(266, 51),
	(180, 51),
	(246, 51),
	(221, 51),
	(241, 51),
	(280, 51),
	(140, 51),
	(158, 51),
	(775, 51),
	(771, 51),
	(725, 51),
	(764, 51),
	(629, 51),
	(675, 51),
	(554, 51),
	(558, 51),
	(696, 51),
	(695, 51),
	(650, 51),
	(531, 51),
	(561, 51),
	(617, 51),
	(582, 51),
	(599, 51),
	(636, 51),
	(547, 51),
	(1221, 51),
	(1189, 51),
	(1156, 51),
	(1268, 51),
	(1192, 51),
	(1218, 51),
	(1196, 51),
	(422, 51),
	(415, 51),
	(416, 51),
	(211, 52),
	(266, 52),
	(180, 52),
	(246, 52),
	(221, 52),
	(241, 52),
	(280, 52),
	(153, 52),
	(140, 52),
	(301, 52),
	(775, 52),
	(771, 52),
	(753, 52),
	(752, 52),
	(725, 52),
	(762, 52),
	(629, 52),
	(660, 52),
	(554, 52),
	(558, 52),
	(696, 52),
	(695, 52),
	(650, 52),
	(531, 52),
	(625, 52),
	(610, 52),
	(593, 52),
	(595, 52),
	(561, 52),
	(617, 52),
	(582, 52),
	(599, 52),
	(636, 52),
	(547, 52),
	(556, 52),
	(1167, 52),
	(1195, 52),
	(1257, 52),
	(1186, 52),
	(1221, 52),
	(1189, 52),
	(1232, 52),
	(1156, 52),
	(1268, 52),
	(1171, 52),
	(1175, 52),
	(1178, 52),
	(1192, 52),
	(1254, 52),
	(1218, 52),
	(1161, 52),
	(1196, 52),
	(1194, 52),
	(1204, 52),
	(1164, 52),
	(1188, 52),
	(1251, 52),
	(424, 52),
	(422, 52),
	(412, 52),
	(416, 52),
	(1200, 52),
	(1262, 52),
	(211, 53),
	(266, 53),
	(180, 53),
	(246, 53),
	(221, 53),
	(241, 53),
	(280, 53),
	(153, 53),
	(140, 53),
	(301, 53),
	(775, 53),
	(771, 53),
	(753, 53),
	(752, 53),
	(725, 53),
	(762, 53),
	(629, 53),
	(600, 53),
	(601, 53),
	(633, 53),
	(675, 53),
	(571, 53),
	(554, 53),
	(558, 53),
	(696, 53),
	(695, 53),
	(650, 53),
	(531, 53),
	(625, 53),
	(610, 53),
	(593, 53),
	(595, 53),
	(561, 53),
	(617, 53),
	(582, 53),
	(599, 53),
	(636, 53),
	(547, 53),
	(556, 53),
	(1167, 53),
	(1195, 53),
	(1257, 53),
	(1186, 53),
	(1221, 53),
	(1189, 53),
	(1213, 53),
	(1268, 53),
	(1171, 53),
	(1175, 53),
	(1178, 53),
	(1192, 53),
	(1254, 53),
	(1217, 53),
	(1218, 53),
	(1161, 53),
	(1196, 53),
	(1194, 53),
	(1204, 53),
	(1164, 53),
	(1188, 53),
	(1251, 53),
	(424, 53),
	(422, 53),
	(412, 53),
	(416, 53),
	(1200, 53),
	(1156, 53),
	(1262, 53),
	(210, 54),
	(265, 54),
	(177, 54),
	(246, 54),
	(223, 54),
	(240, 54),
	(280, 54),
	(153, 54),
	(140, 54),
	(233, 54),
	(306, 54),
	(775, 54),
	(771, 54),
	(801, 54),
	(753, 54),
	(752, 54),
	(769, 54),
	(762, 54),
	(629, 54),
	(600, 54),
	(601, 54),
	(633, 54),
	(675, 54),
	(571, 54),
	(620, 54),
	(652, 54),
	(623, 54),
	(660, 54),
	(554, 54),
	(558, 54),
	(696, 54),
	(695, 54),
	(650, 54),
	(531, 54),
	(533, 54),
	(529, 54),
	(625, 54),
	(610, 54),
	(593, 54),
	(595, 54),
	(561, 54),
	(617, 54),
	(582, 54),
	(599, 54),
	(636, 54),
	(547, 54),
	(556, 54),
	(1168, 54),
	(1195, 54),
	(1264, 54),
	(1152, 54),
	(1257, 54),
	(1184, 54),
	(1233, 54),
	(1212, 54),
	(1221, 54),
	(1189, 54),
	(1213, 54),
	(1232, 54),
	(1226, 54),
	(1179, 54),
	(1155, 54),
	(1200, 54),
	(1156, 54),
	(1268, 54),
	(1171, 54),
	(1175, 54),
	(1178, 54),
	(1192, 54),
	(1254, 54),
	(1217, 54),
	(1218, 54),
	(1161, 54),
	(1196, 54),
	(1194, 54),
	(1204, 54),
	(1164, 54),
	(1188, 54),
	(1251, 54),
	(422, 54),
	(412, 54),
	(416, 54),
	(1318, 54),
	(209, 55),
	(265, 55),
	(177, 55),
	(246, 55),
	(223, 55),
	(240, 55),
	(280, 55),
	(153, 55),
	(140, 55),
	(233, 55),
	(305, 55),
	(772, 55),
	(770, 55),
	(801, 55),
	(753, 55),
	(752, 55),
	(768, 55),
	(762, 55),
	(629, 55),
	(600, 55),
	(601, 55),
	(633, 55),
	(675, 55),
	(571, 55),
	(620, 55),
	(652, 55),
	(623, 55),
	(660, 55),
	(554, 55),
	(558, 55),
	(696, 55),
	(695, 55),
	(650, 55),
	(531, 55),
	(533, 55),
	(529, 55),
	(625, 55),
	(610, 55),
	(593, 55),
	(595, 55),
	(561, 55),
	(617, 55),
	(582, 55),
	(599, 55),
	(636, 55),
	(547, 55),
	(548, 55),
	(556, 55),
	(1168, 55),
	(1173, 55),
	(1225, 55),
	(1195, 55),
	(1264, 55),
	(1152, 55),
	(1257, 55),
	(1184, 55),
	(1212, 55),
	(1221, 55),
	(1224, 55),
	(1198, 55),
	(1191, 55),
	(1213, 55),
	(1232, 55),
	(1226, 55),
	(1179, 55),
	(1155, 55),
	(1200, 55),
	(1156, 55),
	(1268, 55),
	(1171, 55),
	(1175, 55),
	(1178, 55),
	(1192, 55),
	(1254, 55),
	(1180, 55),
	(1217, 55),
	(1218, 55),
	(1161, 55),
	(1196, 55),
	(1194, 55),
	(1204, 55),
	(1164, 55),
	(1188, 55),
	(1251, 55),
	(1318, 55),
	(422, 55),
	(412, 55),
	(426, 55),
	(417, 55),
	(263, 16),
	(272, 16),
	(276, 16),
	(284, 16),
	(302, 16),
	(316, 16),
	(317, 16),
	(139, 16),
	(188, 16),
	(191, 16),
	(229, 16),
	(237, 16),
	(242, 16),
	(520, 16),
	(552, 16),
	(567, 16),
	(570, 16),
	(573, 16),
	(574, 16),
	(578, 16),
	(591, 16),
	(597, 16),
	(604, 16),
	(616, 16),
	(621, 16),
	(628, 16),
	(629, 16),
	(645, 16),
	(653, 16),
	(664, 16),
	(667, 16),
	(684, 16),
	(690, 16),
	(785, 16),
	(798, 16),
	(801, 16),
	(702, 16),
	(710, 16),
	(713, 16),
	(716, 16),
	(719, 16),
	(727, 16),
	(738, 16),
	(740, 16),
	(742, 16),
	(743, 16),
	(754, 16),
	(760, 16),
	(810, 16),
	(821, 16),
	(823, 16),
	(827, 16),
	(830, 16),
	(834, 16),
	(852, 16),
	(869, 16),
	(870, 16),
	(873, 16),
	(874, 16),
	(875, 16),
	(876, 16),
	(882, 16),
	(906, 16),
	(915, 16),
	(921, 16),
	(922, 16),
	(924, 16),
	(934, 16),
	(935, 16),
	(936, 16),
	(937, 16),
	(938, 16),
	(939, 16),
	(940, 16),
	(941, 16),
	(973, 16),
	(974, 16),
	(519, 19),
	(544, 19),
	(551, 19),
	(565, 19),
	(572, 19),
	(575, 19),
	(583, 19),
	(592, 19),
	(605, 19),
	(609, 19),
	(621, 19),
	(627, 19),
	(632, 19),
	(661, 19),
	(662, 19),
	(674, 19),
	(676, 19),
	(687, 19),
	(809, 19),
	(810, 19),
	(813, 19),
	(814, 19),
	(817, 19),
	(819, 19),
	(829, 19),
	(840, 19),
	(841, 19),
	(842, 19),
	(843, 19),
	(844, 19),
	(845, 19),
	(846, 19),
	(850, 19),
	(854, 19),
	(857, 19),
	(859, 19),
	(887, 19),
	(888, 19),
	(890, 19),
	(892, 19),
	(904, 19),
	(922, 19),
	(925, 19),
	(961, 19),
	(962, 19),
	(963, 19),
	(964, 19),
	(965, 19),
	(966, 19),
	(967, 19),
	(968, 19),
	(969, 19),
	(976, 19),
	(1029, 19),
	(1030, 19),
	(1031, 19),
	(1032, 19),
	(1033, 19),
	(1034, 19),
	(1035, 19),
	(1036, 19),
	(1037, 19),
	(1038, 19),
	(1039, 19),
	(1040, 19),
	(1041, 19),
	(1042, 19),
	(1043, 19),
	(1044, 19),
	(1045, 19),
	(1046, 19),
	(1047, 19),
	(1048, 19),
	(1049, 19),
	(1050, 19),
	(1051, 19),
	(1052, 19),
	(1053, 19),
	(1054, 19),
	(262, 21),
	(291, 21),
	(144, 21),
	(154, 21),
	(162, 21),
	(225, 21),
	(226, 21),
	(231, 21),
	(528, 21),
	(580, 21),
	(587, 21),
	(626, 21),
	(637, 21),
	(641, 21),
	(643, 21),
	(647, 21),
	(678, 21),
	(782, 21),
	(789, 21),
	(799, 21),
	(720, 21),
	(746, 21),
	(757, 21),
	(1064, 21),
	(1065, 21),
	(1066, 21),
	(1067, 21),
	(1069, 21),
	(1071, 21),
	(1072, 21),
	(1074, 21),
	(1075, 21),
	(1076, 21),
	(1079, 21),
	(1080, 21),
	(1081, 21),
	(1082, 21),
	(1085, 21),
	(1086, 21),
	(1087, 21),
	(1088, 21),
	(1089, 21),
	(285, 18),
	(316, 18),
	(236, 18),
	(239, 18),
	(679, 18),
	(681, 18),
	(684, 18),
	(798, 18),
	(706, 18),
	(712, 18),
	(728, 18),
	(737, 18),
	(755, 18),
	(759, 18),
	(810, 18),
	(820, 18),
	(828, 18),
	(907, 18),
	(916, 18),
	(922, 18),
	(923, 18),
	(930, 18),
	(11, 7),
	(12, 7),
	(22, 7),
	(51, 7),
	(52, 7),
	(57, 7),
	(62, 7),
	(65, 7),
	(68, 7),
	(76, 7),
	(81, 7),
	(82, 7),
	(99, 7),
	(100, 7),
	(104, 7),
	(259, 7),
	(168, 7),
	(183, 7),
	(190, 7),
	(255, 7),
	(324, 7),
	(334, 7),
	(347, 7),
	(350, 7),
	(354, 7),
	(374, 7),
	(376, 7),
	(379, 7),
	(11, 6),
	(22, 6),
	(51, 6),
	(52, 6),
	(57, 6),
	(62, 6),
	(65, 6),
	(68, 6),
	(76, 6),
	(81, 6),
	(98, 6),
	(99, 6),
	(100, 6),
	(259, 6),
	(168, 6),
	(183, 6),
	(190, 6),
	(255, 6),
	(324, 6),
	(334, 6),
	(347, 6),
	(350, 6),
	(354, 6),
	(374, 6),
	(376, 6),
	(379, 6),
	(1238, 59),
	(1240, 59),
	(1239, 59),
	(1241, 59),
	(1236, 59),
	(1252, 59),
	(1253, 59),
	(1261, 59),
	(1282, 59),
	(1285, 59),
	(1289, 59),
	(1293, 59),
	(1296, 59),
	(1298, 59),
	(1299, 59),
	(1301, 59),
	(1304, 59),
	(1305, 59),
	(1311, 59),
	(525, 59),
	(543, 59),
	(583, 59),
	(585, 59),
	(597, 59),
	(613, 59),
	(619, 59),
	(646, 59),
	(670, 59),
	(691, 59),
	(697, 59),
	(1159, 59),
	(1165, 59),
	(1170, 59),
	(1177, 59),
	(1187, 59),
	(1201, 59),
	(1215, 59),
	(1237, 59),
	(290, 14),
	(322, 14),
	(323, 14),
	(146, 14),
	(152, 14),
	(154, 14),
	(170, 14),
	(189, 14),
	(196, 14),
	(197, 14),
	(219, 14),
	(230, 14),
	(232, 14),
	(234, 14),
	(235, 14),
	(427, 14),
	(428, 14),
	(434, 14),
	(436, 14),
	(441, 14),
	(443, 14),
	(447, 14),
	(449, 14),
	(452, 14),
	(453, 14),
	(454, 14),
	(455, 14),
	(457, 14),
	(458, 14),
	(459, 14),
	(461, 14),
	(462, 14),
	(464, 14),
	(466, 14),
	(467, 14),
	(469, 14),
	(471, 14),
	(474, 14),
	(475, 14),
	(476, 14),
	(477, 14),
	(480, 14),
	(481, 14),
	(482, 14),
	(483, 14),
	(484, 14),
	(485, 14),
	(488, 14),
	(491, 14),
	(492, 14),
	(494, 14),
	(497, 14),
	(498, 14),
	(501, 14),
	(513, 14),
	(514, 14),
	(515, 14),
	(503, 14),
	(505, 14),
	(507, 14),
	(509, 14),
	(510, 14),
	(522, 14),
	(535, 14),
	(537, 14),
	(539, 14),
	(541, 14),
	(557, 14),
	(564, 14),
	(566, 14),
	(568, 14),
	(569, 14),
	(589, 14),
	(590, 14),
	(596, 14),
	(612, 14),
	(615, 14),
	(635, 14),
	(636, 14),
	(657, 14),
	(658, 14),
	(683, 14),
	(689, 14),
	(694, 14),
	(290, 15),
	(322, 15),
	(323, 15),
	(146, 15),
	(152, 15),
	(154, 15),
	(170, 15),
	(189, 15),
	(196, 15),
	(197, 15),
	(219, 15),
	(230, 15),
	(232, 15),
	(234, 15),
	(235, 15),
	(427, 15),
	(428, 15),
	(434, 15),
	(436, 15),
	(441, 15),
	(443, 15),
	(447, 15),
	(449, 15),
	(452, 15),
	(453, 15),
	(454, 15),
	(455, 15),
	(457, 15),
	(458, 15),
	(459, 15),
	(461, 15),
	(462, 15),
	(464, 15),
	(466, 15),
	(467, 15),
	(469, 15),
	(471, 15),
	(474, 15),
	(475, 15),
	(476, 15),
	(477, 15),
	(480, 15),
	(481, 15),
	(482, 15),
	(483, 15),
	(484, 15),
	(485, 15),
	(488, 15),
	(491, 15),
	(492, 15),
	(494, 15),
	(497, 15),
	(499, 15),
	(501, 15),
	(513, 15),
	(514, 15),
	(515, 15),
	(503, 15),
	(505, 15),
	(507, 15),
	(509, 15),
	(510, 15),
	(522, 15),
	(535, 15),
	(537, 15),
	(539, 15),
	(541, 15),
	(557, 15),
	(564, 15),
	(566, 15),
	(568, 15),
	(569, 15),
	(576, 15),
	(589, 15),
	(590, 15),
	(596, 15),
	(612, 15),
	(615, 15),
	(630, 15),
	(634, 15),
	(635, 15),
	(636, 15),
	(657, 15),
	(658, 15),
	(682, 15),
	(683, 15),
	(685, 15),
	(689, 15),
	(694, 15),
	(261, 20),
	(264, 20),
	(289, 20),
	(318, 20),
	(143, 20),
	(149, 20),
	(212, 20),
	(518, 20),
	(523, 20),
	(545, 20),
	(560, 20),
	(572, 20),
	(575, 20),
	(579, 20),
	(584, 20),
	(592, 20),
	(624, 20),
	(627, 20),
	(631, 20),
	(655, 20),
	(661, 20),
	(671, 20),
	(672, 20),
	(677, 20),
	(786, 20),
	(790, 20),
	(794, 20),
	(796, 20),
	(803, 20),
	(703, 20),
	(704, 20),
	(711, 20),
	(718, 20),
	(726, 20),
	(736, 20),
	(749, 20),
	(751, 20),
	(756, 20),
	(758, 20),
	(806, 20),
	(807, 20),
	(812, 20),
	(818, 20),
	(825, 20),
	(829, 20),
	(832, 20),
	(847, 20),
	(849, 20),
	(853, 20),
	(855, 20),
	(856, 20),
	(860, 20),
	(861, 20),
	(862, 20),
	(863, 20),
	(864, 20),
	(865, 20),
	(866, 20),
	(867, 20),
	(868, 20),
	(881, 20),
	(888, 20),
	(891, 20),
	(892, 20),
	(899, 20),
	(910, 20),
	(913, 20),
	(918, 20),
	(922, 20),
	(929, 20),
	(952, 20),
	(953, 20),
	(954, 20),
	(955, 20),
	(956, 20),
	(957, 20),
	(958, 20),
	(959, 20),
	(960, 20),
	(972, 20),
	(975, 20),
	(977, 20),
	(978, 20),
	(525, 58),
	(614, 58),
	(665, 58),
	(666, 58),
	(691, 58),
	(1159, 58),
	(1165, 58),
	(1177, 58),
	(1201, 58),
	(1209, 58),
	(1215, 58),
	(1227, 58),
	(1229, 58),
	(1230, 58),
	(1231, 58),
	(1249, 58),
	(1252, 58),
	(1253, 58),
	(1267, 58),
	(1282, 58),
	(1285, 58),
	(1294, 58),
	(1297, 58),
	(1298, 58),
	(1300, 58),
	(1303, 58),
	(1306, 58),
	(1314, 58),
	(525, 57),
	(597, 57),
	(614, 57),
	(646, 57),
	(665, 57),
	(666, 57),
	(691, 57),
	(1159, 57),
	(1165, 57),
	(1177, 57),
	(1187, 57),
	(1201, 57),
	(1209, 57),
	(1215, 57),
	(1228, 57),
	(1229, 57),
	(1230, 57),
	(1231, 57),
	(1249, 57),
	(1252, 57),
	(1253, 57),
	(1267, 57),
	(1282, 57),
	(1285, 57),
	(1294, 57),
	(1297, 57),
	(1298, 57),
	(1300, 57),
	(1303, 57),
	(1306, 57),
	(1314, 57),
	(526, 64),
	(543, 64),
	(583, 64),
	(585, 64),
	(597, 64),
	(614, 64),
	(619, 64),
	(646, 64),
	(649, 64),
	(662, 64),
	(665, 64),
	(666, 64),
	(670, 64),
	(691, 64),
	(697, 64),
	(1159, 64),
	(1166, 64),
	(1170, 64),
	(1177, 64),
	(1187, 64),
	(1201, 64),
	(1209, 64),
	(1215, 64),
	(1220, 64),
	(1242, 64),
	(1243, 64),
	(1244, 64),
	(1245, 64),
	(1246, 64),
	(1247, 64),
	(1248, 64),
	(1250, 64),
	(1252, 64),
	(1253, 64),
	(1261, 64),
	(1282, 64),
	(1283, 64),
	(1285, 64),
	(1287, 64),
	(1290, 64),
	(1291, 64),
	(1294, 64),
	(1297, 64),
	(1298, 64),
	(1299, 64),
	(1301, 64),
	(1303, 64),
	(1310, 64),
	(1312, 64),
	(1316, 64),
	(1277, 64),
	(1278, 64),
	(526, 63),
	(543, 63),
	(552, 63),
	(565, 63),
	(583, 63),
	(585, 63),
	(597, 63),
	(614, 63),
	(618, 63),
	(619, 63),
	(621, 63),
	(622, 63),
	(646, 63),
	(649, 63),
	(654, 63),
	(663, 63),
	(665, 63),
	(666, 63),
	(669, 63),
	(670, 63),
	(673, 63),
	(686, 63),
	(688, 63),
	(691, 63),
	(692, 63),
	(697, 63),
	(1153, 63),
	(1154, 63),
	(1160, 63),
	(1166, 63),
	(1170, 63),
	(1176, 63),
	(1183, 63),
	(1187, 63),
	(1198, 63),
	(1199, 63),
	(1201, 63),
	(1205, 63),
	(1207, 63),
	(1209, 63),
	(1210, 63),
	(1211, 63),
	(1215, 63),
	(1219, 63),
	(1222, 63),
	(1242, 63),
	(1243, 63),
	(1244, 63),
	(1245, 63),
	(1246, 63),
	(1247, 63),
	(1248, 63),
	(1249, 63),
	(1250, 63),
	(1252, 63),
	(1253, 63),
	(1266, 63),
	(1269, 63),
	(1280, 63),
	(1283, 63),
	(1284, 63),
	(1288, 63),
	(1292, 63),
	(1295, 63),
	(1299, 63),
	(1301, 63),
	(1302, 63),
	(1308, 63),
	(1313, 63),
	(1315, 63),
	(1279, 63),
	(526, 61),
	(543, 61),
	(583, 61),
	(585, 61),
	(597, 61),
	(613, 61),
	(619, 61),
	(646, 61),
	(649, 61),
	(662, 61),
	(670, 61),
	(691, 61),
	(697, 61),
	(1159, 61),
	(1166, 61),
	(1170, 61),
	(1176, 61),
	(1187, 61),
	(1201, 61),
	(1215, 61),
	(1220, 61),
	(1242, 61),
	(1243, 61),
	(1244, 61),
	(1245, 61),
	(1246, 61),
	(1247, 61),
	(1248, 61),
	(1249, 61),
	(1250, 61),
	(1252, 61),
	(1253, 61),
	(1261, 61),
	(1269, 61),
	(1281, 61),
	(1283, 61),
	(1285, 61),
	(1286, 61),
	(1290, 61),
	(1291, 61),
	(1293, 61),
	(1296, 61),
	(1298, 61),
	(1299, 61),
	(1301, 61),
	(1303, 61),
	(1307, 61),
	(1313, 61),
	(1315, 61),
	(1279, 61),
	(526, 60),
	(543, 60),
	(583, 60),
	(585, 60),
	(597, 60),
	(614, 60),
	(619, 60),
	(646, 60),
	(649, 60),
	(662, 60),
	(665, 60),
	(666, 60),
	(670, 60),
	(691, 60),
	(697, 60),
	(1159, 60),
	(1166, 60),
	(1170, 60),
	(1177, 60),
	(1187, 60),
	(1201, 60),
	(1209, 60),
	(1215, 60),
	(1220, 60),
	(1242, 60),
	(1243, 60),
	(1244, 60),
	(1245, 60),
	(1246, 60),
	(1247, 60),
	(1248, 60),
	(1250, 60),
	(1252, 60),
	(1253, 60),
	(1261, 60),
	(1281, 60),
	(1285, 60),
	(1289, 60),
	(1293, 60),
	(1296, 60),
	(1298, 60),
	(1299, 60),
	(1301, 60),
	(1304, 60),
	(1309, 60),
	(1312, 60),
	(526, 62),
	(543, 62),
	(583, 62),
	(585, 62),
	(597, 62),
	(614, 62),
	(618, 62),
	(619, 62),
	(622, 62),
	(646, 62),
	(649, 62),
	(654, 62),
	(662, 62),
	(665, 62),
	(666, 62),
	(670, 62),
	(673, 62),
	(691, 62),
	(697, 62),
	(1153, 62),
	(1158, 62),
	(1166, 62),
	(1170, 62),
	(1176, 62),
	(1187, 62),
	(1198, 62),
	(1199, 62),
	(1201, 62),
	(1205, 62),
	(1209, 62),
	(1210, 62),
	(1211, 62),
	(1215, 62),
	(1222, 62),
	(1242, 62),
	(1243, 62),
	(1244, 62),
	(1245, 62),
	(1246, 62),
	(1247, 62),
	(1248, 62),
	(1249, 62),
	(1250, 62),
	(1252, 62),
	(1253, 62),
	(1266, 62),
	(1269, 62),
	(1280, 62),
	(1283, 62),
	(1284, 62),
	(1288, 62),
	(1292, 62),
	(1295, 62),
	(1299, 62),
	(1301, 62),
	(1302, 62),
	(1309, 62),
	(1312, 62);

-- Dumping structure for table caoa_dev.z_catalogs
CREATE TABLE IF NOT EXISTS `z_catalogs` (
  `LojaCatalogoID` int unsigned NOT NULL,
  `Marca` varchar(255) CHARACTER SET utf8 COLLATE utf8_unicode_ci DEFAULT NULL,
  `Modelo` varchar(255) CHARACTER SET utf8 COLLATE utf8_unicode_ci DEFAULT NULL,
  `Versao` varchar(255) CHARACTER SET utf8 COLLATE utf8_unicode_ci DEFAULT NULL,
  `TestDriveSegSexta` tinyint(1) NOT NULL DEFAULT '0',
  `TestDriveSegundaSextaInicio` varchar(255) CHARACTER SET utf8 COLLATE utf8_unicode_ci DEFAULT NULL,
  `TestDriveSegundaSextaFim` varchar(255) CHARACTER SET utf8 COLLATE utf8_unicode_ci DEFAULT NULL,
  `TestDriveSabado` tinyint(1) NOT NULL DEFAULT '0',
  `TestDriveSabadoInicio` varchar(255) CHARACTER SET utf8 COLLATE utf8_unicode_ci DEFAULT NULL,
  `TestDriveSabadoFim` varchar(255) CHARACTER SET utf8 COLLATE utf8_unicode_ci DEFAULT NULL,
  `TestDriveDomingo` tinyint(1) NOT NULL DEFAULT '0',
  `TestDriveDomingoInicio` varchar(255) CHARACTER SET utf8 COLLATE utf8_unicode_ci DEFAULT NULL,
  `TestDriveDomingoFim` varchar(255) CHARACTER SET utf8 COLLATE utf8_unicode_ci DEFAULT NULL,
  `TestDriveDuracao` int DEFAULT NULL,
  `LojaID` int unsigned DEFAULT NULL,
  `created_at` timestamp NOT NULL DEFAULT '0000-00-00 00:00:00',
  `updated_at` timestamp NOT NULL DEFAULT '0000-00-00 00:00:00',
  PRIMARY KEY (`LojaCatalogoID`)
) ENGINE=InnoDB DEFAULT CHARSET=utf8 COLLATE=utf8_unicode_ci;

-- Dumping data for table caoa_dev.z_catalogs: ~709 rows (approximately)
INSERT INTO `z_catalogs` (`LojaCatalogoID`, `Marca`, `Modelo`, `Versao`, `TestDriveSegSexta`, `TestDriveSegundaSextaInicio`, `TestDriveSegundaSextaFim`, `TestDriveSabado`, `TestDriveSabadoInicio`, `TestDriveSabadoFim`, `TestDriveDomingo`, `TestDriveDomingoInicio`, `TestDriveDomingoFim`, `TestDriveDuracao`, `LojaID`, `created_at`, `updated_at`) VALUES
	(86, 'Hyundai', 'Creta', 'Creta 1 Million', 1, '08:00', '18:00', 1, '08:00', '18:00', 1, '09:00', '18:00', 30, 60, '2021-08-02 20:36:18', '2021-08-02 20:36:18'),
	(98, 'Ford', 'Mustang', 'Mustang GT 5.0 V8', 1, '08:00', '18:00', 1, '08:00', '18:00', 1, '09:00', '18:00', 30, 160, '2021-08-02 20:36:45', '2021-08-02 20:36:45'),
	(101, 'Ford', 'Ranger (Cabine Dupla)', 'Ranger XLT Limited 4x4 2.8 Turbo (Cab Dupla)', 1, '08:00', '18:00', 1, '08:00', '18:00', 1, '09:00', '18:00', 30, 160, '2021-08-02 20:36:45', '2021-08-02 20:36:45'),
	(107, 'Ford', 'Ka Hatch', 'Ka 1.0 SEL (Flex)', 1, '08:00', '18:00', 1, '08:00', '18:00', 1, '09:00', '18:00', 30, 160, '2021-08-02 20:36:45', '2021-08-02 20:36:45'),
	(179, 'Subaru', 'XV', 'XV 2.0i-S AWD (Aut)', 1, '08:00', '18:00', 1, '08:00', '18:00', 1, '09:00', '18:00', 30, 176, '2021-08-02 20:36:46', '2021-08-02 20:36:46'),
	(185, 'Subaru', 'XV', 'XV 2.0i-S AWD (Aut)', 1, '08:00', '18:00', 1, '08:00', '18:00', 1, '09:00', '18:00', 30, 179, '2021-08-02 20:36:47', '2021-08-02 20:36:47'),
	(191, 'Subaru', 'XV', 'XV 2.0i-S AWD (Aut)', 1, '08:00', '18:00', 1, '08:00', '18:00', 1, '09:00', '18:00', 30, 181, '2021-08-02 20:36:48', '2021-08-02 20:36:48'),
	(219, 'Ford', 'Mustang', 'Mustang GT 5.0 V8', 1, '08:00', '18:00', 1, '08:00', '18:00', 1, '09:00', '18:00', 30, 83, '2021-08-02 20:36:27', '2021-08-02 20:36:27'),
	(222, 'Ford', 'Ranger (Cabine Dupla)', 'Ranger XLT Limited 4x4 2.8 Turbo (Cab Dupla)', 1, '08:00', '18:00', 1, '08:00', '18:00', 1, '09:00', '18:00', 30, 83, '2021-08-02 20:36:27', '2021-08-02 20:36:27'),
	(225, 'Ford', 'EcoSport', 'EcoSport Titanium 2.0 16V (Aut) (Flex)', 1, '08:00', '18:00', 1, '08:00', '18:00', 1, '09:00', '18:00', 30, 83, '2021-08-02 20:36:27', '2021-08-02 20:36:27'),
	(228, 'Ford', 'Ka Hatch', 'Ka 1.0 SEL (Flex)', 1, '08:00', '18:00', 1, '08:00', '18:00', 1, '09:00', '18:00', 30, 83, '2021-08-02 20:36:28', '2021-08-02 20:36:28'),
	(229, 'Ford', 'Ka Sedan', 'Ka Sedan Titanium 1.5 (Flex) (Aut)', 1, '08:00', '18:00', 1, '08:00', '18:00', 1, '09:00', '18:00', 30, 83, '2021-08-02 20:36:28', '2021-08-02 20:36:28'),
	(241, 'Ford', 'Mustang', 'Mustang GT 5.0 V8', 1, '08:00', '18:00', 1, '08:00', '18:00', 1, '09:00', '18:00', 30, 85, '2021-08-02 20:36:28', '2021-08-02 20:36:28'),
	(244, 'Ford', 'Ranger (Cabine Dupla)', 'Ranger XLT Limited 4x4 2.8 Turbo (Cab Dupla)', 1, '08:00', '18:00', 1, '08:00', '18:00', 1, '09:00', '18:00', 30, 85, '2021-08-02 20:36:28', '2021-08-02 20:36:28'),
	(247, 'Ford', 'EcoSport', 'EcoSport Titanium 2.0 16V (Aut) (Flex)', 1, '08:00', '18:00', 1, '08:00', '18:00', 1, '09:00', '18:00', 30, 85, '2021-08-02 20:36:28', '2021-08-02 20:36:28'),
	(250, 'Ford', 'Ka Hatch', 'Ka 1.0 SEL (Flex)', 1, '08:00', '18:00', 1, '08:00', '18:00', 1, '09:00', '18:00', 30, 85, '2021-08-02 20:36:28', '2021-08-02 20:36:28'),
	(251, 'Ford', 'Ka Sedan', 'Ka Sedan Titanium 1.5 (Flex) (Aut)', 1, '08:00', '18:00', 1, '08:00', '18:00', 1, '09:00', '18:00', 30, 85, '2021-08-02 20:36:28', '2021-08-02 20:36:28'),
	(274, 'Ford', 'Mustang', 'Mustang GT 5.0 V8', 1, '08:00', '18:00', 1, '08:00', '18:00', 1, '09:00', '18:00', 30, 88, '2021-08-02 20:36:28', '2021-08-02 20:36:28'),
	(277, 'Ford', 'Ranger (Cabine Dupla)', 'Ranger XLT Limited 4x4 2.8 Turbo (Cab Dupla)', 1, '08:00', '18:00', 1, '08:00', '18:00', 1, '09:00', '18:00', 30, 88, '2021-08-02 20:36:28', '2021-08-02 20:36:28'),
	(280, 'Ford', 'EcoSport', 'EcoSport Titanium 2.0 16V (Aut) (Flex)', 1, '08:00', '18:00', 1, '08:00', '18:00', 1, '09:00', '18:00', 30, 88, '2021-08-02 20:36:28', '2021-08-02 20:36:28'),
	(283, 'Ford', 'Ka Hatch', 'Ka 1.0 SEL (Flex)', 1, '08:00', '18:00', 1, '08:00', '18:00', 1, '09:00', '18:00', 30, 88, '2021-08-02 20:36:28', '2021-08-02 20:36:28'),
	(284, 'Ford', 'Ka Sedan', 'Ka Sedan Titanium 1.5 (Flex) (Aut)', 1, '08:00', '18:00', 1, '08:00', '18:00', 1, '09:00', '18:00', 30, 88, '2021-08-02 20:36:28', '2021-08-02 20:36:28'),
	(296, 'Ford', 'Mustang', 'Mustang GT 5.0 V8', 1, '08:00', '18:00', 1, '08:00', '18:00', 1, '09:00', '18:00', 30, 90, '2021-08-02 20:36:29', '2021-08-02 20:36:29'),
	(299, 'Ford', 'Ranger (Cabine Dupla)', 'Ranger XLT Limited 4x4 2.8 Turbo (Cab Dupla)', 1, '08:00', '18:00', 1, '08:00', '18:00', 1, '09:00', '18:00', 30, 90, '2021-08-02 20:36:29', '2021-08-02 20:36:29'),
	(302, 'Ford', 'EcoSport', 'EcoSport Titanium 2.0 16V (Aut) (Flex)', 1, '08:00', '18:00', 1, '08:00', '18:00', 1, '09:00', '18:00', 30, 90, '2021-08-02 20:36:29', '2021-08-02 20:36:29'),
	(305, 'Ford', 'Ka Hatch', 'Ka 1.0 SEL (Flex)', 1, '08:00', '18:00', 1, '08:00', '18:00', 1, '09:00', '18:00', 30, 90, '2021-08-02 20:36:29', '2021-08-02 20:36:29'),
	(306, 'Ford', 'Ka Sedan', 'Ka Sedan Titanium 1.5 (Flex) (Aut)', 1, '08:00', '18:00', 1, '08:00', '18:00', 1, '09:00', '18:00', 30, 90, '2021-08-02 20:36:29', '2021-08-02 20:36:29'),
	(307, 'Ford', 'Mustang', 'Mustang GT 5.0 V8', 1, '08:00', '18:00', 1, '08:00', '18:00', 1, '09:00', '18:00', 30, 161, '2021-08-02 20:36:46', '2021-08-02 20:36:46'),
	(310, 'Ford', 'Ranger (Cabine Dupla)', 'Ranger XLT Limited 4x4 2.8 Turbo (Cab Dupla)', 1, '08:00', '18:00', 1, '08:00', '18:00', 1, '09:00', '18:00', 30, 161, '2021-08-02 20:36:46', '2021-08-02 20:36:46'),
	(313, 'Ford', 'EcoSport', 'EcoSport Titanium 2.0 16V (Aut) (Flex)', 1, '08:00', '18:00', 1, '08:00', '18:00', 1, '09:00', '18:00', 30, 161, '2021-08-02 20:36:46', '2021-08-02 20:36:46'),
	(316, 'Ford', 'Ka Hatch', 'Ka 1.0 SEL (Flex)', 1, '08:00', '18:00', 1, '08:00', '18:00', 1, '09:00', '18:00', 30, 161, '2021-08-02 20:36:46', '2021-08-02 20:36:46'),
	(317, 'Ford', 'Ka Sedan', 'Ka Sedan Titanium 1.5 (Flex) (Aut)', 1, '08:00', '18:00', 1, '08:00', '18:00', 1, '09:00', '18:00', 30, 161, '2021-08-02 20:36:46', '2021-08-02 20:36:46'),
	(338, 'Hyundai', 'HR', 'HR LD 2.5 (sem caçamba)', 0, '08:00', '18:00', 0, '08:00', '18:00', 0, '09:00', '18:00', 30, 91, '2021-08-02 20:36:29', '2021-08-02 20:36:29'),
	(339, 'Hyundai', 'New Tucson', 'New Tucson GLS 1.6 GDI Turbo (Aut)', 1, '08:00', '18:00', 1, '08:00', '18:00', 1, '09:00', '18:00', 30, 91, '2021-08-02 20:36:29', '2021-08-02 20:36:29'),
	(340, 'Hyundai', 'ix35', 'ix35 GLS 2.0L 16v (Flex) (Aut)', 1, '08:00', '18:00', 1, '08:00', '18:00', 1, '09:00', '18:00', 30, 91, '2021-08-02 20:36:29', '2021-08-02 20:36:29'),
	(352, 'Hyundai', 'HR', 'HR LD 2.5 (sem caçamba)', 0, '08:00', '18:00', 0, '08:00', '18:00', 0, '09:00', '18:00', 30, 93, '2021-08-02 20:36:30', '2021-08-02 20:36:30'),
	(353, 'Hyundai', 'New Tucson', 'New Tucson GLS 1.6 GDI Turbo (Aut)', 1, '08:00', '18:00', 1, '08:00', '18:00', 1, '09:00', '18:00', 30, 93, '2021-08-02 20:36:30', '2021-08-02 20:36:30'),
	(354, 'Hyundai', 'ix35', 'ix35 GLS 2.0L 16v (Flex) (Aut)', 1, '08:00', '18:00', 1, '08:00', '18:00', 1, '09:00', '18:00', 30, 93, '2021-08-02 20:36:30', '2021-08-02 20:36:30'),
	(356, 'Hyundai', 'HD80', '3.0 16V diesel', 0, '08:00', '18:00', 0, '08:00', '18:00', 0, '09:00', '18:00', 30, 93, '2021-08-02 20:36:30', '2021-08-02 20:36:30'),
	(358, 'Hyundai', 'Santa Fe', 'Santa Fe 3.3L V6 4x4 5L', 1, '08:00', '18:00', 1, '08:00', '18:00', 1, '09:00', '18:00', 30, 94, '2021-08-02 20:36:30', '2021-08-02 20:36:30'),
	(359, 'Hyundai', 'HR', 'HR LD 2.5 (sem caçamba)', 0, '08:00', '18:00', 0, '08:00', '18:00', 0, '09:00', '18:00', 30, 94, '2021-08-02 20:36:30', '2021-08-02 20:36:30'),
	(360, 'Hyundai', 'New Tucson', 'New Tucson GLS 1.6 GDI Turbo (Aut)', 1, '08:00', '18:00', 1, '08:00', '18:00', 1, '09:00', '18:00', 30, 94, '2021-08-02 20:36:30', '2021-08-02 20:36:30'),
	(361, 'Hyundai', 'ix35', 'ix35 GLS 2.0L 16v (Flex) (Aut)', 1, '08:00', '18:00', 1, '08:00', '18:00', 1, '09:00', '18:00', 30, 94, '2021-08-02 20:36:30', '2021-08-02 20:36:30'),
	(373, 'Hyundai', 'HR', 'HR LD 2.5 (sem caçamba)', 0, '08:00', '18:00', 0, '08:00', '18:00', 0, '09:00', '18:00', 30, 96, '2021-08-02 20:36:31', '2021-08-02 20:36:31'),
	(374, 'Hyundai', 'New Tucson', 'New Tucson GLS 1.6 GDI Turbo (Aut)', 1, '08:00', '18:00', 1, '08:00', '18:00', 1, '09:00', '18:00', 30, 96, '2021-08-02 20:36:31', '2021-08-02 20:36:31'),
	(375, 'Hyundai', 'ix35', 'ix35 GLS 2.0L 16v (Flex) (Aut)', 1, '08:00', '18:00', 1, '08:00', '18:00', 1, '09:00', '18:00', 30, 96, '2021-08-02 20:36:31', '2021-08-02 20:36:31'),
	(377, 'Hyundai', 'HD80', '3.0 16V diesel', 0, '08:00', '18:00', 0, '08:00', '18:00', 0, '09:00', '18:00', 30, 96, '2021-08-02 20:36:31', '2021-08-02 20:36:31'),
	(380, 'Hyundai', 'HR', 'HR LD 2.5 (sem caçamba)', 0, '08:00', '18:00', 0, '08:00', '18:00', 0, '09:00', '18:00', 30, 97, '2021-08-02 20:36:31', '2021-08-02 20:36:31'),
	(381, 'Hyundai', 'New Tucson', 'New Tucson GLS 1.6 GDI Turbo (Aut)', 1, '08:00', '18:00', 1, '08:00', '18:00', 1, '09:00', '18:00', 30, 97, '2021-08-02 20:36:31', '2021-08-02 20:36:31'),
	(382, 'Hyundai', 'ix35', 'ix35 GLS 2.0L 16v (Flex) (Aut)', 1, '08:00', '18:00', 1, '08:00', '18:00', 1, '09:00', '18:00', 30, 97, '2021-08-02 20:36:31', '2021-08-02 20:36:31'),
	(401, 'Hyundai', 'HR', 'HR LD 2.5 (sem caçamba)', 0, '08:00', '18:00', 0, '08:00', '18:00', 0, '09:00', '18:00', 30, 100, '2021-08-02 20:36:32', '2021-08-02 20:36:32'),
	(402, 'Hyundai', 'New Tucson', 'New Tucson GLS 1.6 GDI Turbo (Aut)', 1, '08:00', '18:00', 1, '08:00', '18:00', 1, '09:00', '18:00', 30, 100, '2021-08-02 20:36:32', '2021-08-02 20:36:32'),
	(403, 'Hyundai', 'ix35', 'ix35 GLS 2.0L 16v (Flex) (Aut)', 1, '08:00', '18:00', 1, '08:00', '18:00', 1, '09:00', '18:00', 30, 100, '2021-08-02 20:36:32', '2021-08-02 20:36:32'),
	(429, 'Hyundai', 'HR', 'HR LD 2.5 (sem caçamba)', 0, '08:00', '18:00', 0, '08:00', '18:00', 0, '09:00', '18:00', 30, 104, '2021-08-02 20:36:32', '2021-08-02 20:36:32'),
	(430, 'Hyundai', 'New Tucson', 'New Tucson GLS 1.6 GDI Turbo (Aut)', 1, '08:00', '18:00', 1, '08:00', '18:00', 1, '09:00', '18:00', 30, 104, '2021-08-02 20:36:32', '2021-08-02 20:36:32'),
	(431, 'Hyundai', 'ix35', 'ix35 GLS 2.0L 16v (Flex) (Aut)', 1, '08:00', '18:00', 1, '08:00', '18:00', 1, '09:00', '18:00', 30, 104, '2021-08-02 20:36:32', '2021-08-02 20:36:32'),
	(433, 'Hyundai', 'HD80', '3.0 16V diesel', 0, '08:00', '18:00', 0, '08:00', '18:00', 0, '09:00', '18:00', 30, 104, '2021-08-02 20:36:32', '2021-08-02 20:36:32'),
	(443, 'Hyundai', 'HR', 'HR LD 2.5 (sem caçamba)', 0, '08:00', '18:00', 0, '08:00', '18:00', 0, '09:00', '18:00', 30, 107, '2021-08-02 20:36:32', '2021-08-02 20:36:32'),
	(444, 'Hyundai', 'New Tucson', 'New Tucson GLS 1.6 GDI Turbo (Aut)', 1, '08:00', '18:00', 1, '08:00', '18:00', 1, '09:00', '18:00', 30, 107, '2021-08-02 20:36:32', '2021-08-02 20:36:32'),
	(445, 'Hyundai', 'ix35', 'ix35 GLS 2.0L 16v (Flex) (Aut)', 1, '08:00', '18:00', 1, '08:00', '18:00', 1, '09:00', '18:00', 30, 107, '2021-08-02 20:36:32', '2021-08-02 20:36:32'),
	(447, 'Hyundai', 'HD80', '3.0 16V diesel', 0, '08:00', '18:00', 0, '08:00', '18:00', 0, '09:00', '18:00', 30, 107, '2021-08-02 20:36:32', '2021-08-02 20:36:32'),
	(457, 'Hyundai', 'HR', 'HR LD 2.5 (sem caçamba)', 0, '08:00', '18:00', 0, '08:00', '18:00', 0, '09:00', '18:00', 30, 110, '2021-08-02 20:36:33', '2021-08-02 20:36:33'),
	(458, 'Hyundai', 'New Tucson', 'New Tucson GLS 1.6 GDI Turbo (Aut)', 1, '08:00', '18:00', 1, '08:00', '18:00', 1, '09:00', '18:00', 30, 110, '2021-08-02 20:36:33', '2021-08-02 20:36:33'),
	(459, 'Hyundai', 'ix35', 'ix35 GLS 2.0L 16v (Flex) (Aut)', 1, '08:00', '18:00', 1, '08:00', '18:00', 1, '09:00', '18:00', 30, 110, '2021-08-02 20:36:33', '2021-08-02 20:36:33'),
	(471, 'Hyundai', 'HR', 'HR LD 2.5 (sem caçamba)', 0, '08:00', '18:00', 0, '08:00', '18:00', 0, '09:00', '18:00', 30, 112, '2021-08-02 20:36:33', '2021-08-02 20:36:33'),
	(472, 'Hyundai', 'New Tucson', 'New Tucson GLS 1.6 GDI Turbo (Aut)', 1, '08:00', '18:00', 1, '08:00', '18:00', 1, '09:00', '18:00', 30, 112, '2021-08-02 20:36:33', '2021-08-02 20:36:33'),
	(473, 'Hyundai', 'ix35', 'ix35 GLS 2.0L 16v (Flex) (Aut)', 1, '08:00', '18:00', 1, '08:00', '18:00', 1, '09:00', '18:00', 30, 112, '2021-08-02 20:36:33', '2021-08-02 20:36:33'),
	(475, 'Hyundai', 'HD80', '3.0 16V diesel', 0, '08:00', '18:00', 0, '08:00', '18:00', 0, '09:00', '18:00', 30, 112, '2021-08-02 20:36:33', '2021-08-02 20:36:33'),
	(492, 'Hyundai', 'HR', 'HR LD 2.5 (sem caçamba)', 0, '08:00', '18:00', 0, '08:00', '18:00', 0, '09:00', '18:00', 30, 115, '2021-08-02 20:36:34', '2021-08-02 20:36:34'),
	(493, 'Hyundai', 'New Tucson', 'New Tucson GLS 1.6 GDI Turbo (Aut)', 1, '08:00', '18:00', 1, '08:00', '18:00', 1, '09:00', '18:00', 30, 115, '2021-08-02 20:36:34', '2021-08-02 20:36:34'),
	(494, 'Hyundai', 'ix35', 'ix35 GLS 2.0L 16v (Flex) (Aut)', 1, '08:00', '18:00', 1, '08:00', '18:00', 1, '09:00', '18:00', 30, 115, '2021-08-02 20:36:34', '2021-08-02 20:36:34'),
	(496, 'Hyundai', 'HD80', '3.0 16V diesel', 0, '08:00', '18:00', 0, '08:00', '18:00', 0, '09:00', '18:00', 30, 115, '2021-08-02 20:36:34', '2021-08-02 20:36:34'),
	(500, 'Hyundai', 'New Tucson', 'New Tucson GLS 1.6 GDI Turbo (Aut)', 1, '08:00', '18:00', 1, '08:00', '18:00', 1, '09:00', '18:00', 30, 116, '2021-08-02 20:36:34', '2021-08-02 20:36:34'),
	(501, 'Hyundai', 'ix35', 'ix35 GLS 2.0L 16v (Flex) (Aut)', 1, '08:00', '18:00', 1, '08:00', '18:00', 1, '09:00', '18:00', 30, 116, '2021-08-02 20:36:34', '2021-08-02 20:36:34'),
	(503, 'Hyundai', 'HD80', '3.0 16V diesel', 0, '08:00', '18:00', 0, '08:00', '18:00', 0, '09:00', '18:00', 30, 116, '2021-08-02 20:36:34', '2021-08-02 20:36:34'),
	(506, 'Hyundai', 'HR', 'HR LD 2.5 (sem caçamba)', 0, '08:00', '18:00', 0, '08:00', '18:00', 0, '09:00', '18:00', 30, 117, '2021-08-02 20:36:34', '2021-08-02 20:36:34'),
	(507, 'Hyundai', 'New Tucson', 'New Tucson GL 1.6 GDI Turbo (Aut)', 1, '08:00', '18:00', 1, '08:00', '18:00', 1, '09:00', '18:00', 30, 117, '2021-08-02 20:36:34', '2021-08-02 20:36:34'),
	(508, 'Hyundai', 'ix35', 'ix35 2.0L GL (Flex) (Aut)', 1, '08:00', '18:00', 1, '08:00', '18:00', 1, '09:00', '18:00', 30, 117, '2021-08-02 20:36:34', '2021-08-02 20:36:34'),
	(513, 'Hyundai', 'HR', 'HR LD 2.5 (sem caçamba)', 1, '08:00', '18:00', 1, '08:00', '18:00', 1, '09:00', '18:00', 30, 118, '2021-08-02 20:36:35', '2021-08-02 20:36:35'),
	(514, 'Hyundai', 'New Tucson', 'New Tucson GLS 1.6 GDI Turbo (Aut)', 1, '08:00', '18:00', 1, '08:00', '18:00', 1, '09:00', '18:00', 30, 118, '2021-08-02 20:36:35', '2021-08-02 20:36:35'),
	(515, 'Hyundai', 'ix35', 'ix35 GLS 2.0L 16v (Flex) (Aut)', 1, '08:00', '18:00', 1, '08:00', '18:00', 1, '09:00', '18:00', 30, 118, '2021-08-02 20:36:35', '2021-08-02 20:36:35'),
	(517, 'Hyundai', 'HD80', '3.0 16V diesel', 1, '08:00', '18:00', 1, '08:00', '18:00', 1, '09:00', '18:00', 30, 118, '2021-08-02 20:36:35', '2021-08-02 20:36:35'),
	(541, 'Hyundai', 'HR', 'HR LD 2.5 (sem caçamba)', 0, '08:00', '18:00', 0, '08:00', '18:00', 0, '09:00', '18:00', 30, 122, '2021-08-02 20:36:35', '2021-08-02 20:36:35'),
	(542, 'Hyundai', 'New Tucson', 'New Tucson GLS 1.6 GDI Turbo (Aut)', 1, '08:00', '18:00', 1, '08:00', '18:00', 1, '09:00', '18:00', 30, 122, '2021-08-02 20:36:35', '2021-08-02 20:36:35'),
	(543, 'Hyundai', 'ix35', 'ix35 GLS 2.0L 16v (Flex) (Aut)', 1, '08:00', '18:00', 1, '08:00', '18:00', 1, '09:00', '18:00', 30, 122, '2021-08-02 20:36:35', '2021-08-02 20:36:35'),
	(545, 'Hyundai', 'HD80', '3.0 16V diesel', 0, '08:00', '18:00', 0, '08:00', '18:00', 0, '09:00', '18:00', 30, 122, '2021-08-02 20:36:35', '2021-08-02 20:36:35'),
	(548, 'Hyundai', 'HR', 'HR LD 2.5 (sem caçamba)', 0, '08:00', '18:00', 0, '08:00', '18:00', 0, '09:00', '18:00', 30, 123, '2021-08-02 20:36:36', '2021-08-02 20:36:36'),
	(549, 'Hyundai', 'New Tucson', 'New Tucson GLS 1.6 GDI Turbo (Aut)', 1, '08:00', '18:00', 1, '08:00', '18:00', 1, '09:00', '18:00', 30, 123, '2021-08-02 20:36:36', '2021-08-02 20:36:36'),
	(550, 'Hyundai', 'ix35', 'ix35 GLS 2.0L 16v (Flex) (Aut)', 1, '08:00', '18:00', 1, '08:00', '18:00', 1, '09:00', '18:00', 30, 123, '2021-08-02 20:36:36', '2021-08-02 20:36:36'),
	(552, 'Hyundai', 'HD80', '3.0 16V diesel', 0, '08:00', '18:00', 0, '08:00', '18:00', 0, '09:00', '18:00', 30, 123, '2021-08-02 20:36:36', '2021-08-02 20:36:36'),
	(555, 'Hyundai', 'HR', 'HR LD 2.5 (sem caçamba)', 0, '08:00', '18:00', 0, '08:00', '18:00', 0, '09:00', '18:00', 30, 124, '2021-08-02 20:36:36', '2021-08-02 20:36:36'),
	(556, 'Hyundai', 'New Tucson', 'New Tucson GLS 1.6 GDI Turbo (Aut)', 1, '08:00', '18:00', 1, '08:00', '18:00', 1, '09:00', '18:00', 30, 124, '2021-08-02 20:36:36', '2021-08-02 20:36:36'),
	(557, 'Hyundai', 'ix35', 'ix35 GLS 2.0L 16v (Flex) (Aut)', 1, '08:00', '18:00', 1, '08:00', '18:00', 1, '09:00', '18:00', 30, 124, '2021-08-02 20:36:36', '2021-08-02 20:36:36'),
	(559, 'Hyundai', 'HD80', '3.0 16V diesel', 0, '08:00', '18:00', 0, '08:00', '18:00', 0, '09:00', '18:00', 30, 124, '2021-08-02 20:36:36', '2021-08-02 20:36:36'),
	(569, 'Hyundai', 'HR', 'HR LD 2.5 (sem caçamba)', 0, '08:00', '18:00', 0, '08:00', '18:00', 0, '09:00', '18:00', 30, 126, '2021-08-02 20:36:37', '2021-08-02 20:36:37'),
	(570, 'Hyundai', 'New Tucson', 'New Tucson GLS 1.6 GDI Turbo (Aut)', 1, '08:00', '18:00', 1, '08:00', '18:00', 1, '09:00', '18:00', 30, 126, '2021-08-02 20:36:37', '2021-08-02 20:36:37'),
	(571, 'Hyundai', 'ix35', 'ix35 GLS 2.0L 16v (Flex) (Aut)', 1, '08:00', '18:00', 1, '08:00', '18:00', 1, '09:00', '18:00', 30, 126, '2021-08-02 20:36:37', '2021-08-02 20:36:37'),
	(573, 'Hyundai', 'HD80', '3.0 16V diesel', 0, '08:00', '18:00', 0, '08:00', '18:00', 0, '09:00', '18:00', 30, 126, '2021-08-02 20:36:37', '2021-08-02 20:36:37'),
	(583, 'Hyundai', 'HR', 'HR LD 2.5 (sem caçamba)', 0, '08:00', '18:00', 0, '08:00', '18:00', 0, '09:00', '18:00', 30, 128, '2021-08-02 20:36:37', '2021-08-02 20:36:37'),
	(584, 'Hyundai', 'New Tucson', 'New Tucson GLS 1.6 GDI Turbo (Aut)', 1, '08:00', '18:00', 1, '08:00', '18:00', 1, '09:00', '18:00', 30, 128, '2021-08-02 20:36:37', '2021-08-02 20:36:37'),
	(585, 'Hyundai', 'ix35', 'ix35 GLS 2.0L 16v (Flex) (Aut)', 1, '08:00', '18:00', 1, '08:00', '18:00', 1, '09:00', '18:00', 30, 128, '2021-08-02 20:36:37', '2021-08-02 20:36:37'),
	(587, 'Hyundai', 'HD80', '3.0 16V diesel', 0, '08:00', '18:00', 0, '08:00', '18:00', 0, '09:00', '18:00', 30, 128, '2021-08-02 20:36:37', '2021-08-02 20:36:37'),
	(597, 'Hyundai', 'HR', 'HR LD 2.5 (sem caçamba)', 0, '07:00', '23:00', 0, '07:00', '23:00', 0, '09:00', '18:00', 30, 130, '2021-08-02 20:36:37', '2021-08-02 20:36:37'),
	(598, 'Hyundai', 'New Tucson', 'New Tucson GLS 1.6 GDI Turbo (Aut)', 1, '08:00', '18:00', 1, '08:00', '18:00', 1, '09:00', '18:00', 30, 130, '2021-08-02 20:36:37', '2021-08-02 20:36:37'),
	(599, 'Hyundai', 'ix35', 'ix35 GLS 2.0L 16v (Flex) (Aut)', 1, '08:00', '18:00', 1, '08:00', '18:00', 1, '09:00', '18:00', 30, 130, '2021-08-02 20:36:37', '2021-08-02 20:36:37'),
	(601, 'Hyundai', 'HD80', '3.0 16V diesel', 0, '08:00', '18:00', 0, '08:00', '18:00', 0, '09:00', '18:00', 30, 130, '2021-08-02 20:36:37', '2021-08-02 20:36:37'),
	(604, 'Hyundai', 'HR', 'HR LD 2.5 (sem caçamba)', 0, '08:00', '18:00', 0, '08:00', '18:00', 0, '09:00', '18:00', 30, 131, '2021-08-02 20:36:38', '2021-08-02 20:36:38'),
	(605, 'Hyundai', 'New Tucson', 'New Tucson GLS 1.6 GDI Turbo (Aut)', 1, '08:00', '18:00', 1, '08:00', '18:00', 1, '09:00', '18:00', 30, 131, '2021-08-02 20:36:38', '2021-08-02 20:36:38'),
	(606, 'Hyundai', 'ix35', 'ix35 GLS 2.0L 16v (Flex) (Aut)', 1, '08:00', '18:00', 1, '08:00', '18:00', 1, '09:00', '18:00', 30, 131, '2021-08-02 20:36:38', '2021-08-02 20:36:38'),
	(625, 'Hyundai', 'HR', 'HR LD 2.5 (sem caçamba)', 0, '08:00', '18:00', 0, '08:00', '18:00', 0, '09:00', '18:00', 30, 135, '2021-08-02 20:36:38', '2021-08-02 20:36:38'),
	(626, 'Hyundai', 'New Tucson', 'New Tucson GLS 1.6 GDI Turbo (Aut)', 1, '08:00', '18:00', 1, '08:00', '18:00', 1, '09:00', '18:00', 30, 135, '2021-08-02 20:36:38', '2021-08-02 20:36:38'),
	(627, 'Hyundai', 'ix35', 'ix35 GLS 2.0L 16v (Flex) (Aut)', 1, '08:00', '18:00', 1, '08:00', '18:00', 1, '09:00', '18:00', 30, 135, '2021-08-02 20:36:38', '2021-08-02 20:36:38'),
	(629, 'Hyundai', 'HD80', '3.0 16V diesel', 1, '08:00', '18:00', 1, '08:00', '18:00', 1, '09:00', '18:00', 30, 135, '2021-08-02 20:36:38', '2021-08-02 20:36:38'),
	(632, 'Hyundai', 'HR', 'HR LD 2.5 (sem caçamba)', 0, '08:00', '18:00', 0, '08:00', '18:00', 0, '09:00', '18:00', 30, 136, '2021-08-02 20:36:39', '2021-08-02 20:36:39'),
	(633, 'Hyundai', 'New Tucson', 'New Tucson GLS 1.6 GDI Turbo (Aut)', 1, '08:00', '18:00', 1, '08:00', '18:00', 1, '09:00', '18:00', 30, 136, '2021-08-02 20:36:39', '2021-08-02 20:36:39'),
	(634, 'Hyundai', 'ix35', 'ix35 GLS 2.0L 16v (Flex) (Aut)', 1, '08:00', '18:00', 1, '08:00', '18:00', 1, '09:00', '18:00', 30, 136, '2021-08-02 20:36:39', '2021-08-02 20:36:39'),
	(636, 'Hyundai', 'HD80', '3.0 16V diesel', 0, '08:00', '18:00', 0, '08:00', '18:00', 0, '09:00', '18:00', 30, 136, '2021-08-02 20:36:39', '2021-08-02 20:36:39'),
	(639, 'Hyundai', 'HR', 'HR LD 2.5 (sem caçamba)', 0, '08:00', '18:00', 0, '08:00', '18:00', 0, '09:00', '18:00', 30, 137, '2021-08-02 20:36:39', '2021-08-02 20:36:39'),
	(640, 'Hyundai', 'New Tucson', 'New Tucson GLS 1.6 GDI Turbo (Aut)', 1, '08:00', '18:00', 1, '08:00', '18:00', 1, '09:00', '18:00', 30, 137, '2021-08-02 20:36:39', '2021-08-02 20:36:39'),
	(641, 'Hyundai', 'ix35', 'ix35 GLS 2.0L 16v (Flex) (Aut)', 1, '08:00', '18:00', 1, '08:00', '18:00', 1, '09:00', '18:00', 30, 137, '2021-08-02 20:36:39', '2021-08-02 20:36:39'),
	(643, 'Hyundai', 'HD80', '3.0 16V diesel', 0, '08:00', '18:00', 0, '08:00', '18:00', 0, '09:00', '18:00', 30, 137, '2021-08-02 20:36:39', '2021-08-02 20:36:39'),
	(646, 'Hyundai', 'HR', 'HR LD 2.5 (sem caçamba)', 0, '08:00', '18:00', 0, '08:00', '18:00', 0, '09:00', '18:00', 30, 138, '2021-08-02 20:36:41', '2021-08-02 20:36:41'),
	(647, 'Hyundai', 'New Tucson', 'New Tucson GLS 1.6 GDI Turbo (Aut)', 1, '08:00', '18:00', 1, '08:00', '17:00', 0, '09:00', '18:00', 30, 138, '2021-08-02 20:36:41', '2021-08-02 20:36:41'),
	(648, 'Hyundai', 'ix35', 'ix35 GLS 2.0L 16v (Flex) (Aut)', 1, '08:00', '18:00', 1, '08:00', '18:00', 1, '09:00', '18:00', 30, 138, '2021-08-02 20:36:41', '2021-08-02 20:36:41'),
	(650, 'Hyundai', 'HD80', '3.0 16V diesel', 0, '08:00', '18:00', 0, '08:00', '18:00', 0, '09:00', '18:00', 30, 138, '2021-08-02 20:36:41', '2021-08-02 20:36:41'),
	(653, 'Hyundai', 'HR', 'HR LD 2.5 (sem caçamba)', 0, '08:00', '18:00', 0, '08:00', '18:00', 0, '09:00', '18:00', 30, 139, '2021-08-02 20:36:42', '2021-08-02 20:36:42'),
	(654, 'Hyundai', 'New Tucson', 'New Tucson GLS 1.6 GDI Turbo (Aut)', 1, '08:00', '18:00', 1, '08:00', '18:00', 1, '09:00', '18:00', 30, 139, '2021-08-02 20:36:42', '2021-08-02 20:36:42'),
	(655, 'Hyundai', 'ix35', 'ix35 GLS 2.0L 16v (Flex) (Aut)', 1, '08:00', '18:00', 1, '08:00', '18:00', 1, '09:00', '18:00', 30, 139, '2021-08-02 20:36:42', '2021-08-02 20:36:42'),
	(657, 'Hyundai', 'HD80', '3.0 16V diesel', 0, '08:00', '18:00', 0, '08:00', '18:00', 0, '09:00', '18:00', 30, 139, '2021-08-02 20:36:42', '2021-08-02 20:36:42'),
	(660, 'Hyundai', 'HR', 'HR LD 2.5 (sem caçamba)', 0, '08:00', '18:00', 0, '08:00', '18:00', 0, '09:00', '18:00', 30, 140, '2021-08-02 20:36:42', '2021-08-02 20:36:42'),
	(661, 'Hyundai', 'New Tucson', 'New Tucson GLS 1.6 GDI Turbo (Aut)', 1, '08:00', '18:00', 1, '08:00', '18:00', 1, '09:00', '18:00', 30, 140, '2021-08-02 20:36:42', '2021-08-02 20:36:42'),
	(662, 'Hyundai', 'ix35', 'ix35 GLS 2.0L 16v (Flex) (Aut)', 1, '08:00', '18:00', 1, '08:00', '18:00', 1, '09:00', '18:00', 30, 140, '2021-08-02 20:36:42', '2021-08-02 20:36:42'),
	(667, 'Hyundai', 'HR', 'HR LD 2.5 (sem caçamba)', 0, '08:00', '18:00', 0, '08:00', '18:00', 0, '09:00', '18:00', 30, 141, '2021-08-02 20:36:43', '2021-08-02 20:36:43'),
	(668, 'Hyundai', 'New Tucson', 'New Tucson GLS 1.6 GDI Turbo (Aut)', 1, '08:00', '18:00', 1, '08:00', '18:00', 1, '09:00', '18:00', 30, 141, '2021-08-02 20:36:43', '2021-08-02 20:36:43'),
	(669, 'Hyundai', 'ix35', 'ix35 GLS 2.0L 16v (Flex) (Aut)', 1, '08:00', '18:00', 1, '08:00', '18:00', 1, '09:00', '18:00', 30, 141, '2021-08-02 20:36:43', '2021-08-02 20:36:43'),
	(674, 'Hyundai', 'HR', 'HR LD 2.5 (sem caçamba)', 0, '08:00', '18:00', 0, '08:00', '18:00', 0, '09:00', '18:00', 30, 142, '2021-08-02 20:36:43', '2021-08-02 20:36:43'),
	(675, 'Hyundai', 'New Tucson', 'New Tucson GLS 1.6 GDI Turbo (Aut)', 1, '08:00', '18:00', 1, '08:00', '18:00', 1, '09:00', '18:00', 30, 142, '2021-08-02 20:36:43', '2021-08-02 20:36:43'),
	(676, 'Hyundai', 'ix35', 'ix35 GLS 2.0L 16v (Flex) (Aut)', 1, '08:00', '18:00', 1, '08:00', '18:00', 1, '09:00', '18:00', 30, 142, '2021-08-02 20:36:43', '2021-08-02 20:36:43'),
	(681, 'Hyundai', 'HR', 'HR LD 2.5 (sem caçamba)', 0, '08:00', '18:00', 0, '08:00', '18:00', 0, '09:00', '18:00', 30, 143, '2021-08-02 20:36:43', '2021-08-02 20:36:43'),
	(682, 'Hyundai', 'New Tucson', 'New Tucson GLS 1.6 GDI Turbo (Aut)', 1, '08:00', '18:00', 1, '09:00', '18:00', 1, '09:00', '18:00', 30, 143, '2021-08-02 20:36:43', '2021-08-02 20:36:43'),
	(683, 'Hyundai', 'ix35', 'ix35 GLS 2.0L 16v (Flex) (Aut)', 1, '08:00', '18:00', 1, '08:00', '18:00', 1, '09:00', '18:00', 30, 143, '2021-08-02 20:36:43', '2021-08-02 20:36:43'),
	(695, 'Hyundai', 'HR', 'HR LD 2.5 (sem caçamba)', 0, '08:00', '18:00', 0, '08:00', '18:00', 0, '09:00', '18:00', 30, 145, '2021-08-02 20:36:44', '2021-08-02 20:36:44'),
	(696, 'Hyundai', 'New Tucson', 'New Tucson GLS 1.6 GDI Turbo (Aut)', 1, '08:00', '18:00', 1, '08:00', '18:00', 1, '09:00', '18:00', 30, 145, '2021-08-02 20:36:44', '2021-08-02 20:36:44'),
	(697, 'Hyundai', 'ix35', 'ix35 GLS 2.0L 16v (Flex) (Aut)', 1, '08:00', '18:00', 1, '08:00', '18:00', 1, '09:00', '18:00', 30, 145, '2021-08-02 20:36:44', '2021-08-02 20:36:44'),
	(702, 'Hyundai', 'HR', 'HR LD 2.5 (sem caçamba)', 0, '08:00', '18:00', 0, '08:00', '18:00', 0, '09:00', '18:00', 30, 146, '2021-08-02 20:36:44', '2021-08-02 20:36:44'),
	(703, 'Hyundai', 'New Tucson', 'New Tucson GLS 1.6 GDI Turbo (Aut)', 1, '08:00', '18:00', 1, '08:00', '18:00', 1, '09:00', '18:00', 30, 146, '2021-08-02 20:36:44', '2021-08-02 20:36:44'),
	(704, 'Hyundai', 'ix35', 'ix35 GLS 2.0L 16v (Flex) (Aut)', 1, '08:00', '18:00', 1, '08:00', '18:00', 1, '09:00', '18:00', 30, 146, '2021-08-02 20:36:44', '2021-08-02 20:36:44'),
	(709, 'Hyundai', 'HR', 'HR LD 2.5 (sem caçamba)', 0, '08:00', '18:00', 0, '08:00', '18:00', 0, '09:00', '18:00', 30, 147, '2021-08-02 20:36:45', '2021-08-02 20:36:45'),
	(710, 'Hyundai', 'New Tucson', 'New Tucson GLS 1.6 GDI Turbo (Aut)', 1, '08:00', '18:00', 1, '08:00', '18:00', 1, '09:00', '18:00', 30, 147, '2021-08-02 20:36:45', '2021-08-02 20:36:45'),
	(711, 'Hyundai', 'ix35', 'ix35 GLS 2.0L 16v (Flex) (Aut)', 1, '08:00', '18:00', 1, '08:00', '18:00', 1, '09:00', '18:00', 30, 147, '2021-08-02 20:36:45', '2021-08-02 20:36:45'),
	(800, 'Hyundai', 'HR', 'HR LD 2.5 (sem caçamba)', 0, '08:00', '18:00', 0, '08:00', '18:00', 0, '09:00', '18:00', 30, 174, '2021-08-02 20:36:46', '2021-08-02 20:36:46'),
	(801, 'Hyundai', 'New Tucson', 'New Tucson GLS 1.6 GDI Turbo (Aut)', 1, '08:00', '18:00', 1, '08:00', '18:00', 1, '09:00', '18:00', 30, 174, '2021-08-02 20:36:46', '2021-08-02 20:36:46'),
	(802, 'Hyundai', 'ix35', 'ix35 GLS 2.0L 16v (Flex) (Aut)', 1, '08:00', '18:00', 1, '08:00', '18:00', 1, '09:00', '18:00', 30, 174, '2021-08-02 20:36:46', '2021-08-02 20:36:46'),
	(819, 'Hyundai', 'Creta', 'Creta 1.6 Attitude', 1, '08:00', '18:00', 1, '08:00', '18:00', 1, '09:00', '18:00', 30, 289, '2021-08-02 20:36:48', '2021-08-02 20:36:48'),
	(821, 'Hyundai', 'HR', 'HR LD 2.5 (sem caçamba)', 1, '08:00', '18:00', 1, '08:00', '18:00', 1, '09:00', '18:00', 30, 289, '2021-08-02 20:36:48', '2021-08-02 20:36:48'),
	(822, 'Hyundai', 'New Tucson', 'New Tucson GLS 1.6 GDI Turbo (Aut)', 1, '08:00', '18:00', 1, '08:00', '18:00', 1, '09:00', '18:00', 30, 289, '2021-08-02 20:36:48', '2021-08-02 20:36:48'),
	(823, 'Hyundai', 'ix35', 'ix35 GLS 2.0L 16v (Flex) (Aut)', 1, '08:00', '18:00', 1, '08:00', '18:00', 1, '09:00', '18:00', 30, 289, '2021-08-02 20:36:48', '2021-08-02 20:36:48'),
	(824, 'Hyundai', 'Elantra', 'Elantra Sedan GLS 2.0L 16v (Flex) (Aut)', 1, '08:00', '18:00', 1, '08:00', '18:00', 1, '09:00', '18:00', 30, 289, '2021-08-02 20:36:48', '2021-08-02 20:36:48'),
	(825, 'Hyundai', 'HD80', '3.0 16V diesel', 1, '08:00', '18:00', 1, '08:00', '18:00', 1, '09:00', '18:00', 30, 289, '2021-08-02 20:36:48', '2021-08-02 20:36:48'),
	(828, 'Hyundai', 'HR', 'HR LD 2.5 (sem caçamba)', 1, '08:00', '18:00', 1, '08:00', '18:00', 1, '09:00', '18:00', 30, 291, '2021-08-02 20:36:49', '2021-08-02 20:36:49'),
	(829, 'Hyundai', 'New Tucson', 'New Tucson GLS 1.6 GDI Turbo (Aut)', 1, '08:00', '18:00', 1, '08:00', '18:00', 1, '09:00', '18:00', 30, 291, '2021-08-02 20:36:49', '2021-08-02 20:36:49'),
	(830, 'Hyundai', 'ix35', 'ix35 GLS 2.0L 16v (Flex) (Aut)', 1, '08:00', '18:00', 1, '08:00', '18:00', 1, '09:00', '18:00', 30, 291, '2021-08-02 20:36:49', '2021-08-02 20:36:49'),
	(832, 'Hyundai', 'HD80', '3.0 16V diesel', 1, '08:00', '18:00', 1, '08:00', '18:00', 1, '09:00', '18:00', 30, 291, '2021-08-02 20:36:49', '2021-08-02 20:36:49'),
	(835, 'Hyundai', 'HR', 'HR LD 2.5 (sem caçamba)', 1, '08:00', '18:00', 1, '08:00', '18:00', 1, '09:00', '18:00', 30, 292, '2021-08-02 20:36:49', '2021-08-02 20:36:49'),
	(836, 'Hyundai', 'New Tucson', 'New Tucson GLS 1.6 GDI Turbo (Aut)', 1, '08:00', '18:00', 1, '08:00', '18:00', 1, '09:00', '18:00', 30, 292, '2021-08-02 20:36:49', '2021-08-02 20:36:49'),
	(837, 'Hyundai', 'ix35', 'ix35 GLS 2.0L 16v (Flex) (Aut)', 1, '08:00', '18:00', 1, '08:00', '18:00', 1, '09:00', '18:00', 30, 292, '2021-08-02 20:36:49', '2021-08-02 20:36:49'),
	(839, 'Hyundai', 'HD80', '3.0 16V diesel', 1, '08:00', '18:00', 1, '08:00', '18:00', 1, '09:00', '18:00', 30, 292, '2021-08-02 20:36:49', '2021-08-02 20:36:49'),
	(877, 'Hyundai', 'HR', 'HR LD 2.5 (sem caçamba)', 1, '08:00', '18:00', 1, '08:00', '18:00', 1, '09:00', '18:00', 30, 298, '2021-08-02 20:36:50', '2021-08-02 20:36:50'),
	(878, 'Hyundai', 'New Tucson', 'New Tucson GLS 1.6 GDI Turbo (Aut)', 1, '08:00', '18:00', 1, '08:00', '18:00', 1, '09:00', '18:00', 30, 298, '2021-08-02 20:36:50', '2021-08-02 20:36:50'),
	(879, 'Hyundai', 'ix35', 'ix35 GLS 2.0L 16v (Flex) (Aut)', 1, '08:00', '18:00', 1, '08:00', '18:00', 1, '09:00', '18:00', 30, 298, '2021-08-02 20:36:50', '2021-08-02 20:36:50'),
	(881, 'Hyundai', 'HD80', '3.0 16V diesel', 1, '08:00', '18:00', 1, '08:00', '18:00', 1, '09:00', '18:00', 30, 298, '2021-08-02 20:36:50', '2021-08-02 20:36:50'),
	(884, 'Hyundai', 'HR', 'HR HD 2.5 TCI (Cab Curta)', 1, '08:00', '11:30', 1, '08:30', '11:30', 0, '09:00', '18:00', 30, 299, '2021-08-02 20:36:50', '2021-08-02 20:36:50'),
	(885, 'Hyundai', 'New Tucson', 'New Tucson GLS 1.6 GDI Turbo (Aut)', 1, '08:00', '18:00', 1, '08:30', '11:30', 0, '09:00', '18:00', 30, 299, '2021-08-02 20:36:50', '2021-08-02 20:36:50'),
	(888, 'Hyundai', 'HD80', '3.0 16V diesel', 1, '08:00', '18:00', 1, '08:00', '18:00', 1, '09:00', '18:00', 30, 299, '2021-08-02 20:36:50', '2021-08-02 20:36:50'),
	(898, 'Hyundai', 'HR', 'HR LD 2.5 (sem caçamba)', 1, '08:00', '18:00', 1, '08:00', '18:00', 1, '09:00', '18:00', 30, 301, '2021-08-02 20:36:50', '2021-08-02 20:36:50'),
	(899, 'Hyundai', 'New Tucson', 'New Tucson GLS 1.6 GDI Turbo (Aut)', 1, '08:00', '18:00', 1, '08:00', '18:00', 1, '09:00', '18:00', 30, 301, '2021-08-02 20:36:50', '2021-08-02 20:36:50'),
	(900, 'Hyundai', 'ix35', 'ix35 GLS 2.0L 16v (Flex) (Aut)', 1, '08:00', '18:00', 1, '08:00', '18:00', 1, '09:00', '18:00', 30, 301, '2021-08-02 20:36:50', '2021-08-02 20:36:50'),
	(902, 'Hyundai', 'HD80', '3.0 16V diesel', 1, '08:00', '18:00', 1, '08:00', '18:00', 1, '09:00', '18:00', 30, 301, '2021-08-02 20:36:50', '2021-08-02 20:36:50'),
	(966, 'Hyundai', 'Creta', 'Creta 1.6 Attitude', 1, '08:00', '18:00', 1, '08:00', '18:00', 1, '09:00', '18:00', 30, 313, '2021-08-02 20:36:51', '2021-08-02 20:36:51'),
	(967, 'Hyundai', 'Santa Fe', 'Santa Fe 3.3L V6 4x4 5L', 1, '08:00', '18:00', 1, '08:00', '18:00', 1, '09:00', '18:00', 30, 313, '2021-08-02 20:36:51', '2021-08-02 20:36:51'),
	(968, 'Hyundai', 'HR', 'HR LD 2.5 (sem caçamba)', 1, '08:00', '18:00', 1, '08:00', '18:00', 1, '09:00', '18:00', 30, 313, '2021-08-02 20:36:51', '2021-08-02 20:36:51'),
	(969, 'Hyundai', 'New Tucson', 'New Tucson GLS 1.6 GDI Turbo (Aut)', 1, '08:00', '18:00', 1, '08:00', '18:00', 1, '09:00', '18:00', 30, 313, '2021-08-02 20:36:51', '2021-08-02 20:36:51'),
	(970, 'Hyundai', 'ix35', 'ix35 GLS 2.0L 16v (Flex) (Aut)', 1, '08:00', '18:00', 1, '08:00', '18:00', 1, '09:00', '18:00', 30, 313, '2021-08-02 20:36:51', '2021-08-02 20:36:51'),
	(971, 'Hyundai', 'Elantra', 'Elantra Sedan GLS 2.0L 16v (Flex) (Aut)', 1, '08:00', '18:00', 1, '08:00', '18:00', 1, '09:00', '18:00', 30, 313, '2021-08-02 20:36:51', '2021-08-02 20:36:51'),
	(972, 'Hyundai', 'HD80', '3.0 16V diesel', 1, '08:00', '18:00', 1, '08:00', '18:00', 1, '09:00', '18:00', 30, 313, '2021-08-02 20:36:51', '2021-08-02 20:36:51'),
	(982, 'Hyundai', 'HR', 'HR LD 2.5 (sem caçamba)', 1, '08:00', '18:00', 1, '08:00', '18:00', 1, '09:00', '18:00', 30, 315, '2021-08-02 20:36:51', '2021-08-02 20:36:51'),
	(983, 'Hyundai', 'New Tucson', 'New Tucson GLS 1.6 GDI Turbo (Aut)', 1, '08:00', '18:00', 1, '08:00', '18:00', 1, '09:00', '18:00', 30, 315, '2021-08-02 20:36:51', '2021-08-02 20:36:51'),
	(984, 'Hyundai', 'ix35', 'ix35 GLS 2.0L 16v (Flex) (Aut)', 1, '08:00', '18:00', 1, '08:00', '18:00', 1, '09:00', '18:00', 30, 315, '2021-08-02 20:36:51', '2021-08-02 20:36:51'),
	(986, 'Hyundai', 'HD80', '3.0 16V diesel', 1, '08:00', '18:00', 1, '08:00', '18:00', 1, '09:00', '18:00', 30, 315, '2021-08-02 20:36:51', '2021-08-02 20:36:51'),
	(1092, 'Hyundai', 'Creta', 'Creta 1.6 Attitude', 1, '08:00', '18:00', 1, '08:00', '18:00', 1, '09:00', '18:00', 30, 332, '2021-08-02 20:36:52', '2021-08-02 20:36:52'),
	(1093, 'Hyundai', 'Santa Fe', 'Santa Fe 3.3L V6 4x4 5L', 1, '08:00', '18:00', 1, '08:00', '18:00', 1, '09:00', '18:00', 30, 332, '2021-08-02 20:36:52', '2021-08-02 20:36:52'),
	(1094, 'Hyundai', 'HR', 'HR LD 2.5 (sem caçamba)', 1, '08:00', '18:00', 1, '08:00', '18:00', 1, '09:00', '18:00', 30, 332, '2021-08-02 20:36:52', '2021-08-02 20:36:52'),
	(1095, 'Hyundai', 'New Tucson', 'New Tucson GLS 1.6 GDI Turbo (Aut)', 1, '08:00', '18:00', 1, '08:00', '18:00', 1, '09:00', '18:00', 30, 332, '2021-08-02 20:36:52', '2021-08-02 20:36:52'),
	(1096, 'Hyundai', 'ix35', 'ix35 GLS 2.0L 16v (Flex) (Aut)', 1, '08:00', '18:00', 1, '08:00', '18:00', 1, '09:00', '18:00', 30, 332, '2021-08-02 20:36:52', '2021-08-02 20:36:52'),
	(1097, 'Hyundai', 'Elantra', 'Elantra Sedan GLS 2.0L 16v (Flex) (Aut)', 1, '08:00', '18:00', 1, '08:00', '18:00', 1, '09:00', '18:00', 30, 332, '2021-08-02 20:36:52', '2021-08-02 20:36:52'),
	(1098, 'Hyundai', 'HD80', '3.0 16V diesel', 1, '08:00', '18:00', 1, '08:00', '18:00', 1, '09:00', '18:00', 30, 332, '2021-08-02 20:36:52', '2021-08-02 20:36:52'),
	(1143, 'Hyundai', 'HR', 'HR LD 2.5 (sem caçamba)', 1, '08:00', '18:00', 1, '08:00', '18:00', 1, '09:00', '18:00', 30, 339, '2021-08-02 20:36:53', '2021-08-02 20:36:53'),
	(1144, 'Hyundai', 'New Tucson', 'New Tucson GLS 1.6 GDI Turbo (Aut)', 1, '08:00', '18:00', 1, '08:00', '18:00', 1, '09:00', '18:00', 30, 339, '2021-08-02 20:36:53', '2021-08-02 20:36:53'),
	(1145, 'Hyundai', 'ix35', 'ix35 GLS 2.0L 16v (Flex) (Aut)', 1, '08:00', '18:00', 1, '08:00', '18:00', 1, '09:00', '18:00', 30, 339, '2021-08-02 20:36:53', '2021-08-02 20:36:53'),
	(1147, 'Hyundai', 'HD80', '3.0 16V diesel', 1, '08:00', '18:00', 1, '08:00', '18:00', 1, '09:00', '18:00', 30, 339, '2021-08-02 20:36:53', '2021-08-02 20:36:53'),
	(1150, 'Hyundai', 'HR', 'HR LD 2.5 (sem caçamba)', 1, '08:00', '18:00', 1, '08:00', '18:00', 1, '09:00', '18:00', 30, 340, '2021-08-02 20:36:53', '2021-08-02 20:36:53'),
	(1151, 'Hyundai', 'New Tucson', 'New Tucson GLS 1.6 GDI Turbo (Aut)', 1, '08:00', '18:00', 1, '08:00', '18:00', 1, '09:00', '18:00', 30, 340, '2021-08-02 20:36:53', '2021-08-02 20:36:53'),
	(1152, 'Hyundai', 'ix35', 'ix35 GLS 2.0L 16v (Flex) (Aut)', 1, '08:00', '18:00', 1, '08:00', '18:00', 1, '09:00', '18:00', 30, 340, '2021-08-02 20:36:53', '2021-08-02 20:36:53'),
	(1154, 'Hyundai', 'HD80', '3.0 16V diesel', 1, '08:00', '18:00', 1, '08:00', '18:00', 1, '09:00', '18:00', 30, 340, '2021-08-02 20:36:53', '2021-08-02 20:36:53'),
	(1157, 'Hyundai', 'HR', 'HR LD 2.5 (sem caçamba)', 1, '08:00', '18:00', 1, '08:00', '18:00', 1, '09:00', '18:00', 30, 341, '2021-08-02 20:36:53', '2021-08-02 20:36:53'),
	(1158, 'Hyundai', 'New Tucson', 'New Tucson GLS 1.6 GDI Turbo (Aut)', 1, '08:00', '18:00', 1, '08:00', '18:00', 1, '09:00', '18:00', 30, 341, '2021-08-02 20:36:53', '2021-08-02 20:36:53'),
	(1159, 'Hyundai', 'ix35', 'ix35 GLS 2.0L 16v (Flex) (Aut)', 1, '08:00', '18:00', 1, '08:00', '18:00', 1, '09:00', '18:00', 30, 341, '2021-08-02 20:36:53', '2021-08-02 20:36:53'),
	(1161, 'Hyundai', 'HD80', '3.0 16V diesel', 1, '08:00', '18:00', 1, '08:00', '18:00', 1, '09:00', '18:00', 30, 341, '2021-08-02 20:36:53', '2021-08-02 20:36:53'),
	(1163, 'Hyundai', 'Santa Fe', 'Santa Fe 3.3L V6 4x4 5L', 1, '08:00', '20:00', 1, '08:00', '23:00', 1, '09:00', '19:00', 30, 342, '2021-08-02 20:36:54', '2021-08-02 20:36:54'),
	(1164, 'Hyundai', 'HR', 'HR LD 2.5 (sem caçamba)', 0, '08:00', '18:00', 0, '08:00', '18:00', 0, '09:00', '18:00', 30, 342, '2021-08-02 20:36:54', '2021-08-02 20:36:54'),
	(1165, 'Hyundai', 'New Tucson', 'New Tucson GLS 1.6 GDI Turbo (Aut)', 1, '08:00', '20:00', 1, '08:00', '20:00', 1, '09:00', '20:00', 30, 342, '2021-08-02 20:36:54', '2021-08-02 20:36:54'),
	(1166, 'Hyundai', 'ix35', 'ix35 GLS 2.0L 16v (Flex) (Aut)', 1, '08:00', '18:00', 1, '08:00', '18:00', 1, '09:00', '18:00', 30, 342, '2021-08-02 20:36:54', '2021-08-02 20:36:54'),
	(1176, 'Hyundai', 'Creta', 'Creta 1.6 Attitude', 1, '08:00', '18:00', 1, '08:00', '18:00', 1, '09:00', '18:00', 30, 345, '2021-08-02 20:36:54', '2021-08-02 20:36:54'),
	(1177, 'Hyundai', 'Santa Fe', 'Santa Fe 3.3L V6 4x4 5L', 1, '08:00', '18:00', 1, '08:00', '18:00', 1, '09:00', '18:00', 30, 345, '2021-08-02 20:36:54', '2021-08-02 20:36:54'),
	(1178, 'Hyundai', 'HR', 'HR LD 2.5 (sem caçamba)', 1, '08:00', '18:00', 1, '08:00', '18:00', 1, '09:00', '18:00', 30, 345, '2021-08-02 20:36:54', '2021-08-02 20:36:54'),
	(1179, 'Hyundai', 'New Tucson', 'New Tucson GLS 1.6 GDI Turbo (Aut)', 1, '08:00', '18:00', 1, '08:00', '18:00', 1, '09:00', '18:00', 30, 345, '2021-08-02 20:36:54', '2021-08-02 20:36:54'),
	(1180, 'Hyundai', 'ix35', 'ix35 GLS 2.0L 16v (Flex) (Aut)', 1, '08:00', '18:00', 1, '08:00', '18:00', 1, '09:00', '18:00', 30, 345, '2021-08-02 20:36:54', '2021-08-02 20:36:54'),
	(1181, 'Hyundai', 'Elantra', 'Elantra Sedan GLS 2.0L 16v (Flex) (Aut)', 1, '08:00', '18:00', 1, '08:00', '18:00', 1, '09:00', '18:00', 30, 345, '2021-08-02 20:36:54', '2021-08-02 20:36:54'),
	(1182, 'Hyundai', 'HD80', '3.0 16V diesel', 1, '08:00', '18:00', 1, '08:00', '18:00', 1, '09:00', '18:00', 30, 345, '2021-08-02 20:36:54', '2021-08-02 20:36:54'),
	(1185, 'Hyundai', 'HR', 'HR LD 2.5 (sem caçamba)', 1, '08:00', '18:00', 1, '08:00', '18:00', 1, '09:00', '18:00', 30, 346, '2021-08-02 20:36:55', '2021-08-02 20:36:55'),
	(1186, 'Hyundai', 'New Tucson', 'New Tucson GLS 1.6 GDI Turbo (Aut)', 1, '08:00', '18:00', 1, '08:00', '18:00', 1, '09:00', '18:00', 30, 346, '2021-08-02 20:36:55', '2021-08-02 20:36:55'),
	(1187, 'Hyundai', 'ix35', 'ix35 GLS 2.0L 16v (Flex) (Aut)', 1, '08:00', '18:00', 1, '08:00', '18:00', 1, '09:00', '18:00', 30, 346, '2021-08-02 20:36:55', '2021-08-02 20:36:55'),
	(1189, 'Hyundai', 'HD80', '3.0 16V diesel', 1, '08:00', '18:00', 1, '08:00', '18:00', 1, '09:00', '18:00', 30, 346, '2021-08-02 20:36:55', '2021-08-02 20:36:55'),
	(1192, 'Hyundai', 'HR', 'HR LD 2.5 (sem caçamba)', 1, '08:00', '18:00', 1, '08:00', '18:00', 1, '09:00', '18:00', 30, 347, '2021-08-02 20:36:55', '2021-08-02 20:36:55'),
	(1193, 'Hyundai', 'New Tucson', 'New Tucson GLS 1.6 GDI Turbo (Aut)', 1, '08:00', '18:00', 1, '08:00', '18:00', 1, '09:00', '18:00', 30, 347, '2021-08-02 20:36:55', '2021-08-02 20:36:55'),
	(1194, 'Hyundai', 'ix35', 'ix35 GLS 2.0L 16v (Flex) (Aut)', 1, '08:00', '18:00', 1, '08:00', '18:00', 1, '09:00', '18:00', 30, 347, '2021-08-02 20:36:55', '2021-08-02 20:36:55'),
	(1196, 'Hyundai', 'HD80', '3.0 16V diesel', 1, '08:00', '18:00', 1, '08:00', '18:00', 1, '09:00', '18:00', 30, 347, '2021-08-02 20:36:55', '2021-08-02 20:36:55'),
	(1206, 'Hyundai', 'HR', 'HR LD 2.5 (sem caçamba)', 1, '08:00', '18:00', 1, '08:00', '18:00', 1, '09:00', '18:00', 30, 349, '2021-08-02 20:36:55', '2021-08-02 20:36:55'),
	(1207, 'Hyundai', 'New Tucson', 'New Tucson GLS 1.6 GDI Turbo (Aut)', 1, '08:00', '18:00', 1, '08:00', '18:00', 1, '09:00', '18:00', 30, 349, '2021-08-02 20:36:55', '2021-08-02 20:36:55'),
	(1208, 'Hyundai', 'ix35', 'ix35 GLS 2.0L 16v (Flex) (Aut)', 1, '08:00', '18:00', 1, '08:00', '18:00', 1, '09:00', '18:00', 30, 349, '2021-08-02 20:36:55', '2021-08-02 20:36:55'),
	(1210, 'Hyundai', 'HD80', '3.0 16V diesel', 1, '08:00', '18:00', 1, '08:00', '18:00', 1, '09:00', '18:00', 30, 349, '2021-08-02 20:36:55', '2021-08-02 20:36:55'),
	(1211, 'Hyundai', 'Creta', 'Creta 1.6 Attitude', 1, '08:00', '18:00', 1, '08:00', '18:00', 1, '09:00', '18:00', 30, 357, '2021-08-02 20:36:56', '2021-08-02 20:36:56'),
	(1212, 'Hyundai', 'Santa Fe', 'Santa Fe 3.3L V6 4x4 5L', 1, '08:00', '18:00', 1, '08:00', '18:00', 1, '09:00', '18:00', 30, 357, '2021-08-02 20:36:56', '2021-08-02 20:36:56'),
	(1213, 'Hyundai', 'HR', 'HR LD 2.5 (sem caçamba)', 1, '08:00', '18:00', 1, '08:00', '18:00', 1, '09:00', '18:00', 30, 357, '2021-08-02 20:36:56', '2021-08-02 20:36:56'),
	(1214, 'Hyundai', 'New Tucson', 'New Tucson GLS 1.6 GDI Turbo (Aut)', 1, '08:00', '18:00', 1, '08:00', '18:00', 1, '09:00', '18:00', 30, 357, '2021-08-02 20:36:56', '2021-08-02 20:36:56'),
	(1215, 'Hyundai', 'ix35', 'ix35 GLS 2.0L 16v (Flex) (Aut)', 1, '08:00', '18:00', 1, '08:00', '18:00', 1, '09:00', '18:00', 30, 357, '2021-08-02 20:36:56', '2021-08-02 20:36:56'),
	(1216, 'Hyundai', 'Elantra', 'Elantra Sedan GLS 2.0L 16v (Flex) (Aut)', 1, '08:00', '18:00', 1, '08:00', '18:00', 1, '09:00', '18:00', 30, 357, '2021-08-02 20:36:56', '2021-08-02 20:36:56'),
	(1217, 'Hyundai', 'HD80', '3.0 16V diesel', 1, '08:00', '18:00', 1, '08:00', '18:00', 1, '09:00', '18:00', 30, 357, '2021-08-02 20:36:56', '2021-08-02 20:36:56'),
	(1220, 'Hyundai', 'HR', 'HR LD 2.5 (sem caçamba)', 1, '08:00', '18:00', 1, '08:00', '18:00', 1, '09:00', '18:00', 30, 359, '2021-08-02 20:36:57', '2021-08-02 20:36:57'),
	(1221, 'Hyundai', 'New Tucson', 'New Tucson GLS 1.6 GDI Turbo (Aut)', 1, '08:00', '18:00', 1, '08:00', '18:00', 1, '09:00', '18:00', 30, 359, '2021-08-02 20:36:57', '2021-08-02 20:36:57'),
	(1222, 'Hyundai', 'ix35', 'ix35 GLS 2.0L 16v (Flex) (Aut)', 1, '08:00', '18:00', 1, '08:00', '18:00', 1, '09:00', '18:00', 30, 359, '2021-08-02 20:36:57', '2021-08-02 20:36:57'),
	(1224, 'Hyundai', 'HD80', '3.0 16V diesel', 1, '08:00', '18:00', 1, '08:00', '18:00', 1, '09:00', '18:00', 30, 359, '2021-08-02 20:36:57', '2021-08-02 20:36:57'),
	(1227, 'Hyundai', 'HR', 'HR LD 2.5 (sem caçamba)', 1, '08:00', '18:00', 1, '08:00', '18:00', 1, '09:00', '18:00', 30, 361, '2021-08-02 20:36:57', '2021-08-02 20:36:57'),
	(1228, 'Hyundai', 'New Tucson', 'New Tucson GLS 1.6 GDI Turbo (Aut)', 1, '08:00', '18:00', 1, '08:00', '18:00', 1, '09:00', '18:00', 30, 361, '2021-08-02 20:36:57', '2021-08-02 20:36:57'),
	(1229, 'Hyundai', 'ix35', 'ix35 GLS 2.0L 16v (Flex) (Aut)', 1, '08:00', '18:00', 1, '08:00', '18:00', 1, '09:00', '18:00', 30, 361, '2021-08-02 20:36:57', '2021-08-02 20:36:57'),
	(1231, 'Hyundai', 'HD80', '3.0 16V diesel', 1, '08:00', '18:00', 1, '08:00', '18:00', 1, '09:00', '18:00', 30, 361, '2021-08-02 20:36:57', '2021-08-02 20:36:57'),
	(1234, 'Hyundai', 'HR', 'HR LD 2.5 (sem caçamba)', 1, '08:00', '18:00', 1, '08:00', '18:00', 1, '09:00', '18:00', 30, 362, '2021-08-02 20:36:57', '2021-08-02 20:36:57'),
	(1235, 'Hyundai', 'New Tucson', 'New Tucson GLS 1.6 GDI Turbo (Aut)', 1, '08:00', '18:00', 1, '08:00', '18:00', 1, '09:00', '18:00', 30, 362, '2021-08-02 20:36:57', '2021-08-02 20:36:57'),
	(1236, 'Hyundai', 'ix35', 'ix35 GLS 2.0L 16v (Flex) (Aut)', 1, '08:00', '18:00', 1, '08:00', '18:00', 1, '09:00', '18:00', 30, 362, '2021-08-02 20:36:57', '2021-08-02 20:36:57'),
	(1238, 'Hyundai', 'HD80', '3.0 16V diesel', 1, '08:00', '18:00', 1, '08:00', '18:00', 1, '09:00', '18:00', 30, 362, '2021-08-02 20:36:57', '2021-08-02 20:36:57'),
	(1239, 'Hyundai', 'Creta', 'Creta 1.6 Attitude', 1, '08:00', '18:00', 1, '08:00', '18:00', 1, '09:00', '18:00', 30, 363, '2021-08-02 20:36:58', '2021-08-02 20:36:58'),
	(1241, 'Hyundai', 'HR', 'HR LD 2.5 (sem caçamba)', 1, '08:00', '18:00', 1, '08:00', '18:00', 1, '09:00', '18:00', 30, 363, '2021-08-02 20:36:58', '2021-08-02 20:36:58'),
	(1242, 'Hyundai', 'New Tucson', 'New Tucson GLS 1.6 GDI Turbo (Aut)', 1, '08:00', '18:00', 1, '08:00', '18:00', 1, '09:00', '18:00', 30, 363, '2021-08-02 20:36:58', '2021-08-02 20:36:58'),
	(1243, 'Hyundai', 'ix35', 'ix35 GLS 2.0L 16v (Flex) (Aut)', 1, '08:00', '18:00', 1, '08:00', '18:00', 1, '09:00', '18:00', 30, 363, '2021-08-02 20:36:58', '2021-08-02 20:36:58'),
	(1244, 'Hyundai', 'Elantra', 'Elantra Sedan GLS 2.0L 16v (Flex) (Aut)', 1, '08:00', '18:00', 1, '08:00', '18:00', 1, '09:00', '18:00', 30, 363, '2021-08-02 20:36:58', '2021-08-02 20:36:58'),
	(1245, 'Hyundai', 'HD80', '3.0 16V diesel', 1, '08:00', '18:00', 1, '08:00', '18:00', 1, '09:00', '18:00', 30, 363, '2021-08-02 20:36:58', '2021-08-02 20:36:58'),
	(1253, 'Hyundai', 'Creta', 'Creta 1.6 Attitude', 1, '08:00', '18:00', 1, '08:00', '18:00', 1, '09:00', '18:00', 30, 369, '2021-08-02 20:37:00', '2021-08-02 20:37:00'),
	(1255, 'Hyundai', 'HR', 'HR LD 2.5 (sem caçamba)', 1, '08:00', '18:00', 1, '08:00', '18:00', 1, '09:00', '18:00', 30, 369, '2021-08-02 20:37:00', '2021-08-02 20:37:00'),
	(1256, 'Hyundai', 'New Tucson', 'New Tucson GLS 1.6 GDI Turbo (Aut)', 1, '08:00', '18:00', 1, '08:00', '18:00', 1, '09:00', '18:00', 30, 369, '2021-08-02 20:37:00', '2021-08-02 20:37:00'),
	(1257, 'Hyundai', 'ix35', 'ix35 GLS 2.0L 16v (Flex) (Aut)', 1, '08:00', '18:00', 1, '08:00', '18:00', 1, '09:00', '18:00', 30, 369, '2021-08-02 20:37:00', '2021-08-02 20:37:00'),
	(1258, 'Hyundai', 'Elantra', 'Elantra Sedan GLS 2.0L 16v (Flex) (Aut)', 1, '08:00', '18:00', 1, '08:00', '18:00', 1, '09:00', '18:00', 30, 369, '2021-08-02 20:37:00', '2021-08-02 20:37:00'),
	(1259, 'Hyundai', 'HD80', '3.0 16V diesel', 1, '08:00', '18:00', 1, '08:00', '18:00', 1, '09:00', '18:00', 30, 369, '2021-08-02 20:37:00', '2021-08-02 20:37:00'),
	(1262, 'Hyundai', 'HR', 'HR LD 2.5 (sem caçamba)', 1, '08:00', '18:00', 1, '08:00', '18:00', 1, '09:00', '18:00', 30, 370, '2021-08-02 20:37:00', '2021-08-02 20:37:00'),
	(1263, 'Hyundai', 'New Tucson', 'New Tucson GLS 1.6 GDI Turbo (Aut)', 1, '08:00', '18:00', 1, '08:00', '18:00', 1, '09:00', '18:00', 30, 370, '2021-08-02 20:37:00', '2021-08-02 20:37:00'),
	(1264, 'Hyundai', 'ix35', 'ix35 GLS 2.0L 16v (Flex) (Aut)', 1, '08:00', '18:00', 1, '08:00', '18:00', 1, '09:00', '18:00', 30, 370, '2021-08-02 20:37:00', '2021-08-02 20:37:00'),
	(1266, 'Hyundai', 'HD80', '3.0 16V diesel', 1, '08:00', '18:00', 1, '08:00', '18:00', 1, '09:00', '18:00', 30, 370, '2021-08-02 20:37:00', '2021-08-02 20:37:00'),
	(1269, 'Hyundai', 'HR', 'HR LD 2.5 (sem caçamba)', 1, '08:00', '18:00', 1, '08:00', '18:00', 1, '09:00', '18:00', 30, 371, '2021-08-02 20:37:01', '2021-08-02 20:37:01'),
	(1270, 'Hyundai', 'New Tucson', 'New Tucson GLS 1.6 GDI Turbo (Aut)', 1, '08:00', '18:00', 1, '08:00', '18:00', 1, '09:00', '18:00', 30, 371, '2021-08-02 20:37:01', '2021-08-02 20:37:01'),
	(1271, 'Hyundai', 'ix35', 'ix35 GLS 2.0L 16v (Flex) (Aut)', 1, '08:00', '18:00', 1, '08:00', '18:00', 1, '09:00', '18:00', 30, 371, '2021-08-02 20:37:01', '2021-08-02 20:37:01'),
	(1273, 'Hyundai', 'HD80', '3.0 16V diesel', 1, '08:00', '18:00', 1, '08:00', '18:00', 1, '09:00', '18:00', 30, 371, '2021-08-02 20:37:01', '2021-08-02 20:37:01'),
	(1274, 'Hyundai', 'Creta', 'Creta 1.6 Attitude', 1, '08:00', '18:00', 1, '08:00', '18:00', 1, '09:00', '18:00', 30, 372, '2021-08-02 20:37:01', '2021-08-02 20:37:01'),
	(1275, 'Hyundai', 'Santa Fe', 'Santa Fe 3.3L V6 4x4 5L', 1, '08:00', '18:00', 1, '08:00', '18:00', 1, '09:00', '18:00', 30, 372, '2021-08-02 20:37:01', '2021-08-02 20:37:01'),
	(1276, 'Hyundai', 'HR', 'HR LD 2.5 (sem caçamba)', 1, '08:00', '18:00', 1, '08:00', '18:00', 1, '09:00', '18:00', 30, 372, '2021-08-02 20:37:01', '2021-08-02 20:37:01'),
	(1277, 'Hyundai', 'New Tucson', 'New Tucson GLS 1.6 GDI Turbo (Aut)', 1, '08:00', '18:00', 1, '08:00', '18:00', 1, '09:00', '18:00', 30, 372, '2021-08-02 20:37:01', '2021-08-02 20:37:01'),
	(1278, 'Hyundai', 'ix35', 'ix35 GLS 2.0L 16v (Flex) (Aut)', 1, '08:00', '18:00', 1, '08:00', '18:00', 1, '09:00', '18:00', 30, 372, '2021-08-02 20:37:01', '2021-08-02 20:37:01'),
	(1279, 'Hyundai', 'Elantra', 'Elantra Sedan GLS 2.0L 16v (Flex) (Aut)', 1, '08:00', '18:00', 1, '08:00', '18:00', 1, '09:00', '18:00', 30, 372, '2021-08-02 20:37:01', '2021-08-02 20:37:01'),
	(1280, 'Hyundai', 'HD80', '3.0 16V diesel', 1, '08:00', '18:00', 1, '08:00', '18:00', 1, '09:00', '18:00', 30, 372, '2021-08-02 20:37:01', '2021-08-02 20:37:01'),
	(1283, 'Hyundai', 'HR', 'HR LD 2.5 (sem caçamba)', 1, '08:00', '18:00', 1, '08:00', '18:00', 1, '09:00', '18:00', 30, 373, '2021-08-02 20:37:01', '2021-08-02 20:37:01'),
	(1284, 'Hyundai', 'New Tucson', 'New Tucson GLS 1.6 GDI Turbo (Aut)', 1, '08:00', '18:00', 1, '08:00', '18:00', 1, '09:00', '18:00', 30, 373, '2021-08-02 20:37:01', '2021-08-02 20:37:01'),
	(1285, 'Hyundai', 'ix35', 'ix35 GLS 2.0L 16v (Flex) (Aut)', 1, '08:00', '18:00', 1, '08:00', '18:00', 1, '09:00', '18:00', 30, 373, '2021-08-02 20:37:01', '2021-08-02 20:37:01'),
	(1287, 'Hyundai', 'HD80', '3.0 16V diesel', 1, '08:00', '18:00', 1, '08:00', '18:00', 1, '09:00', '18:00', 30, 373, '2021-08-02 20:37:01', '2021-08-02 20:37:01'),
	(1289, 'Hyundai', 'Santa Fe', 'Santa Fe 3.3L V6 4x4 5L', 1, '08:00', '18:00', 1, '08:00', '18:00', 1, '09:00', '18:00', 30, 412, '2021-08-02 20:37:13', '2021-08-02 20:37:13'),
	(1290, 'Hyundai', 'HR', 'HR LD 2.5 (sem caçamba)', 1, '08:00', '18:00', 1, '08:00', '18:00', 1, '09:00', '18:00', 30, 412, '2021-08-02 20:37:13', '2021-08-02 20:37:13'),
	(1291, 'Hyundai', 'New Tucson', 'New Tucson GLS 1.6 GDI Turbo (Aut)', 1, '08:00', '18:00', 1, '08:00', '18:00', 1, '09:00', '18:00', 30, 412, '2021-08-02 20:37:13', '2021-08-02 20:37:13'),
	(1292, 'Hyundai', 'ix35', 'ix35 GLS 2.0L 16v (Flex) (Aut)', 1, '08:00', '18:00', 1, '08:00', '18:00', 1, '09:00', '18:00', 30, 412, '2021-08-02 20:37:13', '2021-08-02 20:37:13'),
	(1294, 'Hyundai', 'HD80', '3.0 16V diesel', 1, '08:00', '18:00', 1, '08:00', '18:00', 1, '09:00', '18:00', 30, 412, '2021-08-02 20:37:13', '2021-08-02 20:37:13'),
	(1297, 'Hyundai', 'HR', 'HR LD 2.5 (sem caçamba)', 1, '08:00', '18:00', 1, '08:00', '18:00', 1, '09:00', '18:00', 30, 417, '2021-08-02 20:37:13', '2021-08-02 20:37:13'),
	(1298, 'Hyundai', 'New Tucson', 'New Tucson GLS 1.6 GDI Turbo (Aut)', 1, '08:00', '18:00', 1, '08:00', '18:00', 1, '09:00', '18:00', 30, 417, '2021-08-02 20:37:13', '2021-08-02 20:37:13'),
	(1299, 'Hyundai', 'ix35', 'ix35 GLS 2.0L 16v (Flex) (Aut)', 1, '08:00', '18:00', 1, '08:00', '18:00', 1, '09:00', '18:00', 30, 417, '2021-08-02 20:37:13', '2021-08-02 20:37:13'),
	(1301, 'Hyundai', 'HD80', '3.0 16V diesel', 1, '08:00', '18:00', 1, '08:00', '18:00', 1, '09:00', '18:00', 30, 417, '2021-08-02 20:37:13', '2021-08-02 20:37:13'),
	(1309, 'Hyundai', 'Creta', 'Creta 1.6 Attitude', 1, '08:00', '18:00', 1, '08:00', '18:00', 1, '09:00', '18:00', 30, 419, '2021-08-02 20:37:14', '2021-08-02 20:37:14'),
	(1310, 'Hyundai', 'Santa Fe', 'Santa Fe 3.3L V6 4x4 5L', 1, '08:00', '18:00', 1, '08:00', '18:00', 1, '09:00', '18:00', 30, 419, '2021-08-02 20:37:14', '2021-08-02 20:37:14'),
	(1311, 'Hyundai', 'HR', 'HR LD 2.5 (sem caçamba)', 1, '08:00', '18:00', 1, '08:00', '18:00', 1, '09:00', '18:00', 30, 419, '2021-08-02 20:37:14', '2021-08-02 20:37:14'),
	(1312, 'Hyundai', 'New Tucson', 'New Tucson GLS 1.6 GDI Turbo (Aut)', 1, '08:00', '18:00', 1, '08:00', '18:00', 1, '09:00', '18:00', 30, 419, '2021-08-02 20:37:14', '2021-08-02 20:37:14'),
	(1313, 'Hyundai', 'ix35', 'ix35 GLS 2.0L 16v (Flex) (Aut)', 1, '08:00', '18:00', 1, '08:00', '18:00', 1, '09:00', '18:00', 30, 419, '2021-08-02 20:37:14', '2021-08-02 20:37:14'),
	(1314, 'Hyundai', 'Elantra', 'Elantra Sedan GLS 2.0L 16v (Flex) (Aut)', 1, '08:00', '18:00', 1, '08:00', '18:00', 1, '09:00', '18:00', 30, 419, '2021-08-02 20:37:14', '2021-08-02 20:37:14'),
	(1315, 'Hyundai', 'HD80', '3.0 16V diesel', 1, '08:00', '18:00', 1, '08:00', '18:00', 1, '09:00', '18:00', 30, 419, '2021-08-02 20:37:14', '2021-08-02 20:37:14'),
	(1317, 'Hyundai', 'Santa Fe', 'Santa Fe 3.3L V6 4x4 5L', 1, '08:00', '18:00', 1, '08:00', '18:00', 1, '09:00', '18:00', 30, 420, '2021-08-02 20:37:15', '2021-08-02 20:37:15'),
	(1318, 'Hyundai', 'HR', 'HR LD 2.5 (sem caçamba)', 1, '08:00', '18:00', 1, '08:00', '18:00', 1, '09:00', '18:00', 30, 420, '2021-08-02 20:37:15', '2021-08-02 20:37:15'),
	(1319, 'Hyundai', 'New Tucson', 'New Tucson GLS 1.6 GDI Turbo (Aut)', 1, '08:00', '18:00', 1, '08:00', '18:00', 1, '09:00', '18:00', 30, 420, '2021-08-02 20:37:15', '2021-08-02 20:37:15'),
	(1320, 'Hyundai', 'ix35', 'ix35 GLS 2.0L 16v (Flex) (Aut)', 1, '08:00', '18:00', 1, '08:00', '18:00', 1, '09:00', '18:00', 30, 420, '2021-08-02 20:37:15', '2021-08-02 20:37:15'),
	(1322, 'Hyundai', 'HD80', '3.0 16V diesel', 1, '08:00', '18:00', 1, '08:00', '18:00', 1, '09:00', '18:00', 30, 420, '2021-08-02 20:37:15', '2021-08-02 20:37:15'),
	(1325, 'Hyundai', 'HR', 'HR LD 2.5 (sem caçamba)', 1, '08:00', '18:00', 1, '08:00', '18:00', 1, '09:00', '18:00', 30, 422, '2021-08-02 20:37:15', '2021-08-02 20:37:15'),
	(1326, 'Hyundai', 'New Tucson', 'New Tucson GLS 1.6 GDI Turbo (Aut)', 1, '08:00', '18:00', 1, '08:00', '18:00', 1, '09:00', '18:00', 30, 422, '2021-08-02 20:37:15', '2021-08-02 20:37:15'),
	(1327, 'Hyundai', 'ix35', 'ix35 GLS 2.0L 16v (Flex) (Aut)', 1, '08:00', '18:00', 1, '08:00', '18:00', 1, '09:00', '18:00', 30, 422, '2021-08-02 20:37:15', '2021-08-02 20:37:15'),
	(1329, 'Hyundai', 'HD80', '3.0 16V diesel', 1, '08:00', '18:00', 1, '08:00', '18:00', 1, '09:00', '18:00', 30, 422, '2021-08-02 20:37:15', '2021-08-02 20:37:15'),
	(1337, 'Hyundai', 'Creta', 'Creta 1 Million', 1, '08:00', '18:00', 1, '08:00', '18:00', 1, '09:00', '18:00', 30, 44, '2021-08-02 20:36:11', '2021-08-02 20:36:11'),
	(1341, 'Hyundai', 'Creta', 'Creta 1 Million', 1, '08:00', '18:00', 1, '08:00', '18:00', 1, '09:00', '18:00', 30, 45, '2021-08-02 20:36:12', '2021-08-02 20:36:12'),
	(1345, 'Hyundai', 'Creta', 'Creta 1 Million', 1, '08:00', '18:00', 1, '08:00', '18:00', 1, '09:00', '18:00', 30, 46, '2021-08-02 20:36:12', '2021-08-02 20:36:12'),
	(1349, 'Hyundai', 'Creta', 'Creta 1 Million', 1, '08:00', '18:00', 1, '08:00', '18:00', 1, '09:00', '18:00', 30, 47, '2021-08-02 20:36:13', '2021-08-02 20:36:13'),
	(1353, 'Hyundai', 'Creta', 'Creta 1 Million', 1, '08:00', '18:00', 1, '08:00', '18:00', 1, '09:00', '18:00', 30, 48, '2021-08-02 20:36:13', '2021-08-02 20:36:13'),
	(1357, 'Hyundai', 'Creta', 'Creta 1 Million', 1, '08:00', '18:00', 1, '08:00', '18:00', 1, '09:00', '18:00', 30, 49, '2021-08-02 20:36:14', '2021-08-02 20:36:14'),
	(1361, 'Hyundai', 'Creta', 'Creta 1 Million', 1, '08:00', '18:00', 1, '08:00', '18:00', 1, '09:00', '18:00', 30, 50, '2021-08-02 20:36:14', '2021-08-02 20:36:14'),
	(1365, 'Hyundai', 'Creta', 'Creta 1 Million', 1, '08:00', '18:00', 1, '08:00', '18:00', 1, '09:00', '18:00', 30, 51, '2021-08-02 20:36:14', '2021-08-02 20:36:14'),
	(1369, 'Hyundai', 'Creta', 'Creta 1 Million', 1, '08:00', '18:00', 1, '08:00', '18:00', 1, '09:00', '18:00', 30, 52, '2021-08-02 20:36:15', '2021-08-02 20:36:15'),
	(1373, 'Hyundai', 'Creta', 'Creta 1 Million', 1, '08:00', '18:00', 1, '08:00', '18:00', 1, '09:00', '18:00', 30, 53, '2021-08-02 20:36:15', '2021-08-02 20:36:15'),
	(1377, 'Hyundai', 'Creta', 'Creta 1 Million', 1, '08:00', '18:00', 1, '08:00', '18:00', 1, '09:00', '18:00', 30, 54, '2021-08-02 20:36:16', '2021-08-02 20:36:16'),
	(1381, 'Hyundai', 'Creta', 'Creta 1 Million', 1, '08:00', '18:00', 1, '08:00', '18:00', 1, '09:00', '18:00', 30, 55, '2021-08-02 20:36:16', '2021-08-02 20:36:16'),
	(1385, 'Hyundai', 'Creta', 'Creta 1 Million', 1, '08:00', '18:00', 1, '08:00', '18:00', 1, '09:00', '18:00', 30, 56, '2021-08-02 20:36:16', '2021-08-02 20:36:16'),
	(1389, 'Hyundai', 'Creta', 'Creta 1 Million', 1, '08:00', '18:00', 1, '08:00', '18:00', 1, '09:00', '18:00', 30, 57, '2021-08-02 20:36:17', '2021-08-02 20:36:17'),
	(1393, 'Hyundai', 'Creta', 'Creta 1 Million', 1, '08:00', '18:00', 1, '08:00', '18:00', 1, '09:00', '18:00', 30, 58, '2021-08-02 20:36:17', '2021-08-02 20:36:17'),
	(1397, 'Hyundai', 'Creta', 'Creta 1 Million', 1, '08:00', '18:00', 1, '08:00', '18:00', 1, '09:00', '18:00', 30, 59, '2021-08-02 20:36:18', '2021-08-02 20:36:18'),
	(1401, 'Hyundai', 'Creta', 'Creta 1 Million', 1, '08:00', '18:00', 1, '08:00', '18:00', 1, '09:00', '18:00', 30, 61, '2021-08-02 20:36:19', '2021-08-02 20:36:19'),
	(1405, 'Hyundai', 'Creta', 'Creta 1 Million', 1, '08:00', '18:00', 1, '08:00', '18:00', 1, '09:00', '18:00', 30, 62, '2021-08-02 20:36:19', '2021-08-02 20:36:19'),
	(1409, 'Hyundai', 'Creta', 'Creta 1 Million', 1, '08:00', '18:00', 1, '08:00', '18:00', 1, '09:00', '18:00', 30, 63, '2021-08-02 20:36:20', '2021-08-02 20:36:20'),
	(1413, 'Hyundai', 'Creta', 'Creta 1 Million', 1, '08:00', '18:00', 1, '08:00', '18:00', 1, '09:00', '18:00', 30, 64, '2021-08-02 20:36:20', '2021-08-02 20:36:20'),
	(1417, 'Hyundai', 'Creta', 'Creta 1 Million', 1, '08:00', '18:00', 1, '08:00', '18:00', 1, '09:00', '18:00', 30, 65, '2021-08-02 20:36:20', '2021-08-02 20:36:20'),
	(1421, 'Hyundai', 'Creta', 'Creta 1 Million', 1, '08:00', '18:00', 1, '08:00', '18:00', 1, '09:00', '18:00', 30, 66, '2021-08-02 20:36:21', '2021-08-02 20:36:21'),
	(1425, 'Hyundai', 'Creta', 'Creta 1 Million', 1, '08:00', '18:00', 1, '08:00', '18:00', 1, '09:00', '18:00', 30, 67, '2021-08-02 20:36:21', '2021-08-02 20:36:21'),
	(1429, 'Hyundai', 'Creta', 'Creta 1 Million', 1, '08:00', '18:00', 1, '08:00', '18:00', 1, '09:00', '18:00', 30, 68, '2021-08-02 20:36:22', '2021-08-02 20:36:22'),
	(1433, 'Hyundai', 'Creta', 'Creta 1 Million', 1, '08:00', '18:00', 1, '08:00', '18:00', 1, '09:00', '18:00', 30, 69, '2021-08-02 20:36:22', '2021-08-02 20:36:22'),
	(1441, 'Hyundai', 'Creta', 'Creta 1 Million', 1, '08:00', '18:00', 1, '08:00', '18:00', 1, '09:00', '18:00', 30, 71, '2021-08-02 20:36:23', '2021-08-02 20:36:23'),
	(1445, 'Hyundai', 'Creta', 'Creta 1 Million', 1, '08:00', '18:00', 1, '08:00', '18:00', 1, '09:00', '18:00', 30, 72, '2021-08-02 20:36:23', '2021-08-02 20:36:23'),
	(1449, 'Hyundai', 'Creta', 'Creta 1 Million', 1, '08:00', '18:00', 1, '08:00', '18:00', 1, '09:00', '18:00', 30, 73, '2021-08-02 20:36:24', '2021-08-02 20:36:24'),
	(1453, 'Hyundai', 'Creta', 'Creta 1 Million', 1, '08:00', '18:00', 1, '08:00', '18:00', 1, '09:00', '18:00', 30, 74, '2021-08-02 20:36:24', '2021-08-02 20:36:24'),
	(1457, 'Hyundai', 'Creta', 'Creta 1 Million', 1, '08:00', '18:00', 1, '08:00', '18:00', 1, '09:00', '18:00', 30, 75, '2021-08-02 20:36:25', '2021-08-02 20:36:25'),
	(1461, 'Hyundai', 'Creta', 'Creta 1 Million', 1, '08:00', '18:00', 1, '08:00', '18:00', 1, '09:00', '18:00', 30, 76, '2021-08-02 20:36:25', '2021-08-02 20:36:25'),
	(1465, 'Hyundai', 'Creta', 'Creta 1 Million', 1, '08:00', '18:00', 1, '08:00', '18:00', 1, '09:00', '18:00', 30, 77, '2021-08-02 20:36:26', '2021-08-02 20:36:26'),
	(1469, 'Hyundai', 'Creta', 'Creta 1 Million', 1, '08:00', '18:00', 1, '08:00', '18:00', 1, '09:00', '18:00', 30, 78, '2021-08-02 20:36:26', '2021-08-02 20:36:26'),
	(1473, 'Hyundai', 'Creta', 'Creta 1 Million', 1, '08:00', '18:00', 1, '08:00', '18:00', 1, '09:00', '18:00', 30, 79, '2021-08-02 20:36:27', '2021-08-02 20:36:27'),
	(1477, 'Hyundai', 'Creta', 'Creta 1 Million', 1, '08:00', '18:00', 1, '08:00', '18:00', 1, '09:00', '18:00', 30, 80, '2021-08-02 20:36:27', '2021-08-02 20:36:27'),
	(1481, 'Hyundai', 'Creta', 'Creta 1 Million', 1, '08:00', '18:00', 1, '08:00', '18:00', 1, '09:00', '18:00', 30, 191, '2021-08-02 20:36:48', '2021-08-02 20:36:48'),
	(1491, 'Subaru', 'XV', 'XV 2.0i-S AWD (Aut)', 1, '08:00', '18:00', 1, '08:00', '18:00', 1, '09:00', '18:00', 30, 178, '2021-08-02 20:36:47', '2021-08-02 20:36:47'),
	(1577, 'Hyundai', 'Creta', 'Creta 1.6 Pulse', 1, '08:00', '19:00', 1, '08:00', '18:00', 0, '07:00', '20:00', 60, 92, '2021-08-02 20:36:30', '2021-08-02 20:36:30'),
	(1613, 'Hyundai', 'New Tucson', 'New Tucson Limited 1.6 GDI Turbo (Aut)', 1, '08:00', '18:00', 1, '08:30', '11:30', 0, '', '', 30, 299, '2021-08-02 20:36:50', '2021-08-02 20:36:50'),
	(1615, 'Hyundai', 'Creta', 'Creta 1 Million', 1, '08:00', '18:00', 1, '08:00', '18:00', 1, '09:00', '18:00', 30, 623, '2021-08-02 20:37:17', '2021-08-02 20:37:17'),
	(1620, 'Subaru', 'Outback', 'Legacy Outback 3.0 H6 AWD', 1, '08:00', '18:00', 1, '08:00', '18:00', 1, '09:00', '18:00', 30, 470, '2021-08-02 20:37:16', '2021-08-02 20:37:16'),
	(1621, 'Subaru', 'XV', 'XV 2.0i-S AWD (Aut)', 1, '08:00', '18:00', 1, '08:00', '18:00', 1, '09:00', '18:00', 30, 470, '2021-08-02 20:37:16', '2021-08-02 20:37:16'),
	(1623, 'Subaru', 'Outback', 'Legacy Outback 3.0 H6 AWD', 1, '08:00', '18:00', 1, '08:00', '18:00', 1, '09:00', '18:00', 30, 356, '2021-08-02 20:36:56', '2021-08-02 20:36:56'),
	(1626, 'Subaru', 'XV', 'XV 2.0i-S AWD (Aut)', 1, '08:00', '18:00', 1, '08:00', '18:00', 1, '09:00', '18:00', 30, 469, '2021-08-02 20:37:16', '2021-08-02 20:37:16'),
	(1646, 'Subaru', 'Subaru WRX STI', 'Subaru WRX STI', 0, '', '', 0, '', '', 0, '', '', NULL, 178, '2021-08-02 20:36:47', '2021-08-02 20:36:47'),
	(1649, 'Subaru', 'Subaru WRX', 'Subaru WRX', 1, '08:00', '18:00', 1, '08:00', '18:00', 1, '09:00', '18:00', 30, 470, '2021-08-02 20:37:16', '2021-08-02 20:37:16'),
	(1650, 'Subaru', 'Subaru WRX STI', 'Subaru WRX STI', 1, '08:00', '18:00', 1, '08:00', '18:00', 1, '09:00', '18:00', 30, 470, '2021-08-02 20:37:16', '2021-08-02 20:37:16'),
	(1654, 'Subaru', 'Subaru WRX STI', 'Subaru WRX STI', 1, '08:00', '18:00', 1, '08:00', '18:00', 1, '09:00', '18:00', 30, 176, '2021-08-02 20:36:46', '2021-08-02 20:36:46'),
	(1662, 'Subaru', 'Subaru WRX STI', 'Subaru WRX STI', 1, '08:00', '18:00', 1, '08:00', '18:00', 1, '09:00', '18:00', 30, 469, '2021-08-02 20:37:16', '2021-08-02 20:37:16'),
	(1666, 'Subaru', 'Subaru WRX STI', 'Subaru WRX STI', 1, '08:00', '18:00', 1, '08:00', '18:00', 1, '09:00', '18:00', 30, 181, '2021-08-02 20:36:48', '2021-08-02 20:36:48'),
	(1670, 'Subaru', 'Subaru WRX STI', 'Subaru WRX STI', 1, '08:00', '18:00', 1, '08:00', '18:00', 1, '09:00', '18:00', 30, 179, '2021-08-02 20:36:47', '2021-08-02 20:36:47'),
	(2053, 'Subaru', 'OUTBACK', 'OUTBACK', 1, '08:00', '18:00', 1, '08:00', '18:00', 1, '08:00', '18:00', 30, 470, '2021-08-02 20:37:16', '2021-08-02 20:37:16'),
	(2059, 'Subaru', 'OUTBACK', 'OUTBACK', 1, '08:00', '18:00', 1, '08:00', '18:00', 1, '08:00', '18:00', 39, 356, '2021-08-02 20:36:56', '2021-08-02 20:36:56'),
	(2077, 'Subaru', 'New Forester S', 'New Forester S', 0, '08:00', '18:00', 0, '08:00', '18:00', 0, '08:00', '18:00', 30, 470, '2021-08-02 20:37:16', '2021-08-02 20:37:16'),
	(2078, 'Subaru', 'New Forester S', 'New Forester S', 0, '08:00', '18:00', 0, '08:00', '18:00', 0, '08:00', '18:00', 30, 176, '2021-08-02 20:36:46', '2021-08-02 20:36:46'),
	(2079, 'Subaru', 'New Forester S', 'New Forester S', 0, '08:00', '18:00', 0, '08:00', '18:00', 0, '08:00', '18:00', 30, 356, '2021-08-02 20:36:56', '2021-08-02 20:36:56'),
	(2081, 'Subaru', 'New Forester S', 'New Forester S', 0, '08:00', '18:00', 0, '08:00', '18:00', 0, '08:00', '18:00', 30, 469, '2021-08-02 20:37:16', '2021-08-02 20:37:16'),
	(2082, 'Subaru', 'New Forester S', 'New Forester S', 0, '08:00', '18:00', 0, '08:00', '18:00', 0, '08:00', '18:00', 30, 178, '2021-08-02 20:36:47', '2021-08-02 20:36:47'),
	(2083, 'Subaru', 'New Forester S', 'New Forester S', 0, '08:00', '18:00', 0, '08:00', '18:00', 0, '08:00', '18:00', 30, 181, '2021-08-02 20:36:48', '2021-08-02 20:36:48'),
	(2084, 'Subaru', 'New Forester S', 'New Forester S', 0, '08:00', '18:00', 0, '08:00', '18:00', 0, '08:00', '18:00', 30, 179, '2021-08-02 20:36:47', '2021-08-02 20:36:47'),
	(2110, 'Hyundai', 'Creta', 'Creta 1 Million', 0, '', '', 0, '', '', 0, '', '', NULL, 118, '2021-08-02 20:36:35', '2021-08-02 20:36:35'),
	(2136, 'Hyundai', 'Creta', 'Creta 2.0 Prestige (Aut)', 1, '08:00', '19:00', 1, '08:00', '18:00', 0, '', '', 60, 92, '2021-08-02 20:36:30', '2021-08-02 20:36:30'),
	(2140, 'Hyundai', 'New Azera', 'G319', 0, '', '', 0, '', '', 0, '', '', NULL, 91, '2021-08-02 20:36:29', '2021-08-02 20:36:29'),
	(2141, 'Hyundai', 'New Azera', 'G319', 0, '', '', 0, '', '', 0, '', '', NULL, 93, '2021-08-02 20:36:30', '2021-08-02 20:36:30'),
	(2142, 'Hyundai', 'New Azera', 'G319', 0, '', '', 0, '', '', 0, '', '', NULL, 94, '2021-08-02 20:36:30', '2021-08-02 20:36:30'),
	(2144, 'Hyundai', 'New Azera', 'G319', 0, '', '', 0, '', '', 0, '', '', NULL, 96, '2021-08-02 20:36:31', '2021-08-02 20:36:31'),
	(2145, 'Hyundai', 'New Azera', 'G319', 0, '', '', 0, '', '', 0, '', '', NULL, 97, '2021-08-02 20:36:31', '2021-08-02 20:36:31'),
	(2148, 'Hyundai', 'New Azera', 'G319', 0, '', '', 0, '', '', 0, '', '', NULL, 100, '2021-08-02 20:36:32', '2021-08-02 20:36:32'),
	(2151, 'Hyundai', 'New Azera', 'G319', 0, '', '', 0, '', '', 0, '', '', NULL, 107, '2021-08-02 20:36:32', '2021-08-02 20:36:32'),
	(2154, 'Hyundai', 'New Azera', 'G319', 0, '', '', 0, '', '', 0, '', '', NULL, 110, '2021-08-02 20:36:33', '2021-08-02 20:36:33'),
	(2155, 'Hyundai', 'New Azera', 'G319', 0, '', '', 0, '', '', 0, '', '', NULL, 112, '2021-08-02 20:36:33', '2021-08-02 20:36:33'),
	(2156, 'Hyundai', 'New Azera', 'G319', 0, '', '', 0, '', '', 0, '', '', NULL, 104, '2021-08-02 20:36:32', '2021-08-02 20:36:32'),
	(2158, 'Hyundai', 'New Azera', 'G319', 0, '', '', 0, '', '', 0, '', '', NULL, 115, '2021-08-02 20:36:34', '2021-08-02 20:36:34'),
	(2159, 'Hyundai', 'New Azera', 'G319', 0, '', '', 0, '', '', 0, '', '', NULL, 116, '2021-08-02 20:36:34', '2021-08-02 20:36:34'),
	(2160, 'Hyundai', 'New Azera', 'G319', 0, '', '', 0, '', '', 0, '', '', NULL, 117, '2021-08-02 20:36:34', '2021-08-02 20:36:34'),
	(2161, 'Hyundai', 'New Azera', 'G319', 0, '', '', 0, '', '', 0, '', '', NULL, 122, '2021-08-02 20:36:35', '2021-08-02 20:36:35'),
	(2162, 'Hyundai', 'New Azera', 'G319', 0, '', '', 0, '', '', 0, '', '', NULL, 123, '2021-08-02 20:36:36', '2021-08-02 20:36:36'),
	(2163, 'Hyundai', 'New Azera', 'G319', 0, '', '', 0, '', '', 0, '', '', NULL, 124, '2021-08-02 20:36:36', '2021-08-02 20:36:36'),
	(2164, 'Hyundai', 'New Azera', 'G319', 0, '', '', 0, '', '', 0, '', '', NULL, 126, '2021-08-02 20:36:37', '2021-08-02 20:36:37'),
	(2166, 'Hyundai', 'New Azera', 'G319', 0, '', '', 0, '', '', 0, '', '', NULL, 128, '2021-08-02 20:36:37', '2021-08-02 20:36:37'),
	(2168, 'Hyundai', 'New Azera', 'G319', 0, '', '', 0, '', '', 0, '', '', NULL, 130, '2021-08-02 20:36:37', '2021-08-02 20:36:37'),
	(2169, 'Hyundai', 'New Azera', 'G319', 0, '', '', 0, '', '', 0, '', '', NULL, 131, '2021-08-02 20:36:38', '2021-08-02 20:36:38'),
	(2170, 'Hyundai', 'New Azera', 'G319', 0, '', '', 0, '', '', 0, '', '', NULL, 174, '2021-08-02 20:36:46', '2021-08-02 20:36:46'),
	(2172, 'Hyundai', 'New Azera', 'G319', 0, '', '', 0, '', '', 0, '', '', NULL, 135, '2021-08-02 20:36:38', '2021-08-02 20:36:38'),
	(2173, 'Hyundai', 'New Azera', 'G319', 0, '', '', 0, '', '', 0, '', '', NULL, 136, '2021-08-02 20:36:39', '2021-08-02 20:36:39'),
	(2174, 'Hyundai', 'New Azera', 'G319', 0, '', '', 0, '', '', 0, '', '', NULL, 137, '2021-08-02 20:36:39', '2021-08-02 20:36:39'),
	(2175, 'Hyundai', 'New Azera', 'G319', 0, '', '', 0, '', '', 0, '', '', NULL, 138, '2021-08-02 20:36:41', '2021-08-02 20:36:41'),
	(2176, 'Hyundai', 'New Azera', 'G319', 0, '', '', 0, '', '', 0, '', '', NULL, 139, '2021-08-02 20:36:42', '2021-08-02 20:36:42'),
	(2177, 'Hyundai', 'New Azera', 'G319', 0, '', '', 0, '', '', 0, '', '', NULL, 140, '2021-08-02 20:36:42', '2021-08-02 20:36:42'),
	(2178, 'Hyundai', 'New Azera', 'G319', 0, '', '', 0, '', '', 0, '', '', NULL, 141, '2021-08-02 20:36:43', '2021-08-02 20:36:43'),
	(2179, 'Hyundai', 'New Azera', 'G319', 0, '', '', 0, '', '', 0, '', '', NULL, 142, '2021-08-02 20:36:43', '2021-08-02 20:36:43'),
	(2180, 'Hyundai', 'New Azera', 'G319', 0, '', '', 0, '', '', 0, '', '', NULL, 143, '2021-08-02 20:36:43', '2021-08-02 20:36:43'),
	(2182, 'Hyundai', 'New Azera', 'G319', 0, '', '', 0, '', '', 0, '', '', NULL, 145, '2021-08-02 20:36:44', '2021-08-02 20:36:44'),
	(2183, 'Hyundai', 'New Azera', 'G319', 0, '', '', 0, '', '', 0, '', '', NULL, 146, '2021-08-02 20:36:44', '2021-08-02 20:36:44'),
	(2184, 'Hyundai', 'New Azera', 'G319', 0, '', '', 0, '', '', 0, '', '', NULL, 147, '2021-08-02 20:36:45', '2021-08-02 20:36:45'),
	(2186, 'Hyundai', 'New Azera', 'G319', 1, '08:00', '23:00', 1, '08:00', '20:00', 1, '08:00', '19:00', 30, 342, '2021-08-02 20:36:54', '2021-08-02 20:36:54'),
	(2218, 'Hyundai', 'New Azera', 'G319', 1, '08:00', '18:00', 1, '08:00', '18:00', 1, '08:00', '18:00', 30, 349, '2021-08-02 20:36:55', '2021-08-02 20:36:55'),
	(2219, 'Hyundai', 'New Azera', 'G319', 0, '08:00', '18:00', 0, '08:00', '18:00', 0, '08:00', '18:00', 30, 346, '2021-08-02 20:36:55', '2021-08-02 20:36:55'),
	(2220, 'Hyundai', 'New Azera', 'G319', 0, '', '', 0, '', '', 0, '', '', NULL, 420, '2021-08-02 20:37:15', '2021-08-02 20:37:15'),
	(2221, 'Hyundai', 'New Azera', 'G319', 0, '', '', 0, '', '', 0, '', '', NULL, 359, '2021-08-02 20:36:57', '2021-08-02 20:36:57'),
	(2222, 'Hyundai', 'New Azera', 'G319', 0, '', '', 0, '', '', 0, '', '', NULL, 417, '2021-08-02 20:37:13', '2021-08-02 20:37:13'),
	(2223, 'Hyundai', 'New Azera', 'G319', 0, '', '', 0, '', '', 0, '', '', NULL, 412, '2021-08-02 20:37:13', '2021-08-02 20:37:13'),
	(2224, 'Hyundai', 'New Azera', 'G319', 0, '', '', 0, '', '', 0, '', '', NULL, 341, '2021-08-02 20:36:53', '2021-08-02 20:36:53'),
	(2225, 'Hyundai', 'New Azera', 'G319', 0, '', '', 0, '', '', 0, '', '', NULL, 315, '2021-08-02 20:36:51', '2021-08-02 20:36:51'),
	(2226, 'Hyundai', 'New Azera', 'G319', 0, '', '', 0, '', '', 0, '', '', NULL, 451, '2021-08-02 20:37:15', '2021-08-02 20:37:15'),
	(2227, 'Hyundai', 'New Azera', 'G319', 0, '', '', 0, '', '', 0, '', '', NULL, 292, '2021-08-02 20:36:49', '2021-08-02 20:36:49'),
	(2238, 'Hyundai', 'New Azera', 'G319', 0, '', '', 0, '', '', 0, '', '', NULL, 339, '2021-08-02 20:36:53', '2021-08-02 20:36:53'),
	(2239, 'Hyundai', 'New Azera', 'G319', 0, '', '', 0, '', '', 0, '', '', NULL, 422, '2021-08-02 20:37:15', '2021-08-02 20:37:15'),
	(2240, 'Hyundai', 'New Azera', 'G319', 0, '', '', 0, '', '', 0, '', '', NULL, 301, '2021-08-02 20:36:50', '2021-08-02 20:36:50'),
	(2241, 'Hyundai', 'New Azera', 'G319', 0, '', '', 0, '', '', 0, '', '', NULL, 347, '2021-08-02 20:36:55', '2021-08-02 20:36:55'),
	(2242, 'Hyundai', 'New Azera', 'G319', 0, '', '', 0, '', '', 0, '', '', NULL, 371, '2021-08-02 20:37:01', '2021-08-02 20:37:01'),
	(2243, 'Hyundai', 'New Azera', 'G319', 0, '', '', 0, '', '', 0, '', '', NULL, 299, '2021-08-02 20:36:50', '2021-08-02 20:36:50'),
	(2244, 'Hyundai', 'New Azera', 'G319', 0, '', '', 0, '', '', 0, '', '', NULL, 298, '2021-08-02 20:36:50', '2021-08-02 20:36:50'),
	(2245, 'Hyundai', 'New Azera', 'G319', 0, '', '', 0, '', '', 0, '', '', NULL, 291, '2021-08-02 20:36:49', '2021-08-02 20:36:49'),
	(2246, 'Hyundai', 'New Azera', 'G319', 0, '', '', 0, '', '', 0, '', '', NULL, 370, '2021-08-02 20:37:00', '2021-08-02 20:37:00'),
	(2247, 'Hyundai', 'New Azera', 'G319', 0, '', '', 0, '', '', 0, '', '', NULL, 373, '2021-08-02 20:37:01', '2021-08-02 20:37:01'),
	(2248, 'Hyundai', 'New Azera', 'G319', 0, '', '', 0, '', '', 0, '', '', NULL, 362, '2021-08-02 20:36:57', '2021-08-02 20:36:57'),
	(2249, 'Hyundai', 'New Azera', 'G319', 0, '', '', 0, '', '', 0, '', '', NULL, 361, '2021-08-02 20:36:57', '2021-08-02 20:36:57'),
	(2250, 'Hyundai', 'New Azera', 'G319', 0, '', '', 0, '', '', 0, '', '', NULL, 340, '2021-08-02 20:36:53', '2021-08-02 20:36:53'),
	(2265, 'Hyundai', 'Creta', 'Creta 1 Million', 0, '', '', 0, '', '', 0, '', '', NULL, 70, '2021-08-02 20:36:22', '2021-08-02 20:36:22'),
	(2277, 'Ford', 'Ka Sedan', 'Ka Sedan SE 1.0 (Flex)', 0, '', '', 0, '', '', 0, '', '', NULL, 161, '2021-08-02 20:36:46', '2021-08-02 20:36:46'),
	(2278, 'Ford', 'Ka Hatch', 'Ka 1.5 SE (Flex)', 0, '', '', 0, '', '', 0, '', '', NULL, 161, '2021-08-02 20:36:46', '2021-08-02 20:36:46'),
	(2279, 'Ford', 'Ranger (Cabine Dupla)', 'Ranger 2.2 TD XLS CD (Aut)', 0, '', '', 0, '', '', 0, '', '', NULL, 161, '2021-08-02 20:36:46', '2021-08-02 20:36:46'),
	(2280, 'Ford', 'Ka Sedan', 'Ka Sedan SE 1.0 (Flex)', 0, '', '', 0, '', '', 0, '', '', NULL, 90, '2021-08-02 20:36:29', '2021-08-02 20:36:29'),
	(2281, 'Ford', 'Ka Hatch', 'Ka 1.5 SE (Flex)', 0, '', '', 0, '', '', 0, '', '', NULL, 90, '2021-08-02 20:36:29', '2021-08-02 20:36:29'),
	(2284, 'Ford', 'Ka Sedan', 'Ka Sedan SE 1.0 (Flex)', 0, '', '', 0, '', '', 0, '', '', NULL, 83, '2021-08-02 20:36:28', '2021-08-02 20:36:28'),
	(2285, 'Ford', 'Ka Hatch', 'Ka 1.5 SE (Flex)', 0, '', '', 0, '', '', 0, '', '', NULL, 83, '2021-08-02 20:36:28', '2021-08-02 20:36:28'),
	(2286, 'Ford', 'Ranger (Cabine Dupla)', 'Ranger 2.2 TD XLS CD (Aut)', 0, '', '', 0, '', '', 0, '', '', NULL, 83, '2021-08-02 20:36:28', '2021-08-02 20:36:28'),
	(2290, 'Ford', 'Ka Sedan', 'Ka Sedan SE 1.0 (Flex)', 0, '', '', 0, '', '', 0, '', '', NULL, 85, '2021-08-02 20:36:28', '2021-08-02 20:36:28'),
	(2291, 'Ford', 'Ranger (Cabine Dupla)', 'Ranger 2.2 TD XLS CD (Aut)', 0, '', '', 0, '', '', 0, '', '', NULL, 85, '2021-08-02 20:36:28', '2021-08-02 20:36:28'),
	(2292, 'Ford', 'Ka Hatch', 'Ka 1.5 SE (Flex)', 0, '', '', 0, '', '', 0, '', '', NULL, 85, '2021-08-02 20:36:28', '2021-08-02 20:36:28'),
	(2298, 'Ford', 'Ka Sedan', 'Ka Sedan SE 1.0 (Flex)', 0, '', '', 0, '', '', 0, '', '', NULL, 88, '2021-08-02 20:36:28', '2021-08-02 20:36:28'),
	(2299, 'Ford', 'Ka Hatch', 'Ka 1.5 SE (Flex)', 0, '', '', 0, '', '', 0, '', '', NULL, 88, '2021-08-02 20:36:28', '2021-08-02 20:36:28'),
	(2300, 'Ford', 'Ranger (Cabine Dupla)', 'Ranger 2.2 TD XLS CD (Aut)', 0, '', '', 0, '', '', 0, '', '', NULL, 88, '2021-08-02 20:36:28', '2021-08-02 20:36:28'),
	(2304, 'Subaru', 'Subaru WRX', 'Subaru WRX', 0, '', '', 0, '', '', 0, '', '', NULL, 356, '2021-08-02 20:36:56', '2021-08-02 20:36:56'),
	(2305, 'Subaru', 'Subaru WRX STI', 'Subaru WRX STI', 0, '', '', 0, '', '', 0, '', '', NULL, 356, '2021-08-02 20:36:56', '2021-08-02 20:36:56'),
	(2306, 'Hyundai', 'HB20 R Spec', 'HB20 1.6 R Spec', 0, '', '', 0, '', '', 0, '', '', NULL, 451, '2021-08-02 20:37:15', '2021-08-02 20:37:15'),
	(2307, 'Hyundai', 'Creta', 'Creta 1 Million', 0, '', '', 0, '', '', 0, '', '', NULL, 451, '2021-08-02 20:37:15', '2021-08-02 20:37:15'),
	(2308, 'Hyundai', 'HB20', 'HB20 1.0 Turbo Comfort Plus', 0, '', '', 0, '', '', 0, '', '', NULL, 451, '2021-08-02 20:37:15', '2021-08-02 20:37:15'),
	(2309, 'Hyundai', 'HB20S', 'HB20S 1.0 Unique', 0, '', '', 0, '', '', 0, '', '', NULL, 451, '2021-08-02 20:37:15', '2021-08-02 20:37:15'),
	(2310, 'Hyundai', 'HB20X', 'HB20 1.6 X Premium (Aut)', 0, '', '', 0, '', '', 0, '', '', NULL, 451, '2021-08-02 20:37:15', '2021-08-02 20:37:15'),
	(2311, 'Hyundai', 'HD80', '3.0 16V diesel', 0, '', '', 0, '', '', 0, '', '', NULL, 451, '2021-08-02 20:37:15', '2021-08-02 20:37:15'),
	(2312, 'Hyundai', 'HR', 'HR - 2.5 TCI HD Longo sem Caçamba', 0, '', '', 0, '', '', 0, '', '', NULL, 451, '2021-08-02 20:37:15', '2021-08-02 20:37:15'),
	(2313, 'Hyundai', 'New Tucson', 'New Tucson GL 1.6 GDI Turbo (Aut)', 0, '', '', 0, '', '', 0, '', '', NULL, 451, '2021-08-02 20:37:15', '2021-08-02 20:37:15'),
	(2428, 'Hyundai', 'New HB20 S', 'Evolution 1.0 12V Flex', 1, '08:00', '18:00', 1, '08:00', '18:00', 1, '08:00', '18:00', 30, 45, '2021-08-02 20:36:12', '2021-08-02 20:36:12'),
	(2433, 'Hyundai', 'New HB20', 'Sense 1.0 12V Flex', 1, '08:00', '18:00', 1, '08:00', '18:00', 1, '08:00', '18:00', 30, 45, '2021-08-02 20:36:12', '2021-08-02 20:36:12'),
	(2441, 'Hyundai', 'New HB20', 'Sense 1.0 12V Flex', 1, '08:00', '18:00', 1, '08:00', '18:00', 1, '08:00', '18:00', 30, 46, '2021-08-02 20:36:12', '2021-08-02 20:36:12'),
	(2450, 'Hyundai', 'New HB20 S', 'Evolution 1.0 12V Flex', 1, '08:00', '18:00', 1, '08:00', '18:00', 1, '08:00', '18:00', 30, 46, '2021-08-02 20:36:12', '2021-08-02 20:36:12'),
	(2455, 'Hyundai', 'New HB20 S', 'Evolution 1.0 12V Flex', 1, '08:00', '18:00', 1, '08:00', '18:00', 1, '08:00', '18:00', 30, 49, '2021-08-02 20:36:14', '2021-08-02 20:36:14'),
	(2460, 'Hyundai', 'New HB20', 'Sense 1.0 12V Flex', 1, '08:00', '18:00', 1, '08:00', '18:00', 1, '08:00', '18:00', 30, 49, '2021-08-02 20:36:14', '2021-08-02 20:36:14'),
	(2467, 'Hyundai', 'New HB20', 'Sense 1.0 12V Flex', 1, '08:00', '18:00', 1, '08:00', '18:00', 1, '08:00', '18:00', 30, 92, '2021-08-02 20:36:30', '2021-08-02 20:36:30'),
	(2475, 'Hyundai', 'New HB20 S', 'Evolution 1.0 12V Flex', 1, '08:00', '18:00', 1, '08:00', '18:00', 1, '08:00', '18:00', 30, 92, '2021-08-02 20:36:30', '2021-08-02 20:36:30'),
	(2480, 'Hyundai', 'New HB20', 'Sense 1.0 12V Flex', 1, '08:00', '18:00', 1, '08:00', '18:00', 1, '08:00', '18:00', 30, 44, '2021-08-02 20:36:11', '2021-08-02 20:36:11'),
	(2488, 'Hyundai', 'New HB20 S', 'Evolution 1.0 12V Flex', 1, '08:00', '18:00', 1, '08:00', '18:00', 1, '08:00', '18:00', 30, 44, '2021-08-02 20:36:11', '2021-08-02 20:36:11'),
	(2493, 'Hyundai', 'New HB20', 'Sense 1.0 12V Flex', 1, '08:00', '18:00', 1, '08:00', '18:00', 1, '08:00', '18:00', 30, 191, '2021-08-02 20:36:48', '2021-08-02 20:36:48'),
	(2502, 'Hyundai', 'New HB20 S', 'Evolution 1.0 12V Flex', 1, '08:00', '18:00', 1, '08:00', '18:00', 1, '08:00', '18:00', 30, 191, '2021-08-02 20:36:48', '2021-08-02 20:36:48'),
	(2507, 'Hyundai', 'New HB20', 'Sense 1.0 12V Flex', 1, '08:00', '18:00', 1, '08:00', '18:00', 1, '08:00', '18:00', 30, 51, '2021-08-02 20:36:14', '2021-08-02 20:36:14'),
	(2516, 'Hyundai', 'New HB20 S', 'Evolution 1.0 12V Flex', 0, '', '', 0, '', '', 0, '', '', NULL, 51, '2021-08-02 20:36:14', '2021-08-02 20:36:14'),
	(2522, 'Hyundai', 'New HB20', 'Sense 1.0 12V Flex', 1, '08:00', '18:00', 1, '08:00', '18:00', 1, '08:00', '18:00', 30, 50, '2021-08-02 20:36:14', '2021-08-02 20:36:14'),
	(2530, 'Hyundai', 'New HB20 S', 'Evolution 1.0 12V Flex', 1, '08:00', '18:00', 1, '08:00', '18:00', 1, '08:00', '18:00', 30, 50, '2021-08-02 20:36:14', '2021-08-02 20:36:14'),
	(2535, 'Hyundai', 'New HB20', 'Sense 1.0 12V Flex', 1, '08:00', '18:00', 1, '08:00', '18:00', 1, '08:00', '18:00', 30, 47, '2021-08-02 20:36:13', '2021-08-02 20:36:13'),
	(2543, 'Hyundai', 'New HB20 S', 'Evolution 1.0 12V Flex', 1, '08:00', '18:00', 1, '08:00', '18:00', 1, '08:00', '18:00', 30, 47, '2021-08-02 20:36:13', '2021-08-02 20:36:13'),
	(2547, 'Hyundai', 'New HB20 S', 'Evolution 1.0 12V Flex', 0, '', '', 0, '', '', 0, '', '', NULL, 48, '2021-08-02 20:36:13', '2021-08-02 20:36:13'),
	(2552, 'Hyundai', 'New HB20', 'Sense 1.0 12V Flex', 0, '', '', 0, '', '', 0, '', '', NULL, 48, '2021-08-02 20:36:13', '2021-08-02 20:36:13'),
	(2561, 'Hyundai', 'New HB20', 'Sense 1.0 12V Flex', 1, '08:00', '18:00', 1, '08:00', '18:00', 1, '08:00', '18:00', 30, 52, '2021-08-02 20:36:15', '2021-08-02 20:36:15'),
	(2569, 'Hyundai', 'New HB20 S', 'Evolution 1.0 12V Flex', 1, '08:00', '18:00', 1, '08:00', '18:00', 1, '08:00', '18:00', 30, 52, '2021-08-02 20:36:15', '2021-08-02 20:36:15'),
	(2573, 'Hyundai', 'New HB20 S', 'Evolution 1.0 12V Flex', 1, '08:00', '18:00', 1, '08:00', '18:00', 1, '08:00', '18:00', 30, 53, '2021-08-02 20:36:15', '2021-08-02 20:36:15'),
	(2577, 'Hyundai', 'New HB20', 'Sense 1.0 12V Flex', 1, '08:00', '18:00', 1, '08:00', '18:00', 1, '08:00', '18:00', 30, 53, '2021-08-02 20:36:15', '2021-08-02 20:36:15'),
	(2584, 'Hyundai', 'New HB20', 'Sense 1.0 12V Flex', 1, '08:00', '18:00', 1, '08:00', '18:00', 0, '08:00', '18:00', 30, 54, '2021-08-02 20:36:16', '2021-08-02 20:36:16'),
	(2592, 'Hyundai', 'New HB20 S', 'Evolution 1.0 12V Flex', 1, '08:00', '18:00', 1, '08:00', '18:00', 1, '08:00', '18:00', 30, 54, '2021-08-02 20:36:16', '2021-08-02 20:36:16'),
	(2597, 'Hyundai', 'New HB20 S', 'Evolution 1.0 12V Flex', 1, '08:00', '18:00', 1, '08:00', '18:00', 1, '08:00', '18:00', 30, 55, '2021-08-02 20:36:16', '2021-08-02 20:36:16'),
	(2602, 'Hyundai', 'New HB20', 'Sense 1.0 12V Flex', 1, '08:00', '18:00', 1, '08:00', '18:00', 1, '08:00', '18:00', 30, 55, '2021-08-02 20:36:16', '2021-08-02 20:36:16'),
	(2610, 'Hyundai', 'New HB20', 'Sense 1.0 12V Flex', 1, '08:00', '18:00', 1, '08:00', '18:00', 1, '08:00', '18:00', 30, 56, '2021-08-02 20:36:16', '2021-08-02 20:36:16'),
	(2618, 'Hyundai', 'New HB20 S', 'Evolution 1.0 12V Flex', 1, '08:00', '18:00', 1, '08:00', '18:00', 1, '08:00', '18:00', 30, 56, '2021-08-02 20:36:16', '2021-08-02 20:36:16'),
	(2623, 'Hyundai', 'New HB20', 'Sense 1.0 12V Flex', 1, '08:00', '18:00', 1, '08:00', '18:00', 1, '08:00', '18:00', 30, 80, '2021-08-02 20:36:27', '2021-08-02 20:36:27'),
	(2630, 'Hyundai', 'New HB20 S', 'Evolution 1.0 12V Flex', 1, '08:00', '18:00', 1, '08:00', '18:00', 1, '08:00', '18:00', 30, 80, '2021-08-02 20:36:27', '2021-08-02 20:36:27'),
	(2635, 'Hyundai', 'New HB20', 'Sense 1.0 12V Flex', 1, '08:00', '18:00', 1, '08:00', '18:00', 1, '08:00', '18:00', 30, 623, '2021-08-02 20:37:17', '2021-08-02 20:37:17'),
	(2643, 'Hyundai', 'New HB20 S', 'Evolution 1.0 12V Flex', 0, '', '', 0, '', '', 0, '', '', NULL, 623, '2021-08-02 20:37:17', '2021-08-02 20:37:17'),
	(2648, 'Hyundai', 'New HB20', 'Sense 1.0 12V Flex', 1, '08:00', '18:00', 1, '08:00', '18:00', 1, '08:00', '18:00', 30, 57, '2021-08-02 20:36:17', '2021-08-02 20:36:17'),
	(2656, 'Hyundai', 'New HB20 S', 'Evolution 1.0 12V Flex', 1, '08:00', '18:00', 1, '08:00', '18:00', 1, '08:00', '18:00', 30, 57, '2021-08-02 20:36:17', '2021-08-02 20:36:17'),
	(2661, 'Hyundai', 'New HB20', 'Sense 1.0 12V Flex', 1, '08:00', '18:00', 1, '08:00', '18:00', 1, '08:00', '18:00', 30, 58, '2021-08-02 20:36:17', '2021-08-02 20:36:17'),
	(2670, 'Hyundai', 'New HB20 S', 'Evolution 1.0 12V Flex', 1, '08:00', '18:00', 1, '08:00', '18:00', 1, '08:00', '18:00', 30, 58, '2021-08-02 20:36:17', '2021-08-02 20:36:17'),
	(2675, 'Hyundai', 'New HB20', 'Sense 1.0 12V Flex', 1, '08:00', '18:00', 1, '08:00', '18:00', 1, '08:00', '18:00', 30, 59, '2021-08-02 20:36:18', '2021-08-02 20:36:18'),
	(2682, 'Hyundai', 'New HB20 S', 'Evolution 1.0 12V Flex', 1, '08:00', '18:00', 1, '08:00', '18:00', 1, '08:00', '18:00', 30, 59, '2021-08-02 20:36:18', '2021-08-02 20:36:18'),
	(2686, 'Hyundai', 'New HB20', 'Sense 1.0 12V Flex', 1, '08:00', '18:00', 1, '08:00', '18:00', 1, '08:00', '18:00', 30, 60, '2021-08-02 20:36:18', '2021-08-02 20:36:18'),
	(2693, 'Hyundai', 'New HB20 S', 'Evolution 1.0 12V Flex', 1, '08:00', '18:00', 1, '08:00', '18:00', 1, '08:00', '18:00', 30, 60, '2021-08-02 20:36:18', '2021-08-02 20:36:18'),
	(2698, 'Hyundai', 'New HB20', 'Sense 1.0 12V Flex', 1, '08:00', '18:00', 1, '08:00', '18:00', 1, '08:00', '18:00', 30, 61, '2021-08-02 20:36:19', '2021-08-02 20:36:19'),
	(2706, 'Hyundai', 'New HB20', 'Sense 1.0 12V Flex', 1, '08:00', '18:00', 1, '08:00', '18:00', 1, '08:00', '18:00', 30, 62, '2021-08-02 20:36:19', '2021-08-02 20:36:19'),
	(2714, 'Hyundai', 'New HB20 S', 'Evolution 1.0 12V Flex', 1, '08:00', '18:00', 1, '08:00', '18:00', 1, '08:00', '18:00', 30, 62, '2021-08-02 20:36:19', '2021-08-02 20:36:19'),
	(2719, 'Hyundai', 'New HB20', 'Sense 1.0 12V Flex', 1, '08:00', '18:00', 1, '08:00', '18:00', 1, '08:00', '18:00', 30, 63, '2021-08-02 20:36:20', '2021-08-02 20:36:20'),
	(2727, 'Hyundai', 'New HB20 S', 'Evolution 1.0 12V Flex', 1, '08:00', '18:00', 1, '08:00', '18:00', 1, '08:00', '18:00', 30, 63, '2021-08-02 20:36:20', '2021-08-02 20:36:20'),
	(2731, 'Hyundai', 'New HB20', 'Sense 1.0 12V Flex', 0, '', '', 0, '', '', 0, '', '', NULL, 843, '2021-08-02 20:37:21', '2021-08-02 20:37:21'),
	(2732, 'Hyundai', 'New HB20', 'Evolution 1.0 12V Flex', 0, '', '', 0, '', '', 0, '', '', NULL, 843, '2021-08-02 20:37:21', '2021-08-02 20:37:21'),
	(2733, 'Hyundai', 'New HB20', 'Vision 1.0 12V Flex', 0, '', '', 0, '', '', 0, '', '', NULL, 843, '2021-08-02 20:37:21', '2021-08-02 20:37:21'),
	(2734, 'Hyundai', 'New HB20', 'Vision 1.6 12V Flex', 0, '', '', 0, '', '', 0, '', '', NULL, 843, '2021-08-02 20:37:21', '2021-08-02 20:37:21'),
	(2735, 'Hyundai', 'New HB20', 'Launch Edition 1.6 12V Flex', 0, '', '', 0, '', '', 0, '', '', NULL, 843, '2021-08-02 20:37:21', '2021-08-02 20:37:21'),
	(2736, 'Hyundai', 'New HB20', 'Evolution 1.0 TGDI 12V Flex', 0, '', '', 0, '', '', 0, '', '', NULL, 843, '2021-08-02 20:37:21', '2021-08-02 20:37:21'),
	(2737, 'Hyundai', 'New HB20', 'Diamond 1.0 TGDI 12V Flex', 0, '', '', 0, '', '', 0, '', '', NULL, 843, '2021-08-02 20:37:21', '2021-08-02 20:37:21'),
	(2738, 'Hyundai', 'New HB20', 'Diamond Plus 1.0 TGDI 12V Flex', 0, '', '', 0, '', '', 0, '', '', NULL, 843, '2021-08-02 20:37:21', '2021-08-02 20:37:21'),
	(2739, 'Hyundai', 'New HB20 S', 'Evolution 1.0 12V Flex', 0, '', '', 0, '', '', 0, '', '', NULL, 843, '2021-08-02 20:37:21', '2021-08-02 20:37:21'),
	(2744, 'Hyundai', 'New HB20 S', 'Evolution 1.0 12V Flex', 1, '08:00', '18:00', 1, '08:00', '18:00', 1, '08:00', '18:00', 30, 64, '2021-08-02 20:36:20', '2021-08-02 20:36:20'),
	(2749, 'Hyundai', 'New HB20 S', 'Evolution 1.0 12V Flex', 1, '08:00', '18:00', 1, '08:00', '18:00', 1, '08:00', '18:00', 30, 65, '2021-08-02 20:36:20', '2021-08-02 20:36:20'),
	(2754, 'Hyundai', 'New HB20', 'Sense 1.0 12V Flex', 1, '08:00', '18:00', 1, '08:00', '18:00', 1, '08:00', '18:00', 30, 65, '2021-08-02 20:36:20', '2021-08-02 20:36:20'),
	(2762, 'Hyundai', 'New HB20', 'Sense 1.0 12V Flex', 0, '', '', 0, '', '', 0, '', '', NULL, 66, '2021-08-02 20:36:21', '2021-08-02 20:36:21'),
	(2770, 'Hyundai', 'New HB20 S', 'Evolution 1.0 12V Flex', 0, '', '', 0, '', '', 0, '', '', NULL, 66, '2021-08-02 20:36:21', '2021-08-02 20:36:21'),
	(2775, 'Hyundai', 'New HB20 S', 'Evolution 1.0 12V Flex', 1, '08:00', '18:00', 1, '08:00', '18:00', 1, '08:00', '18:00', 30, 67, '2021-08-02 20:36:21', '2021-08-02 20:36:21'),
	(2780, 'Hyundai', 'New HB20', 'Sense 1.0 12V Flex', 1, '08:00', '18:00', 1, '08:00', '18:00', 1, '08:00', '18:00', 30, 67, '2021-08-02 20:36:21', '2021-08-02 20:36:21'),
	(2789, 'Hyundai', 'New HB20', 'Sense 1.0 12V Flex', 1, '08:00', '18:00', 1, '08:00', '18:00', 1, '08:00', '18:00', 30, 68, '2021-08-02 20:36:22', '2021-08-02 20:36:22'),
	(2798, 'Hyundai', 'New HB20 S', 'Evolution 1.0 12V Flex', 1, '08:00', '18:00', 1, '08:00', '18:00', 1, '08:00', '18:00', 30, 68, '2021-08-02 20:36:22', '2021-08-02 20:36:22'),
	(2803, 'Hyundai', 'New HB20', 'Sense 1.0 12V Flex', 1, '08:00', '18:00', 1, '08:00', '18:00', 1, '08:00', '18:00', 30, 69, '2021-08-02 20:36:22', '2021-08-02 20:36:22'),
	(2811, 'Hyundai', 'New HB20 S', 'Evolution 1.0 12V Flex', 1, '08:00', '18:00', 1, '08:00', '18:00', 1, '08:00', '18:00', 30, 69, '2021-08-02 20:36:22', '2021-08-02 20:36:22'),
	(2816, 'Hyundai', 'New HB20', 'Sense 1.0 12V Flex', 1, '08:00', '18:00', 1, '08:00', '18:00', 1, '08:00', '18:00', 30, 70, '2021-08-02 20:36:22', '2021-08-02 20:36:22'),
	(2825, 'Hyundai', 'New HB20 S', 'Evolution 1.0 12V Flex', 0, '', '', 0, '', '', 0, '', '', NULL, 70, '2021-08-02 20:36:22', '2021-08-02 20:36:22'),
	(2830, 'Hyundai', 'New HB20', 'Sense 1.0 12V Flex', 1, '08:00', '18:00', 1, '08:00', '18:00', 1, '08:00', '18:00', 30, 71, '2021-08-02 20:36:23', '2021-08-02 20:36:23'),
	(2838, 'Hyundai', 'New HB20 S', 'Evolution 1.0 12V Flex', 1, '08:00', '18:00', 1, '08:00', '18:00', 1, '08:00', '18:00', 30, 71, '2021-08-02 20:36:23', '2021-08-02 20:36:23'),
	(2843, 'Hyundai', 'New HB20 S', 'Evolution 1.0 12V Flex', 1, '08:00', '18:00', 1, '08:00', '18:00', 1, '08:00', '18:00', 30, 72, '2021-08-02 20:36:23', '2021-08-02 20:36:23'),
	(2849, 'Hyundai', 'New HB20', 'Sense 1.0 12V Flex', 1, '08:00', '18:00', 1, '08:00', '18:00', 1, '08:00', '18:00', 30, 73, '2021-08-02 20:36:24', '2021-08-02 20:36:24'),
	(2857, 'Hyundai', 'New HB20 S', 'Evolution 1.0 12V Flex', 1, '08:00', '18:00', 1, '08:00', '18:00', 1, '08:00', '18:00', 30, 73, '2021-08-02 20:36:24', '2021-08-02 20:36:24'),
	(2862, 'Hyundai', 'New HB20', 'Sense 1.0 12V Flex', 1, '08:00', '18:00', 1, '08:00', '18:00', 1, '08:00', '18:00', 30, 74, '2021-08-02 20:36:24', '2021-08-02 20:36:24'),
	(2870, 'Hyundai', 'New HB20 S', 'Evolution 1.0 12V Flex', 1, '08:00', '18:00', 1, '08:00', '18:00', 1, '08:00', '18:00', 30, 74, '2021-08-02 20:36:24', '2021-08-02 20:36:24'),
	(2875, 'Hyundai', 'New HB20 S', 'Evolution 1.0 12V Flex', 1, '08:00', '18:00', 1, '08:00', '18:00', 1, '08:00', '18:00', 30, 75, '2021-08-02 20:36:25', '2021-08-02 20:36:25'),
	(2880, 'Hyundai', 'New HB20', 'Sense 1.0 12V Flex', 1, '08:00', '10:00', 1, '08:00', '18:00', 1, '08:00', '18:00', 30, 75, '2021-08-02 20:36:25', '2021-08-02 20:36:25'),
	(2888, 'Hyundai', 'New HB20', 'Sense 1.0 12V Flex', 1, '08:00', '18:00', 1, '08:00', '18:00', 1, '08:00', '18:00', 30, 76, '2021-08-02 20:36:25', '2021-08-02 20:36:25'),
	(2896, 'Hyundai', 'New HB20 S', 'Evolution 1.0 12V Flex', 1, '08:00', '18:00', 1, '08:00', '18:00', 1, '08:00', '18:00', 30, 76, '2021-08-02 20:36:25', '2021-08-02 20:36:25'),
	(2901, 'Hyundai', 'New HB20', 'Sense 1.0 12V Flex', 1, '08:00', '18:00', 1, '08:00', '18:00', 1, '08:00', '18:00', 30, 77, '2021-08-02 20:36:26', '2021-08-02 20:36:26'),
	(2910, 'Hyundai', 'New HB20 S', 'Evolution 1.0 12V Flex', 1, '08:00', '18:00', 1, '08:00', '18:00', 1, '08:00', '18:00', 30, 77, '2021-08-02 20:36:26', '2021-08-02 20:36:26'),
	(2915, 'Hyundai', 'New HB20', 'Sense 1.0 12V Flex', 1, '08:00', '18:00', 1, '08:00', '18:00', 1, '08:00', '18:00', 30, 78, '2021-08-02 20:36:26', '2021-08-02 20:36:26'),
	(2923, 'Hyundai', 'New HB20 S', 'Evolution 1.0 12V Flex', 1, '08:00', '18:00', 1, '08:00', '18:00', 1, '08:00', '18:00', 30, 78, '2021-08-02 20:36:26', '2021-08-02 20:36:26'),
	(2928, 'Hyundai', 'New HB20', 'Sense 1.0 12V Flex', 0, '', '', 0, '', '', 0, '', '', NULL, 79, '2021-08-02 20:36:27', '2021-08-02 20:36:27'),
	(2936, 'Hyundai', 'New HB20 S', 'Evolution 1.0 12V Flex', 0, '', '', 0, '', '', 0, '', '', NULL, 79, '2021-08-02 20:36:27', '2021-08-02 20:36:27'),
	(3018, 'Hyundai', 'All New Santa Fe', '3.5 V6', 0, '', '', 0, '', '', 0, '', '', NULL, 118, '2021-08-02 20:36:35', '2021-08-02 20:36:35'),
	(3019, 'Hyundai', 'All New Santa Fe', '3.5 V6', 0, '', '', 0, '', '', 0, '', '', NULL, 122, '2021-08-02 20:36:35', '2021-08-02 20:36:35'),
	(3020, 'Hyundai', 'All New Santa Fe', '3.5 V6', 0, '', '', 0, '', '', 0, '', '', NULL, 123, '2021-08-02 20:36:36', '2021-08-02 20:36:36'),
	(3021, 'Hyundai', 'All New Santa Fe', '3.5 V6', 0, '', '', 0, '', '', 0, '', '', NULL, 124, '2021-08-02 20:36:36', '2021-08-02 20:36:36'),
	(3022, 'Hyundai', 'All New Santa Fe', '3.5 V6', 0, '', '', 0, '', '', 0, '', '', NULL, 126, '2021-08-02 20:36:37', '2021-08-02 20:36:37'),
	(3024, 'Hyundai', 'All New Santa Fe', '3.5 V6', 0, '', '', 0, '', '', 0, '', '', NULL, 128, '2021-08-02 20:36:37', '2021-08-02 20:36:37'),
	(3025, 'Hyundai', 'All New Santa Fe', '3.5 V6', 0, '', '', 0, '', '', 0, '', '', NULL, 130, '2021-08-02 20:36:37', '2021-08-02 20:36:37'),
	(3026, 'Hyundai', 'All New Santa Fe', '3.5 V6', 0, '', '', 0, '', '', 0, '', '', NULL, 131, '2021-08-02 20:36:38', '2021-08-02 20:36:38'),
	(3027, 'Hyundai', 'All New Santa Fe', '3.5 V6', 0, '', '', 0, '', '', 0, '', '', NULL, 174, '2021-08-02 20:36:46', '2021-08-02 20:36:46'),
	(3029, 'Hyundai', 'All New Santa Fe', '3.5 V6', 0, '', '', 0, '', '', 0, '', '', NULL, 136, '2021-08-02 20:36:39', '2021-08-02 20:36:39'),
	(3030, 'Hyundai', 'All New Santa Fe', '3.5 V6', 0, '', '', 0, '', '', 0, '', '', NULL, 137, '2021-08-02 20:36:39', '2021-08-02 20:36:39'),
	(3031, 'Hyundai', 'All New Santa Fe', '3.5 V6', 0, '', '', 0, '', '', 0, '', '', NULL, 138, '2021-08-02 20:36:41', '2021-08-02 20:36:41'),
	(3032, 'Hyundai', 'All New Santa Fe', '3.5 V6', 0, '', '', 0, '', '', 0, '', '', NULL, 139, '2021-08-02 20:36:42', '2021-08-02 20:36:42'),
	(3033, 'Hyundai', 'All New Santa Fe', '3.5 V6', 0, '', '', 0, '', '', 0, '', '', NULL, 140, '2021-08-02 20:36:42', '2021-08-02 20:36:42'),
	(3034, 'Hyundai', 'All New Santa Fe', '3.5 V6', 0, '', '', 0, '', '', 0, '', '', NULL, 141, '2021-08-02 20:36:43', '2021-08-02 20:36:43'),
	(3035, 'Hyundai', 'All New Santa Fe', '3.5 V6', 0, '', '', 0, '', '', 0, '', '', NULL, 142, '2021-08-02 20:36:43', '2021-08-02 20:36:43'),
	(3036, 'Hyundai', 'All New Santa Fe', '3.5 V6', 0, '', '', 0, '', '', 0, '', '', NULL, 143, '2021-08-02 20:36:43', '2021-08-02 20:36:43'),
	(3038, 'Hyundai', 'All New Santa Fe', '3.5 V6', 0, '', '', 0, '', '', 0, '', '', NULL, 145, '2021-08-02 20:36:44', '2021-08-02 20:36:44'),
	(3039, 'Hyundai', 'All New Santa Fe', '3.5 V6', 0, '', '', 0, '', '', 0, '', '', NULL, 146, '2021-08-02 20:36:44', '2021-08-02 20:36:44'),
	(3040, 'Hyundai', 'All New Santa Fe', '3.5 V6', 0, '', '', 0, '', '', 0, '', '', NULL, 147, '2021-08-02 20:36:45', '2021-08-02 20:36:45'),
	(3042, 'Hyundai', 'All New Santa Fe', '3.5 V6', 0, '', '', 0, '', '', 0, '', '', NULL, 349, '2021-08-02 20:36:55', '2021-08-02 20:36:55'),
	(3043, 'Hyundai', 'All New Santa Fe', '3.5 V6', 0, '', '', 0, '', '', 0, '', '', NULL, 346, '2021-08-02 20:36:55', '2021-08-02 20:36:55'),
	(3044, 'Hyundai', 'All New Santa Fe', '3.5 V6', 0, '', '', 0, '', '', 0, '', '', NULL, 359, '2021-08-02 20:36:57', '2021-08-02 20:36:57'),
	(3045, 'Hyundai', 'All New Santa Fe', '3.5 V6', 0, '', '', 0, '', '', 0, '', '', NULL, 417, '2021-08-02 20:37:13', '2021-08-02 20:37:13'),
	(3046, 'Hyundai', 'All New Santa Fe', '3.5 V6', 0, '', '', 0, '', '', 0, '', '', NULL, 341, '2021-08-02 20:36:53', '2021-08-02 20:36:53'),
	(3047, 'Hyundai', 'All New Santa Fe', '3.5 V6', 0, '', '', 0, '', '', 0, '', '', NULL, 363, '2021-08-02 20:36:58', '2021-08-02 20:36:58'),
	(3048, 'Hyundai', 'All New Santa Fe', '3.5 V6', 0, '', '', 0, '', '', 0, '', '', NULL, 451, '2021-08-02 20:37:15', '2021-08-02 20:37:15'),
	(3049, 'Hyundai', 'All New Santa Fe', '3.5 V6', 0, '', '', 0, '', '', 0, '', '', NULL, 292, '2021-08-02 20:36:49', '2021-08-02 20:36:49'),
	(3050, 'Hyundai', 'All New Santa Fe', '3.5 V6', 0, '', '', 0, '', '', 0, '', '', NULL, 289, '2021-08-02 20:36:48', '2021-08-02 20:36:48'),
	(3051, 'Hyundai', 'All New Santa Fe', '3.5 V6', 0, '', '', 0, '', '', 0, '', '', NULL, 369, '2021-08-02 20:37:00', '2021-08-02 20:37:00'),
	(3054, 'Hyundai', 'All New Santa Fe', '3.5 V6', 1, '08:00', '18:00', 1, '08:00', '13:00', 0, '', '', NULL, 339, '2021-08-02 20:36:53', '2021-08-02 20:36:53'),
	(3055, 'Hyundai', 'All New Santa Fe', '3.5 V6', 0, '', '', 0, '', '', 0, '', '', NULL, 422, '2021-08-02 20:37:15', '2021-08-02 20:37:15'),
	(3056, 'Hyundai', 'All New Santa Fe', '3.5 V6', 0, '', '', 0, '', '', 0, '', '', NULL, 301, '2021-08-02 20:36:50', '2021-08-02 20:36:50'),
	(3057, 'Hyundai', 'All New Santa Fe', '3.5 V6', 0, '', '', 0, '', '', 0, '', '', NULL, 347, '2021-08-02 20:36:55', '2021-08-02 20:36:55'),
	(3058, 'Hyundai', 'All New Santa Fe', '3.5 V6', 0, '', '', 0, '', '', 0, '', '', NULL, 371, '2021-08-02 20:37:01', '2021-08-02 20:37:01'),
	(3059, 'Hyundai', 'All New Santa Fe', '3.5 V6', 0, '', '', 0, '', '', 0, '', '', NULL, 299, '2021-08-02 20:36:50', '2021-08-02 20:36:50'),
	(3060, 'Hyundai', 'All New Santa Fe', '3.5 V6', 0, '', '', 0, '', '', 0, '', '', NULL, 298, '2021-08-02 20:36:50', '2021-08-02 20:36:50'),
	(3061, 'Hyundai', 'All New Santa Fe', '3.5 V6', 0, '', '', 0, '', '', 0, '', '', NULL, 291, '2021-08-02 20:36:49', '2021-08-02 20:36:49'),
	(3062, 'Hyundai', 'All New Santa Fe', '3.5 V6', 0, '', '', 0, '', '', 0, '', '', NULL, 370, '2021-08-02 20:37:00', '2021-08-02 20:37:00'),
	(3063, 'Hyundai', 'All New Santa Fe', '3.5 V6', 0, '', '', 0, '', '', 0, '', '', NULL, 373, '2021-08-02 20:37:01', '2021-08-02 20:37:01'),
	(3064, 'Hyundai', 'All New Santa Fe', '3.5 V6', 0, '', '', 0, '', '', 0, '', '', NULL, 362, '2021-08-02 20:36:57', '2021-08-02 20:36:57'),
	(3065, 'Hyundai', 'All New Santa Fe', '3.5 V6', 0, '', '', 0, '', '', 0, '', '', NULL, 361, '2021-08-02 20:36:57', '2021-08-02 20:36:57'),
	(3066, 'Hyundai', 'All New Santa Fe', '3.5 V6', 0, '', '', 0, '', '', 0, '', '', NULL, 340, '2021-08-02 20:36:53', '2021-08-02 20:36:53'),
	(3081, 'Hyundai', 'All New Santa Fe', '3.5 V6', 0, '', '', 0, '', '', 0, '', '', NULL, 342, '2021-08-02 20:36:54', '2021-08-02 20:36:54'),
	(3262, 'Hyundai', 'New HB20 X', 'Vision 1.6 12V Flex', 0, '', '', 0, '', '', 0, '', '', NULL, 191, '2021-08-02 20:36:48', '2021-08-02 20:36:48'),
	(3263, 'Hyundai', 'New HB20 X', 'Vision 1.6 12V Flex', 1, '08:00', '18:00', 1, '08:00', '18:00', 1, '08:00', '18:00', 30, 45, '2021-08-02 20:36:12', '2021-08-02 20:36:12'),
	(3265, 'Hyundai', 'New HB20 X', 'Vision 1.6 12V Flex', 1, '08:00', '18:00', 1, '08:00', '18:00', 1, '08:00', '18:00', 30, 49, '2021-08-02 20:36:14', '2021-08-02 20:36:14'),
	(3266, 'Hyundai', 'New HB20 X', 'Vision 1.6 12V Flex', 0, '', '', 0, '', '', 0, '', '', NULL, 92, '2021-08-02 20:36:30', '2021-08-02 20:36:30'),
	(3267, 'Hyundai', 'New HB20 X', 'Vision 1.6 12V Flex', 0, '', '', 0, '', '', 0, '', '', NULL, 44, '2021-08-02 20:36:11', '2021-08-02 20:36:11'),
	(3268, 'Hyundai', 'New HB20 X', 'Vision 1.6 12V Flex', 0, '', '', 0, '', '', 0, '', '', NULL, 51, '2021-08-02 20:36:14', '2021-08-02 20:36:14'),
	(3269, 'Hyundai', 'New HB20 X', 'Vision 1.6 12V Flex', 1, '08:00', '18:00', 1, '08:00', '18:00', 1, '08:00', '18:00', 30, 50, '2021-08-02 20:36:14', '2021-08-02 20:36:14'),
	(3270, 'Hyundai', 'New HB20 X', 'Vision 1.6 12V Flex', 0, '', '', 0, '', '', 0, '', '', NULL, 47, '2021-08-02 20:36:13', '2021-08-02 20:36:13'),
	(3271, 'Hyundai', 'New HB20 X', 'Vision 1.6 12V Flex', 0, '', '', 0, '', '', 0, '', '', NULL, 48, '2021-08-02 20:36:13', '2021-08-02 20:36:13'),
	(3272, 'Hyundai', 'New HB20 X', 'Vision 1.6 12V Flex', 1, '08:00', '18:00', 1, '08:00', '18:00', 1, '08:00', '18:00', 30, 53, '2021-08-02 20:36:15', '2021-08-02 20:36:15'),
	(3273, 'Hyundai', 'New HB20 X', 'Vision 1.6 12V Flex', 1, '08:00', '18:00', 1, '08:00', '18:00', 1, '08:00', '18:00', 30, 54, '2021-08-02 20:36:16', '2021-08-02 20:36:16'),
	(3274, 'Hyundai', 'New HB20 X', 'Vision 1.6 12V Flex', 1, '08:00', '18:00', 1, '08:00', '18:00', 1, '08:00', '18:00', 30, 55, '2021-08-02 20:36:16', '2021-08-02 20:36:16'),
	(3275, 'Hyundai', 'New HB20 X', 'Vision 1.6 12V Flex', 1, '08:00', '18:00', 1, '08:00', '18:00', 1, '08:00', '18:00', 30, 56, '2021-08-02 20:36:16', '2021-08-02 20:36:16'),
	(3276, 'Hyundai', 'New HB20 X', 'Vision 1.6 12V Flex', 1, '08:00', '18:00', 1, '08:00', '18:00', 1, '08:00', '18:00', 30, 80, '2021-08-02 20:36:27', '2021-08-02 20:36:27'),
	(3277, 'Hyundai', 'New HB20 X', 'Vision 1.6 12V Flex', 1, '08:00', '18:00', 1, '08:00', '18:00', 1, '08:00', '18:00', 30, 57, '2021-08-02 20:36:17', '2021-08-02 20:36:17'),
	(3278, 'Hyundai', 'New HB20 X', 'Vision 1.6 12V Flex', 1, '08:00', '18:00', 1, '08:00', '18:00', 1, '08:00', '18:00', 30, 58, '2021-08-02 20:36:17', '2021-08-02 20:36:17'),
	(3279, 'Hyundai', 'New HB20 X', 'Vision 1.6 12V Flex', 1, '08:00', '18:00', 1, '08:00', '18:00', 1, '08:00', '18:00', 30, 59, '2021-08-02 20:36:18', '2021-08-02 20:36:18'),
	(3280, 'Hyundai', 'New HB20 X', 'Vision 1.6 12V Flex', 0, '', '', 0, '', '', 0, '', '', NULL, 60, '2021-08-02 20:36:18', '2021-08-02 20:36:18'),
	(3281, 'Hyundai', 'New HB20 X', 'Vision 1.6 12V Flex', 0, '', '', 0, '', '', 0, '', '', NULL, 61, '2021-08-02 20:36:19', '2021-08-02 20:36:19'),
	(3282, 'Hyundai', 'New HB20 X', 'Vision 1.6 12V Flex', 1, '08:00', '18:00', 1, '08:00', '18:00', 1, '08:00', '18:00', 30, 62, '2021-08-02 20:36:19', '2021-08-02 20:36:19'),
	(3283, 'Hyundai', 'New HB20 X', 'Vision 1.6 12V Flex', 1, '08:00', '18:00', 1, '08:00', '18:00', 1, '08:00', '18:00', 30, 63, '2021-08-02 20:36:20', '2021-08-02 20:36:20'),
	(3284, 'Hyundai', 'New HB20 X', 'Vision 1.6 12V Flex', 0, '', '', 0, '', '', 0, '', '', NULL, 843, '2021-08-02 20:37:21', '2021-08-02 20:37:21'),
	(3285, 'Hyundai', 'New HB20 X', 'Vision 1.6 12V Flex', 1, '08:00', '18:00', 1, '08:00', '18:00', 1, '08:00', '18:00', 30, 64, '2021-08-02 20:36:20', '2021-08-02 20:36:20'),
	(3286, 'Hyundai', 'New HB20 X', 'Vision 1.6 12V Flex', 1, '08:00', '18:00', 1, '08:00', '18:00', 1, '08:00', '18:00', 30, 65, '2021-08-02 20:36:20', '2021-08-02 20:36:20'),
	(3287, 'Hyundai', 'New HB20 X', 'Vision 1.6 12V Flex', 0, '', '', 0, '', '', 0, '', '', NULL, 66, '2021-08-02 20:36:21', '2021-08-02 20:36:21'),
	(3288, 'Hyundai', 'New HB20 X', 'Vision 1.6 12V Flex', 0, '', '', 0, '', '', 0, '', '', NULL, 67, '2021-08-02 20:36:21', '2021-08-02 20:36:21'),
	(3289, 'Hyundai', 'New HB20 X', 'Vision 1.6 12V Flex', 0, '', '', 0, '', '', 0, '', '', NULL, 68, '2021-08-02 20:36:22', '2021-08-02 20:36:22'),
	(3290, 'Hyundai', 'New HB20 X', 'Vision 1.6 12V Flex', 1, '08:00', '18:00', 1, '08:00', '18:00', 1, '08:00', '18:00', 30, 69, '2021-08-02 20:36:22', '2021-08-02 20:36:22'),
	(3291, 'Hyundai', 'New HB20 X', 'Vision 1.6 12V Flex', 0, '', '', 0, '', '', 0, '', '', NULL, 70, '2021-08-02 20:36:22', '2021-08-02 20:36:22'),
	(3292, 'Hyundai', 'New HB20 X', 'Vision 1.6 12V Flex', 1, '08:00', '18:00', 1, '08:00', '18:00', 1, '08:00', '18:00', 30, 71, '2021-08-02 20:36:23', '2021-08-02 20:36:23'),
	(3293, 'Hyundai', 'New HB20 X', 'Vision 1.6 12V Flex', 1, '08:00', '18:00', 1, '08:00', '18:00', 1, '08:00', '18:00', 30, 72, '2021-08-02 20:36:23', '2021-08-02 20:36:23'),
	(3294, 'Hyundai', 'New HB20 X', 'Vision 1.6 12V Flex', 1, '08:00', '18:00', 1, '08:00', '18:00', 1, '08:00', '18:00', 30, 73, '2021-08-02 20:36:24', '2021-08-02 20:36:24'),
	(3295, 'Hyundai', 'New HB20 X', 'Vision 1.6 12V Flex', 1, '08:00', '18:00', 1, '08:00', '18:00', 1, '08:00', '18:00', 30, 74, '2021-08-02 20:36:24', '2021-08-02 20:36:24'),
	(3296, 'Hyundai', 'New HB20 X', 'Vision 1.6 12V Flex', 1, '08:00', '18:00', 1, '08:00', '18:00', 1, '08:00', '18:00', 30, 75, '2021-08-02 20:36:25', '2021-08-02 20:36:25'),
	(3297, 'Hyundai', 'New HB20 X', 'Vision 1.6 12V Flex', 0, '', '', 0, '', '', 0, '', '', NULL, 76, '2021-08-02 20:36:25', '2021-08-02 20:36:25'),
	(3298, 'Hyundai', 'New HB20 X', 'Vision 1.6 12V Flex', 0, '', '', 0, '', '', 0, '', '', NULL, 77, '2021-08-02 20:36:26', '2021-08-02 20:36:26'),
	(3299, 'Hyundai', 'New HB20 X', 'Vision 1.6 12V Flex', 1, '08:00', '18:00', 1, '08:00', '18:00', 1, '08:00', '18:00', 30, 78, '2021-08-02 20:36:26', '2021-08-02 20:36:26'),
	(3300, 'Hyundai', 'New HB20 X', 'Vision 1.6 12V Flex', 0, '', '', 0, '', '', 0, '', '', NULL, 623, '2021-08-02 20:37:17', '2021-08-02 20:37:17'),
	(3301, 'Hyundai', 'New HB20 X', 'Vision 1.6 12V Flex', 0, '', '', 0, '', '', 0, '', '', NULL, 79, '2021-08-02 20:36:27', '2021-08-02 20:36:27'),
	(3302, 'Hyundai', 'New HB20', 'Sense 1.0 12V Flex', 1, '08:00', '18:00', 1, '08:00', '18:00', 1, '08:00', '18:00', 30, 72, '2021-08-02 20:36:23', '2021-08-02 20:36:23'),
	(3303, 'Hyundai', 'New HB20', 'Sense 1.0 12V Flex', 1, '08:00', '18:00', 1, '08:00', '18:00', 1, '08:00', '18:00', 30, 64, '2021-08-02 20:36:20', '2021-08-02 20:36:20'),
	(3304, 'Hyundai', 'Creta', 'Creta 1 Million', 0, '', '', 0, '', '', 0, '', '', NULL, 843, '2021-08-02 20:37:21', '2021-08-02 20:37:21'),
	(3305, 'Hyundai', 'New HB20 S', 'Evolution 1.0 12V Flex', 1, '08:00', '18:00', 1, '08:00', '18:00', 1, '08:00', '18:00', 30, 61, '2021-08-02 20:36:19', '2021-08-02 20:36:19'),
	(3306, 'Hyundai', 'New HB20 X', 'Vision 1.6 12V Flex', 0, '', '', 0, '', '', 0, '', '', NULL, 52, '2021-08-02 20:36:15', '2021-08-02 20:36:15'),
	(3319, 'Hyundai', 'New HB20 X', 'Vision 1.6 12V Flex', 0, '', '', 0, '', '', 0, '', '', NULL, 46, '2021-08-02 20:36:12', '2021-08-02 20:36:12'),
	(3320, 'Hyundai', 'Creta', 'Creta 1 Million', 1, '08:00', '18:00', 1, '08:00', '18:00', 1, '08:00', '18:00', 30, 92, '2021-08-02 20:36:30', '2021-08-02 20:36:30'),
	(3361, 'Ford', 'Ranger (Cabine Dupla)', 'Ranger 2.2 TD XLS CD (Aut)', 0, '', '', 0, '', '', 0, '', '', NULL, 90, '2021-08-02 20:36:29', '2021-08-02 20:36:29'),
	(3364, 'Ford', 'Ka Sedan', 'Ka Sedan SE 1.0 (Flex)', 0, '', '', 0, '', '', 0, '', '', NULL, 160, '2021-08-02 20:36:45', '2021-08-02 20:36:45'),
	(3367, 'Hyundai', 'All New Santa Fe', '3.5 V6', 0, '', '', 0, '', '', 0, '', '', NULL, 91, '2021-08-02 20:36:29', '2021-08-02 20:36:29'),
	(3368, 'Hyundai', 'All New Santa Fe', '3.5 V6', 0, '', '', 0, '', '', 0, '', '', NULL, 93, '2021-08-02 20:36:30', '2021-08-02 20:36:30'),
	(3369, 'Hyundai', 'All New Santa Fe', '3.5 V6', 0, '', '', 0, '', '', 0, '', '', NULL, 94, '2021-08-02 20:36:30', '2021-08-02 20:36:30'),
	(3370, 'Hyundai', 'All New Santa Fe', '3.5 V6', 0, '', '', 0, '', '', 0, '', '', NULL, 96, '2021-08-02 20:36:31', '2021-08-02 20:36:31'),
	(3371, 'Hyundai', 'All New Santa Fe', '3.5 V6', 0, '', '', 0, '', '', 0, '', '', NULL, 97, '2021-08-02 20:36:31', '2021-08-02 20:36:31'),
	(3372, 'Hyundai', 'All New Santa Fe', '3.5 V6', 0, '', '', 0, '', '', 0, '', '', NULL, 100, '2021-08-02 20:36:32', '2021-08-02 20:36:32'),
	(3375, 'Hyundai', 'All New Santa Fe', '3.5 V6', 0, '', '', 0, '', '', 0, '', '', NULL, 110, '2021-08-02 20:36:33', '2021-08-02 20:36:33'),
	(3376, 'Hyundai', 'All New Santa Fe', '3.5 V6', 0, '', '', 0, '', '', 0, '', '', NULL, 112, '2021-08-02 20:36:33', '2021-08-02 20:36:33'),
	(3377, 'Hyundai', 'All New Santa Fe', '3.5 V6', 0, '', '', 0, '', '', 0, '', '', NULL, 104, '2021-08-02 20:36:32', '2021-08-02 20:36:32'),
	(3378, 'Hyundai', 'All New Santa Fe', '3.5 V6', 0, '', '', 0, '', '', 0, '', '', NULL, 115, '2021-08-02 20:36:34', '2021-08-02 20:36:34'),
	(3379, 'Hyundai', 'All New Santa Fe', '3.5 V6', 0, '', '', 0, '', '', 0, '', '', NULL, 116, '2021-08-02 20:36:34', '2021-08-02 20:36:34'),
	(3380, 'Hyundai', 'All New Santa Fe', '3.5 V6', 0, '', '', 0, '', '', 0, '', '', NULL, 117, '2021-08-02 20:36:34', '2021-08-02 20:36:34'),
	(3382, 'Hyundai', 'New HB20 Sport', 'Sport', 0, '', '', 0, '', '', 0, '', '', NULL, 191, '2021-08-02 20:36:48', '2021-08-02 20:36:48'),
	(3383, 'Hyundai', 'New HB20 Sport', 'Sport', 0, '', '', 0, '', '', 0, '', '', NULL, 51, '2021-08-02 20:36:14', '2021-08-02 20:36:14'),
	(3384, 'Hyundai', 'New HB20 Sport', 'Sport', 0, '', '', 0, '', '', 0, '', '', NULL, 50, '2021-08-02 20:36:14', '2021-08-02 20:36:14'),
	(3385, 'Hyundai', 'New HB20 Sport', 'Sport', 0, '', '', 0, '', '', 0, '', '', NULL, 47, '2021-08-02 20:36:13', '2021-08-02 20:36:13'),
	(3386, 'Hyundai', 'New HB20 Sport', 'Sport', 0, '', '', 0, '', '', 0, '', '', NULL, 48, '2021-08-02 20:36:13', '2021-08-02 20:36:13'),
	(3387, 'Hyundai', 'New HB20 Sport', 'Sport', 0, '', '', 0, '', '', 0, '', '', NULL, 52, '2021-08-02 20:36:15', '2021-08-02 20:36:15'),
	(3388, 'Hyundai', 'New HB20 Sport', 'Sport', 0, '', '', 0, '', '', 0, '', '', NULL, 53, '2021-08-02 20:36:15', '2021-08-02 20:36:15'),
	(3389, 'Hyundai', 'New HB20 Sport', 'Sport', 0, '', '', 0, '', '', 0, '', '', NULL, 54, '2021-08-02 20:36:16', '2021-08-02 20:36:16'),
	(3390, 'Hyundai', 'New HB20 Sport', 'Sport', 0, '', '', 0, '', '', 0, '', '', NULL, 55, '2021-08-02 20:36:16', '2021-08-02 20:36:16'),
	(3391, 'Hyundai', 'New HB20 Sport', 'Sport', 0, '', '', 0, '', '', 0, '', '', NULL, 56, '2021-08-02 20:36:16', '2021-08-02 20:36:16'),
	(3392, 'Hyundai', 'New HB20 Sport', 'Sport', 0, '', '', 0, '', '', 0, '', '', NULL, 80, '2021-08-02 20:36:27', '2021-08-02 20:36:27'),
	(3393, 'Hyundai', 'New HB20 Sport', 'Sport', 0, '', '', 0, '', '', 0, '', '', NULL, 57, '2021-08-02 20:36:17', '2021-08-02 20:36:17'),
	(3394, 'Hyundai', 'New HB20 Sport', 'Sport', 0, '', '', 0, '', '', 0, '', '', NULL, 58, '2021-08-02 20:36:17', '2021-08-02 20:36:17'),
	(3395, 'Hyundai', 'New HB20 Sport', 'Sport', 0, '', '', 0, '', '', 0, '', '', NULL, 59, '2021-08-02 20:36:18', '2021-08-02 20:36:18'),
	(3396, 'Hyundai', 'New HB20 Sport', 'Sport', 0, '', '', 0, '', '', 0, '', '', NULL, 60, '2021-08-02 20:36:18', '2021-08-02 20:36:18'),
	(3397, 'Hyundai', 'New HB20 Sport', 'Sport', 0, '', '', 0, '', '', 0, '', '', NULL, 61, '2021-08-02 20:36:19', '2021-08-02 20:36:19'),
	(3398, 'Hyundai', 'New HB20 Sport', 'Sport', 0, '', '', 0, '', '', 0, '', '', NULL, 62, '2021-08-02 20:36:19', '2021-08-02 20:36:19'),
	(3399, 'Hyundai', 'New HB20 Sport', 'Sport', 0, '', '', 0, '', '', 0, '', '', NULL, 63, '2021-08-02 20:36:20', '2021-08-02 20:36:20'),
	(3400, 'Hyundai', 'New HB20 Sport', 'Sport', 0, '', '', 0, '', '', 0, '', '', NULL, 843, '2021-08-02 20:37:21', '2021-08-02 20:37:21'),
	(3401, 'Hyundai', 'New HB20 Sport', 'Sport', 0, '', '', 0, '', '', 0, '', '', NULL, 64, '2021-08-02 20:36:20', '2021-08-02 20:36:20'),
	(3402, 'Hyundai', 'New HB20 Sport', 'Sport', 0, '', '', 0, '', '', 0, '', '', NULL, 65, '2021-08-02 20:36:20', '2021-08-02 20:36:20'),
	(3403, 'Hyundai', 'New HB20 Sport', 'Sport', 0, '', '', 0, '', '', 0, '', '', NULL, 66, '2021-08-02 20:36:21', '2021-08-02 20:36:21'),
	(3404, 'Hyundai', 'New HB20 Sport', 'Sport', 0, '', '', 0, '', '', 0, '', '', NULL, 67, '2021-08-02 20:36:21', '2021-08-02 20:36:21'),
	(3405, 'Hyundai', 'New HB20 Sport', 'Sport', 0, '', '', 0, '', '', 0, '', '', NULL, 68, '2021-08-02 20:36:22', '2021-08-02 20:36:22'),
	(3406, 'Hyundai', 'New HB20 Sport', 'Sport', 0, '', '', 0, '', '', 0, '', '', NULL, 69, '2021-08-02 20:36:22', '2021-08-02 20:36:22'),
	(3407, 'Hyundai', 'New HB20 Sport', 'Sport', 0, '', '', 0, '', '', 0, '', '', NULL, 70, '2021-08-02 20:36:22', '2021-08-02 20:36:22'),
	(3408, 'Hyundai', 'New HB20 Sport', 'Sport', 0, '', '', 0, '', '', 0, '', '', NULL, 71, '2021-08-02 20:36:23', '2021-08-02 20:36:23'),
	(3409, 'Hyundai', 'New HB20 Sport', 'Sport', 0, '', '', 0, '', '', 0, '', '', NULL, 72, '2021-08-02 20:36:23', '2021-08-02 20:36:23'),
	(3410, 'Hyundai', 'New HB20 Sport', 'Sport', 0, '', '', 0, '', '', 0, '', '', NULL, 73, '2021-08-02 20:36:24', '2021-08-02 20:36:24'),
	(3411, 'Hyundai', 'New HB20 Sport', 'Sport', 0, '', '', 0, '', '', 0, '', '', NULL, 74, '2021-08-02 20:36:24', '2021-08-02 20:36:24'),
	(3412, 'Hyundai', 'New HB20 Sport', 'Sport', 0, '', '', 0, '', '', 0, '', '', NULL, 75, '2021-08-02 20:36:25', '2021-08-02 20:36:25'),
	(3413, 'Hyundai', 'New HB20 Sport', 'Sport', 0, '', '', 0, '', '', 0, '', '', NULL, 76, '2021-08-02 20:36:25', '2021-08-02 20:36:25'),
	(3414, 'Hyundai', 'New HB20 Sport', 'Sport', 0, '', '', 0, '', '', 0, '', '', NULL, 77, '2021-08-02 20:36:26', '2021-08-02 20:36:26'),
	(3415, 'Hyundai', 'New HB20 Sport', 'Sport', 0, '', '', 0, '', '', 0, '', '', NULL, 78, '2021-08-02 20:36:26', '2021-08-02 20:36:26'),
	(3416, 'Hyundai', 'New HB20 Sport', 'Sport', 0, '', '', 0, '', '', 0, '', '', NULL, 623, '2021-08-02 20:37:17', '2021-08-02 20:37:17'),
	(3417, 'Hyundai', 'New HB20 Sport', 'Sport', 0, '', '', 0, '', '', 0, '', '', NULL, 79, '2021-08-02 20:36:27', '2021-08-02 20:36:27'),
	(3654, 'Hyundai', 'HD80', '3.0 16V diesel', 0, '', '', 0, '', '', 0, '', '', NULL, 998, '2021-08-02 20:37:22', '2021-08-02 20:37:22'),
	(3655, 'Hyundai', 'HR', 'HR HD 2.5 (sem caçamba)', 0, '', '', 0, '', '', 0, '', '', NULL, 116, '2021-08-02 20:36:34', '2021-08-02 20:36:34'),
	(3658, 'Ford', 'Territory', 'SEL 1.5 Turbo EcoBoost GTDi', 0, '', '', 0, '', '', 0, '', '', NULL, 161, '2021-08-02 20:36:46', '2021-08-02 20:36:46'),
	(3659, 'Ford', 'Territory', 'Titanium 1.5 Turbo EcoBoost GTDi', 0, '', '', 0, '', '', 0, '', '', NULL, 161, '2021-08-02 20:36:46', '2021-08-02 20:36:46'),
	(3660, 'Ford', 'Territory', 'SEL 1.5 Turbo EcoBoost GTDi', 0, '', '', 0, '', '', 0, '', '', NULL, 90, '2021-08-02 20:36:29', '2021-08-02 20:36:29'),
	(3661, 'Ford', 'Territory', 'Titanium 1.5 Turbo EcoBoost GTDi', 0, '', '', 0, '', '', 0, '', '', NULL, 90, '2021-08-02 20:36:29', '2021-08-02 20:36:29'),
	(3662, 'Ford', 'Territory', 'SEL 1.5 Turbo EcoBoost GTDi', 0, '', '', 0, '', '', 0, '', '', NULL, 160, '2021-08-02 20:36:45', '2021-08-02 20:36:45'),
	(3663, 'Ford', 'Territory', 'Titanium 1.5 Turbo EcoBoost GTDi', 0, '', '', 0, '', '', 0, '', '', NULL, 160, '2021-08-02 20:36:45', '2021-08-02 20:36:45'),
	(3664, 'Ford', 'Territory', 'SEL 1.5 Turbo EcoBoost GTDi', 0, '', '', 0, '', '', 0, '', '', NULL, 83, '2021-08-02 20:36:28', '2021-08-02 20:36:28'),
	(3665, 'Ford', 'Territory', 'Titanium 1.5 Turbo EcoBoost GTDi', 0, '', '', 0, '', '', 0, '', '', NULL, 83, '2021-08-02 20:36:28', '2021-08-02 20:36:28'),
	(3668, 'Ford', 'Territory', 'SEL 1.5 Turbo EcoBoost GTDi', 0, '', '', 0, '', '', 0, '', '', NULL, 85, '2021-08-02 20:36:28', '2021-08-02 20:36:28'),
	(3669, 'Ford', 'Territory', 'Titanium 1.5 Turbo EcoBoost GTDi', 0, '', '', 0, '', '', 0, '', '', NULL, 85, '2021-08-02 20:36:28', '2021-08-02 20:36:28'),
	(3672, 'Ford', 'Territory', 'SEL 1.5 Turbo EcoBoost GTDi', 0, '', '', 0, '', '', 0, '', '', NULL, 88, '2021-08-02 20:36:28', '2021-08-02 20:36:28'),
	(3673, 'Ford', 'Territory', 'Titanium 1.5 Turbo EcoBoost GTDi', 0, '', '', 0, '', '', 0, '', '', NULL, 88, '2021-08-02 20:36:28', '2021-08-02 20:36:28'),
	(3726, 'Ford', 'Ranger Black', '2.2 4x2 automática', 0, '', '', 0, '', '', 0, '', '', NULL, 161, '2021-08-02 20:36:46', '2021-08-02 20:36:46'),
	(3727, 'Ford', 'Ranger Black', '2.2 4x2 automática', 0, '', '', 0, '', '', 0, '', '', NULL, 90, '2021-08-02 20:36:29', '2021-08-02 20:36:29'),
	(3729, 'Ford', 'Ranger Black', '2.2 4x2 automática', 0, '', '', 0, '', '', 0, '', '', NULL, 160, '2021-08-02 20:36:45', '2021-08-02 20:36:45'),
	(3730, 'Ford', 'Ranger Black', '2.2 4x2 automática', 0, '', '', 0, '', '', 0, '', '', NULL, 83, '2021-08-02 20:36:28', '2021-08-02 20:36:28'),
	(3732, 'Ford', 'Ranger Black', '2.2 4x2 automática', 0, '', '', 0, '', '', 0, '', '', NULL, 85, '2021-08-02 20:36:28', '2021-08-02 20:36:28'),
	(3734, 'Ford', 'Ranger Black', '2.2 4x2 automática', 0, '', '', 0, '', '', 0, '', '', NULL, 88, '2021-08-02 20:36:28', '2021-08-02 20:36:28'),
	(3735, 'Hyundai', 'New Tucson', 'New Tucson Special Edition 1.6 GDI Turbo (Aut)', 0, '07:00', '20:00', 0, '07:00', '20:00', 0, '', '', 60, 130, '2021-08-02 20:36:37', '2021-08-02 20:36:37'),
	(3803, 'Ford', 'Mustang', 'March 1', 0, '', '', 0, '', '', 0, '', '', NULL, 161, '2021-08-02 20:36:46', '2021-08-02 20:36:46'),
	(3804, 'Ford', 'Mustang', 'March 1', 0, '', '', 0, '', '', 0, '', '', NULL, 90, '2021-08-02 20:36:29', '2021-08-02 20:36:29'),
	(3806, 'Ford', 'Mustang', 'March 1', 0, '', '', 0, '', '', 0, '', '', NULL, 160, '2021-08-02 20:36:45', '2021-08-02 20:36:45'),
	(3807, 'Ford', 'Mustang', 'March 1', 0, '', '', 0, '', '', 0, '', '', NULL, 83, '2021-08-02 20:36:28', '2021-08-02 20:36:28'),
	(3809, 'Ford', 'Mustang', 'March 1', 0, '', '', 0, '', '', 0, '', '', NULL, 85, '2021-08-02 20:36:28', '2021-08-02 20:36:28'),
	(3811, 'Ford', 'Mustang', 'March 1', 0, '', '', 0, '', '', 0, '', '', NULL, 88, '2021-08-02 20:36:28', '2021-08-02 20:36:28'),
	(3813, 'Ford', 'Bronco', 'Sport', 0, '', '', 0, '', '', 0, '', '', NULL, 161, '2021-08-02 20:36:46', '2021-08-02 20:36:46'),
	(3814, 'Ford', 'Bronco', 'Sport', 0, '', '', 0, '', '', 0, '', '', NULL, 90, '2021-08-02 20:36:29', '2021-08-02 20:36:29'),
	(3816, 'Ford', 'Bronco', 'Sport', 0, '', '', 0, '', '', 0, '', '', NULL, 160, '2021-08-02 20:36:45', '2021-08-02 20:36:45'),
	(3817, 'Ford', 'Bronco', 'Sport', 0, '', '', 0, '', '', 0, '', '', NULL, 83, '2021-08-02 20:36:28', '2021-08-02 20:36:28'),
	(3819, 'Ford', 'Bronco', 'Sport', 0, '', '', 0, '', '', 0, '', '', NULL, 85, '2021-08-02 20:36:28', '2021-08-02 20:36:28'),
	(3821, 'Ford', 'Bronco', 'Sport', 0, '', '', 0, '', '', 0, '', '', NULL, 88, '2021-08-02 20:36:28', '2021-08-02 20:36:28');

-- Dumping structure for table caoa_dev.z_flags
CREATE TABLE IF NOT EXISTS `z_flags` (
  `BandeiraID` int unsigned NOT NULL,
  `Nome` varchar(255) CHARACTER SET utf8 COLLATE utf8_unicode_ci NOT NULL,
  `created_at` timestamp NOT NULL DEFAULT '0000-00-00 00:00:00',
  `updated_at` timestamp NOT NULL DEFAULT '0000-00-00 00:00:00',
  PRIMARY KEY (`BandeiraID`)
) ENGINE=InnoDB DEFAULT CHARSET=utf8 COLLATE=utf8_unicode_ci;

-- Dumping data for table caoa_dev.z_flags: ~5 rows (approximately)
INSERT INTO `z_flags` (`BandeiraID`, `Nome`, `created_at`, `updated_at`) VALUES
	(1, 'Hyundai', '2020-11-10 10:22:34', '2020-11-10 10:22:34'),
	(2, 'Ford', '2020-11-10 10:22:34', '2020-11-10 10:22:34'),
	(3, 'Subaru', '2020-11-10 10:22:34', '2020-11-10 10:22:34'),
	(31, 'HMB', '2020-11-10 10:22:34', '2020-11-10 10:22:34'),
	(32, 'Oficina ', '2020-11-10 10:22:34', '2020-11-10 10:22:34');

-- Dumping structure for table caoa_dev.z_shops
CREATE TABLE IF NOT EXISTS `z_shops` (
  `LojaID` int unsigned NOT NULL,
  `NomeFantasia` varchar(255) CHARACTER SET utf8 COLLATE utf8_unicode_ci DEFAULT NULL,
  `Observacao` varchar(255) CHARACTER SET utf8 COLLATE utf8_unicode_ci DEFAULT NULL,
  `CNPJ` varchar(255) CHARACTER SET utf8 COLLATE utf8_unicode_ci DEFAULT NULL,
  `RazaoSocial` varchar(255) CHARACTER SET utf8 COLLATE utf8_unicode_ci DEFAULT NULL,
  `BandeiraDescricao` varchar(255) CHARACTER SET utf8 COLLATE utf8_unicode_ci DEFAULT NULL,
  `BandeiraID` varchar(255) CHARACTER SET utf8 COLLATE utf8_unicode_ci DEFAULT NULL,
  `LojaEnderecoID` int unsigned DEFAULT NULL,
  `CEP` varchar(255) CHARACTER SET utf8 COLLATE utf8_unicode_ci DEFAULT NULL,
  `Logradouro` varchar(255) CHARACTER SET utf8 COLLATE utf8_unicode_ci DEFAULT NULL,
  `Numero` varchar(255) CHARACTER SET utf8 COLLATE utf8_unicode_ci DEFAULT NULL,
  `Complemento` varchar(255) CHARACTER SET utf8 COLLATE utf8_unicode_ci DEFAULT NULL,
  `Bairro` varchar(255) CHARACTER SET utf8 COLLATE utf8_unicode_ci DEFAULT NULL,
  `Estado` varchar(255) CHARACTER SET utf8 COLLATE utf8_unicode_ci DEFAULT NULL,
  `Cidade` varchar(255) CHARACTER SET utf8 COLLATE utf8_unicode_ci DEFAULT NULL,
  `Latitude` varchar(255) CHARACTER SET utf8 COLLATE utf8_unicode_ci DEFAULT NULL,
  `Longitude` varchar(255) CHARACTER SET utf8 COLLATE utf8_unicode_ci DEFAULT NULL,
  `EnderecoCobranca` tinyint(1) DEFAULT NULL,
  `Enderecos` text CHARACTER SET utf8 COLLATE utf8_unicode_ci,
  `Contatos` text CHARACTER SET utf8 COLLATE utf8_unicode_ci,
  `created_at` timestamp NOT NULL DEFAULT '0000-00-00 00:00:00',
  `updated_at` timestamp NOT NULL DEFAULT '0000-00-00 00:00:00',
  PRIMARY KEY (`LojaID`)
) ENGINE=InnoDB DEFAULT CHARSET=utf8 COLLATE=utf8_unicode_ci;

-- Dumping data for table caoa_dev.z_shops: ~159 rows (approximately)
INSERT INTO `z_shops` (`LojaID`, `NomeFantasia`, `Observacao`, `CNPJ`, `RazaoSocial`, `BandeiraDescricao`, `BandeiraID`, `LojaEnderecoID`, `CEP`, `Logradouro`, `Numero`, `Complemento`, `Bairro`, `Estado`, `Cidade`, `Latitude`, `Longitude`, `EnderecoCobranca`, `Enderecos`, `Contatos`, `created_at`, `updated_at`) VALUES
	(44, 'Hyundai HMB CAOA Atlantico', 'Peças e Serviços, CAOA , HMB E HYUNDAI MOTOR', '16.794.464/0045-78', 'Caoa Motor do Brasil Ltda', 'HMB', '31', 126, '88095-000', 'Av. Marinheiro Max Schramm', '3656', '', 'Jardim Atlântico', 'SC', 'Florianópolis', '-27.575288', '-48.597432', 1, '{"LojaEnderecoID":126,"LojaID":44,"CEP":"88095-000","Logradouro":"Av. Marinheiro Max Schramm","Numero":"3656","Complemento":"","Bairro":"Jardim Atl\\u00e2ntico","Estado":"SC","Cidade":"Florian\\u00f3polis","Latitude":-27.575288,"Longitude":-48.597432,"EnderecoCobranca":true}', '[{"LojaID":44,"LojaContatoID":69,"Celular":"","Email":"antonio.gauto@caoa.com.br","Fax":"","Nextel":"","Telefone":"48 3037-8600","WhatsApp":"","Nome":"Ant\\u00f4nio Louren\\u00e7o Gauto Filho","EmailRevisao":"","EmailPosVenda":"agendamento.hbflorianopolis@caoa.com.br","WhatsAppRevisao":"48 98811-1022","TelefoneRevisao":"","TelefonePosVenda":"48 3037-8600","ContatoCobranca":false}]', '2021-08-02 16:39:33', '2021-08-02 16:39:33'),
	(45, 'Hyundai HMB CAOA Anhaia Melo', 'Peças e Serviços, CAOA , HMB E HYUNDAI MOTOR', '16.794.464/0017-14', 'Caoa Motor do Brasil Ltda', 'HMB', '31', 128, '03154-100', 'Av. Professor Luiz Ignacio Anhaia Mello', '2560', '', 'Vila Prudente', 'SP', 'São Paulo', '-23.58298', '-46.571322', 1, '{"LojaEnderecoID":128,"LojaID":45,"CEP":"03154-100","Logradouro":"Av. Professor Luiz Ignacio Anhaia Mello","Numero":"2560","Complemento":"","Bairro":"Vila Prudente","Estado":"SP","Cidade":"S\\u00e3o Paulo","Latitude":-23.58298,"Longitude":-46.571322,"EnderecoCobranca":true}', '[{"LojaID":45,"LojaContatoID":70,"Celular":"","Email":"andre.lopes@caoa.com.br ","Fax":"","Nextel":"","Telefone":"11 2116-1927","WhatsApp":"","Nome":"Andr\\u00e9 Lopes               ","EmailRevisao":"","EmailPosVenda":"agendamento.hbanhaiamelo@caoa.com.br","WhatsAppRevisao":"11 99101-5826","TelefoneRevisao":"","TelefonePosVenda":"11 2116-1980","ContatoCobranca":false}]', '2021-08-02 16:39:33', '2021-08-02 16:39:33'),
	(46, 'Hyundai HMB CAOA Araçatuba', 'Peças e Serviços, CAOA , HMB E HYUNDAI MOTOR', '16.794.464/0013-90', 'Caoa Motor do Brasil Ltda', 'HMB', '31', 130, '16015-645', 'Avenida Joaquim Pompeu de Toledo', '869', '', 'Vila Estadio', 'SP', 'Araçatuba', '-21.2221428', '-50.4384836', 0, '{"LojaEnderecoID":130,"LojaID":46,"CEP":"16015-645","Logradouro":"Avenida Joaquim Pompeu de Toledo","Numero":"869","Complemento":"","Bairro":"Vila Estadio","Estado":"SP","Cidade":"Ara\\u00e7atuba","Latitude":-21.2221428,"Longitude":-50.4384836,"EnderecoCobranca":false}', '[{"LojaID":46,"LojaContatoID":71,"Celular":"","Email":"daniel.malta@caoa.com.br","Fax":"","Nextel":"","Telefone":"18 31990-970_","WhatsApp":"","Nome":"Daniel Malta ","EmailRevisao":"","EmailPosVenda":"agendamento.hbaracatuba@caoa.com.br","WhatsAppRevisao":"18 99111-6404","TelefoneRevisao":"","TelefonePosVenda":"18 3519-3103","ContatoCobranca":false}]', '2021-08-02 16:39:33', '2021-08-02 16:39:33'),
	(47, 'Hyundai HMB CAOA Botafogo', 'Showroom, CAOA , HMB ', '16.794.464/0026-05', 'Caoa Motor do Brasil Ltda', 'HMB', '31', 132, '22281-032', 'Rua Real Grandeza ', '384', '', 'Botafogo', 'RJ', 'Rio de Janeiro', '-22.9597093', '-43.193747', 1, '{"LojaEnderecoID":132,"LojaID":47,"CEP":"22281-032","Logradouro":"Rua Real Grandeza ","Numero":"384","Complemento":"","Bairro":"Botafogo","Estado":"RJ","Cidade":"Rio de Janeiro","Latitude":-22.9597093,"Longitude":-43.193747,"EnderecoCobranca":true}', '[{"LojaID":47,"LojaContatoID":72,"Celular":"","Email":"renan.pinheiro@caoa.com.br","Fax":"","Nextel":"","Telefone":"21 3539-5700","WhatsApp":"","Nome":"Renan Pereira Pinheiro","EmailRevisao":"","EmailPosVenda":"","WhatsAppRevisao":"","TelefoneRevisao":"","TelefonePosVenda":"","ContatoCobranca":false}]', '2021-08-02 16:39:33', '2021-08-02 16:39:33'),
	(48, 'Hyundai HMB CAOA Ceasa', 'Showroom, Peças e Serviços, CAOA , HMB E HYUNDAI MOTOR', '16.794.464/0003-19', 'Caoa Motor do Brasil Ltda', 'HMB', '31', 134, '05314-000', 'Avenida Doutor Gastão Vidigal', '1595', '', 'Vila Leopoldina', 'SP', 'São Paulo', '-23.531092', '-46.736241', 0, '{"LojaEnderecoID":134,"LojaID":48,"CEP":"05314-000","Logradouro":"Avenida Doutor Gast\\u00e3o Vidigal","Numero":"1595","Complemento":"","Bairro":"Vila Leopoldina","Estado":"SP","Cidade":"S\\u00e3o Paulo","Latitude":-23.531092,"Longitude":-46.736241,"EnderecoCobranca":false}', '[{"LojaID":48,"LojaContatoID":73,"Celular":"","Email":" anderson.vieira@caoa.com.br","Fax":"","Nextel":"","Telefone":"11 36435-700_","WhatsApp":"","Nome":"Anderson Vieira         ","EmailRevisao":"","EmailPosVenda":"agendamento.hbceasa@caoa.com.br","WhatsAppRevisao":"11 99496-4348","TelefoneRevisao":"11 30384-343_","TelefonePosVenda":"11 3038-4343","ContatoCobranca":false}]', '2021-08-02 16:39:33', '2021-08-02 16:39:33'),
	(49, 'Hyundai HMB CAOA Aricanduva', 'Showroom, CAOA E HMB', '16.794.464/0030-91', 'Caoa Motor do Brasil Ltda.', 'HMB', '31', 136, '03527-908', 'Av. Aricanduva', '5555', '', 'Vila Matilde', 'SP', 'São Paulo', '-23.567486', '-46.505521', 1, '{"LojaEnderecoID":136,"LojaID":49,"CEP":"03527-908","Logradouro":"Av. Aricanduva","Numero":"5555","Complemento":"","Bairro":"Vila Matilde","Estado":"SP","Cidade":"S\\u00e3o Paulo","Latitude":-23.567486,"Longitude":-46.505521,"EnderecoCobranca":true}', '[{"LojaID":49,"LojaContatoID":74,"Celular":"","Email":"marcelo.sinhorine@caoa.com.br","Fax":"","Nextel":"","Telefone":"11 2701-0200","WhatsApp":"","Nome":"Marcelo Sinhorine        ","EmailRevisao":"","EmailPosVenda":"","WhatsAppRevisao":"","TelefoneRevisao":"","TelefonePosVenda":"","ContatoCobranca":false}]', '2021-08-02 16:39:33', '2021-08-02 16:39:33'),
	(50, 'Hyundai HMB CAOA Belém', 'Peças e Serviços, CAOA , HMB E HYUNDAI MOTOR', '16.794.464/0022-81', 'Caoa Motor do Brasil Ltda.', 'HMB', '31', 138, '66050-000', 'Av. Senador Lemos', '235', '', 'Umarizal', 'PA', 'Belém', '-1.440968', '-48.489707', 1, '{"LojaEnderecoID":138,"LojaID":50,"CEP":"66050-000","Logradouro":"Av. Senador Lemos","Numero":"235","Complemento":"","Bairro":"Umarizal","Estado":"PA","Cidade":"Bel\\u00e9m","Latitude":-1.440968,"Longitude":-48.489707,"EnderecoCobranca":true}', '[{"LojaID":50,"LojaContatoID":463,"Celular":"","Email":"ana.carreira@caoa.com.br","Fax":"","Nextel":"","Telefone":"91 3344-8485","WhatsApp":"","Nome":"Ana Daniela Carreira","EmailRevisao":"","EmailPosVenda":"agendamento.hbbelem@caoa.com.br","WhatsAppRevisao":"91 92502-245_","TelefoneRevisao":"","TelefonePosVenda":"91 3344-8475","ContatoCobranca":false}]', '2021-08-02 16:39:33', '2021-08-02 16:39:33'),
	(51, 'Hyundai HMB CAOA Belo Horizonte', 'Peças e Serviços, CAOA , HMB E HYUNDAI MOTOR', '16.794.464/0031-72', 'Caoa Motor do Brasil Ltda.', 'HMB', '31', 140, '31170-800', 'Av. Cristiano Machado', '2020', '', 'Cidade Nova', 'MG', 'Belo Horizonte', '-19.889863', '-43.928713', 1, '{"LojaEnderecoID":140,"LojaID":51,"CEP":"31170-800","Logradouro":"Av. Cristiano Machado","Numero":"2020","Complemento":"","Bairro":"Cidade Nova","Estado":"MG","Cidade":"Belo Horizonte","Latitude":-19.889863,"Longitude":-43.928713,"EnderecoCobranca":true}', '[{"LojaID":51,"LojaContatoID":76,"Celular":"","Email":"leonardo.crivelaro@caoa.com.br","Fax":"","Nextel":"","Telefone":"31 3115-4000","WhatsApp":"","Nome":"Leonardo Amaral Crivelaro","EmailRevisao":"","EmailPosVenda":"agendamento.hbbelohorizonte@caoa.com.br","WhatsAppRevisao":"31 98259-7279","TelefoneRevisao":"","TelefonePosVenda":"31 3115-4002","ContatoCobranca":false}]', '2021-08-02 16:39:33', '2021-08-02 16:39:33'),
	(52, 'Hyundai HMB CAOA Campina Grande', 'Peças e Serviços Oficina-Hyundai  , CAOA , HMB E HYUNDAI MOTOR', '16.794.464/0028-77', 'Caoa Motor do Brasil Ltda.', 'HMB', '31', 142, '58407-475', 'Avenida Prefeito Severino Cabral', '350', '', 'José Pinheiro', 'PB', 'Campina Grande', '-7.2280047', '-35.8753636', 1, '{"LojaEnderecoID":142,"LojaID":52,"CEP":"58407-475","Logradouro":"Avenida Prefeito Severino Cabral","Numero":"350","Complemento":"","Bairro":"Jos\\u00e9 Pinheiro","Estado":"PB","Cidade":"Campina Grande","Latitude":-7.2280047,"Longitude":-35.8753636,"EnderecoCobranca":true}', '[{"LojaID":52,"LojaContatoID":77,"Celular":"","Email":"jose.lpereira@caoa.com.br","Fax":"","Nextel":"","Telefone":"83 3182-1000","WhatsApp":"","Nome":"Jos\\u00e9 Luiz Pereira","EmailRevisao":"","EmailPosVenda":"agendamento.hbcampinagrande@caoa.com.br","WhatsAppRevisao":"83 94053-533_","TelefoneRevisao":"","TelefonePosVenda":"83 3182-1017","ContatoCobranca":false}]', '2021-08-02 16:39:33', '2021-08-02 16:39:33'),
	(53, 'Hyundai HMB CAOA Campinas Trevo', 'Peças e Serviços, CAOA , HMB E HYUNDAI MOTOR', '16.794.464/0012-00', 'Caoa Motor do Brasil Ltda.', 'HMB', '31', 144, '13030-100', 'Av. Benedicto Campos', '385', '', 'Jardim do Trevo', 'SP', 'Campinas', '-22.928109', '-47.069334', 1, '{"LojaEnderecoID":144,"LojaID":53,"CEP":"13030-100","Logradouro":"Av. Benedicto Campos","Numero":"385","Complemento":"","Bairro":"Jardim do Trevo","Estado":"SP","Cidade":"Campinas","Latitude":-22.928109,"Longitude":-47.069334,"EnderecoCobranca":true}', '[{"LojaID":53,"LojaContatoID":78,"Celular":"","Email":"leonardo.fernando@caoa.com.br","Fax":"","Nextel":"","Telefone":"19 31120-200_","WhatsApp":"","Nome":"Leonardo Fernando Baldan","EmailRevisao":"","EmailPosVenda":"agendamento.campinastv@caoa.com.br","WhatsAppRevisao":"19 99412-3538","TelefoneRevisao":"","TelefonePosVenda":"19 3112-0202","ContatoCobranca":false},{"LojaID":53,"LojaContatoID":455,"Celular":"","Email":"marcio.rossetto@caoa.com.br","Fax":"","Nextel":"","Telefone":"19 31120-200_","WhatsApp":"","Nome":"Marcio Bernal Rossetto","EmailRevisao":"","EmailPosVenda":"","WhatsAppRevisao":"","TelefoneRevisao":"","TelefonePosVenda":"19 3112-0202","ContatoCobranca":false}]', '2021-08-02 16:39:33', '2021-08-02 16:39:33'),
	(54, 'Hyundai HMB CAOA Caxias do Sul', 'Peças e Serviços, CAOA , HMB E HYUNDAI MOTOR', '16.794.464/0019-86', 'Caoa Motor do Brasil Ltda.', 'HMB', '31', 146, '95054-002', 'Avenida Ruben Bento Alves', '820', '', 'Sagrada Família', 'RS', 'Caxias do Sul', '-29.174256', '-51.221161', 1, '{"LojaEnderecoID":146,"LojaID":54,"CEP":"95054-002","Logradouro":"Avenida Ruben Bento Alves","Numero":"820","Complemento":"","Bairro":"Sagrada Fam\\u00edlia","Estado":"RS","Cidade":"Caxias do Sul","Latitude":-29.174256,"Longitude":-51.221161,"EnderecoCobranca":true}', '[{"LojaID":54,"LojaContatoID":79,"Celular":"","Email":"giovana.ferrao@caoa.com.br]","Fax":"","Nextel":"","Telefone":"54 3013-8800","WhatsApp":"","Nome":"Giovana Ferrao ","EmailRevisao":"","EmailPosVenda":"agendamento.hbcaxiasdosul@caoa.com.br","WhatsAppRevisao":"54 99143-4797","TelefoneRevisao":"","TelefonePosVenda":"54 3013-8800","ContatoCobranca":false}]', '2021-08-02 16:39:33', '2021-08-02 16:39:33'),
	(55, 'Hyundai HMB CAOA Consolação', 'Peças e Serviços Oficina-Hyundai  , CAOA , HMB E HYUNDAI MOTOR', '16.794.464/0009-04', 'Caoa Motor do Brasil Ltda.', 'HMB', '31', 148, '01301-100', 'R. da Consolacão', '1787', '', 'Consolacão', 'SP', 'São Paulo', '-23.551209', '-46.655039', 1, '{"LojaEnderecoID":148,"LojaID":55,"CEP":"01301-100","Logradouro":"R. da Consolac\\u00e3o","Numero":"1787","Complemento":"","Bairro":"Consolac\\u00e3o","Estado":"SP","Cidade":"S\\u00e3o Paulo","Latitude":-23.551209,"Longitude":-46.655039,"EnderecoCobranca":true}', '[{"LojaID":55,"LojaContatoID":80,"Celular":"","Email":"oswaldo.franco@caoa.com.br","Fax":"","Nextel":"","Telefone":"11 3123-0530","WhatsApp":"","Nome":"Oswaldo Franco\\t","EmailRevisao":"","EmailPosVenda":"agendamento.hbconsolacao@caoa.com.br","WhatsAppRevisao":"11 99132-8628","TelefoneRevisao":"","TelefonePosVenda":"11 3123-0544","ContatoCobranca":false}]', '2021-08-02 16:39:33', '2021-08-02 16:39:33'),
	(56, 'Hyundai HMB CAOA Ermano Marchetti', 'Peças e Serviços, CAOA , HMB E HYUNDAI MOTOR', '16.794.464/0008-23', 'Caoa Motor do Brasil Ltda.', 'HMB', '31', 150, '05038-000', 'Av. Ermano Marchetti', '596', '', 'Água Branca', 'SP', 'São Paulo', '-23.514917', '-46.697594', 1, '{"LojaEnderecoID":150,"LojaID":56,"CEP":"05038-000","Logradouro":"Av. Ermano Marchetti","Numero":"596","Complemento":"","Bairro":"\\u00c1gua Branca","Estado":"SP","Cidade":"S\\u00e3o Paulo","Latitude":-23.514917,"Longitude":-46.697594,"EnderecoCobranca":true}', '[{"LojaID":56,"LojaContatoID":81,"Celular":"","Email":"eduardo.soilna@caoa.com.br","Fax":"","Nextel":"","Telefone":"11 3616-3000","WhatsApp":"","Nome":"Eduardo Solina          ","EmailRevisao":"","EmailPosVenda":"agendamento.hbermanomarchetti@caoa.com.br","WhatsAppRevisao":"11 99356-7863","TelefoneRevisao":"","TelefonePosVenda":"11 3616-3034","ContatoCobranca":false}]', '2021-08-02 16:39:33', '2021-08-02 16:39:33'),
	(57, 'Hyundai HMB CAOA Ipiranga', 'Peças e Serviços, CAOA , HMB E HYUNDAI MOTOR', '16.794.464/0011-29', 'Caoa Motor do Brasil Ltda.', 'HMB', '31', 152, '04260-020', 'Av. Ricardo Jafet', '1209', '', 'Ipiranga', 'SP', 'São Paulo', '-23.586958', '-46.618934', 1, '{"LojaEnderecoID":152,"LojaID":57,"CEP":"04260-020","Logradouro":"Av. Ricardo Jafet","Numero":"1209","Complemento":"","Bairro":"Ipiranga","Estado":"SP","Cidade":"S\\u00e3o Paulo","Latitude":-23.586958,"Longitude":-46.618934,"EnderecoCobranca":true}', '[{"LojaID":57,"LojaContatoID":82,"Celular":"","Email":"renato.lopes@caoa.com.br","Fax":"","Nextel":"","Telefone":"11 2271-0700","WhatsApp":"","Nome":"Renato Lopes         ","EmailRevisao":"","EmailPosVenda":"agendamento.hbipiranga@caoa.com.br","WhatsAppRevisao":"11 99121-0046","TelefoneRevisao":"","TelefonePosVenda":"11 2271-0700","ContatoCobranca":false}]', '2021-08-02 16:39:33', '2021-08-02 16:39:33'),
	(58, 'Hyundai HMB CAOA Itaúna', 'Showroom e Peças e Serviços, CAOA , HMB E HYUNDAI MOTOR', '16.794.464/0025-24', 'Caoa Motor do Brasil Ltda.', 'HMB', '31', 154, '22790-702', 'Av. das Américas', '12100', '', 'Barra da Tijuca', 'RJ', 'Rio de Janeiro', '-23.000962', '-43.420389', 1, '{"LojaEnderecoID":154,"LojaID":58,"CEP":"22790-702","Logradouro":"Av. das Am\\u00e9ricas","Numero":"12100","Complemento":"","Bairro":"Barra da Tijuca","Estado":"RJ","Cidade":"Rio de Janeiro","Latitude":-23.000962,"Longitude":-43.420389,"EnderecoCobranca":true}', '[{"LojaID":58,"LojaContatoID":83,"Celular":"","Email":"SERGIO.RODRIGUES@CAOA.COM.BR","Fax":"","Nextel":"","Telefone":"21 3572-9250","WhatsApp":"","Nome":"S\\u00c9RGIO RODRIGUES DOS SANTOS","EmailRevisao":"","EmailPosVenda":"agendamento.hbitauna@caoa.com.br","WhatsAppRevisao":"21 97475-7438","TelefoneRevisao":"","TelefonePosVenda":"21 3572-9250","ContatoCobranca":false}]', '2021-08-02 16:39:33', '2021-08-02 16:39:33'),
	(59, 'Hyundai HMB CAOA Itu', 'Peças e Serviços, CAOA , HMB E HYUNDAI MOTOR', '16.794.464/0023-62', 'Caoa Motor do Brasil Ltda.', 'HMB', '31', 156, '13302-000', 'Rua Paulo VI', '0', '', 'Jardim Paineiras', 'SP', 'Itú', '-23.254886', '-47.293139', 1, '{"LojaEnderecoID":156,"LojaID":59,"CEP":"13302-000","Logradouro":"Rua Paulo VI","Numero":"0","Complemento":"","Bairro":"Jardim Paineiras","Estado":"SP","Cidade":"It\\u00fa","Latitude":-23.254886,"Longitude":-47.293139,"EnderecoCobranca":true}', '[{"LojaID":59,"LojaContatoID":456,"Celular":"","Email":"giuliano.sampaio@caoa.com.br","Fax":"","Nextel":"","Telefone":"11 40229-777_","WhatsApp":"","Nome":"Giuliano Sampaio ","EmailRevisao":"","EmailPosVenda":"agendamento.hbitu@caoa.com.br","WhatsAppRevisao":"11 99120-9964","TelefoneRevisao":"","TelefonePosVenda":"11 4022-9802","ContatoCobranca":false}]', '2021-08-02 16:39:33', '2021-08-02 16:39:33'),
	(60, 'Hyundai HMB CAOA Itupava', 'Peças e Serviços, CAOA , HMB E HYUNDAI MOTOR', '16.794.464/0044-97', 'Caoa Motor do Brasil Ltda.', 'HMB', '31', 158, '80045-305', 'R. Itupava', '910', '', 'Alto da Rua XV', 'PR', 'Curitiba', '-25.438025', '-49.233816', 1, '{"LojaEnderecoID":158,"LojaID":60,"CEP":"80045-305","Logradouro":"R. Itupava","Numero":"910","Complemento":"","Bairro":"Alto da Rua XV","Estado":"PR","Cidade":"Curitiba","Latitude":-25.438025,"Longitude":-49.233816,"EnderecoCobranca":true}', '[{"LojaID":60,"LojaContatoID":85,"Celular":"","Email":"rubens.pereira@caoa.com.br","Fax":"","Nextel":"","Telefone":"41 3091-2000","WhatsApp":"","Nome":"Rubens de Souza Pereira","EmailRevisao":"","EmailPosVenda":"agendamento.hbitupava@caoa.com.br","WhatsAppRevisao":"41 99133-3445","TelefoneRevisao":"","TelefonePosVenda":"41 3091-2039","ContatoCobranca":false}]', '2021-08-02 16:39:33', '2021-08-02 16:39:33'),
	(61, 'Hyundai HMB CAOA JK', 'Showroom, CAOA E HMB', '16.794.464/0040-63', 'Caoa Motor do Brasil Ltda.', 'HMB', '31', 160, '04543-000', 'Av. Presidente Juscelino Kubitschek', '1593', '', 'Vila Nova Conceicão', 'SP', 'São Paulo', '-23.591604', '-46.684275', 1, '{"LojaEnderecoID":160,"LojaID":61,"CEP":"04543-000","Logradouro":"Av. Presidente Juscelino Kubitschek","Numero":"1593","Complemento":"","Bairro":"Vila Nova Conceic\\u00e3o","Estado":"SP","Cidade":"S\\u00e3o Paulo","Latitude":-23.591604,"Longitude":-46.684275,"EnderecoCobranca":true}', '[{"LojaID":61,"LojaContatoID":86,"Celular":"","Email":"marcos.capellini@caoa.com.br","Fax":"","Nextel":"","Telefone":"11 3049-0100","WhatsApp":"","Nome":"Marcos Capellini","EmailRevisao":"","EmailPosVenda":"","WhatsAppRevisao":"","TelefoneRevisao":"","TelefonePosVenda":"","ContatoCobranca":false}]', '2021-08-02 16:39:33', '2021-08-02 16:39:33'),
	(62, 'Hyundai HMB CAOA Lauro de Freitas', 'Showroom, CAOA , HMB ', '16.794.464/0029-58', 'Caoa Motor do Brasil Ltda.', 'HMB', '31', 162, '42700-650', 'Rua Luiz A Nogueira', '65', '', 'Recreio Ipitanga', 'BA', 'Lauro de Freitas', '-12.888199', '-38.322277', 1, '{"LojaEnderecoID":162,"LojaID":62,"CEP":"42700-650","Logradouro":"Rua Luiz A Nogueira","Numero":"65","Complemento":"","Bairro":"Recreio Ipitanga","Estado":"BA","Cidade":"Lauro de Freitas","Latitude":-12.888199,"Longitude":-38.322277,"EnderecoCobranca":true}', '[{"LojaID":62,"LojaContatoID":87,"Celular":"","Email":"danilo.araujo@caoa.com.br","Fax":"","Nextel":"","Telefone":"71 3032-2350","WhatsApp":"","Nome":"Danilo Fernandes Araujo","EmailRevisao":"","EmailPosVenda":"","WhatsAppRevisao":"","TelefoneRevisao":"","TelefonePosVenda":"","ContatoCobranca":false}]', '2021-08-02 16:39:33', '2021-08-02 16:39:33'),
	(63, 'Hyundai HMB CAOA Marilia', 'Showroom, CAOA E HMB', '16.794.464/0020-10', 'Caoa Motor do Brasil Ltda.', 'HMB', '31', 164, '17501-090', 'R. Bandeirantes', '391', '', 'Centro', 'SP', 'Marília', '-22.219512', '-49.944418', 1, '{"LojaEnderecoID":164,"LojaID":63,"CEP":"17501-090","Logradouro":"R. Bandeirantes","Numero":"391","Complemento":"","Bairro":"Centro","Estado":"SP","Cidade":"Mar\\u00edlia","Latitude":-22.219512,"Longitude":-49.944418,"EnderecoCobranca":true}', '[{"LojaID":63,"LojaContatoID":1205,"Celular":"14 99776-1882","Email":"wilsong@hyundai-caoa.com.br ","Fax":"","Nextel":"","Telefone":"","WhatsApp":"","Nome":"Wilson Roberto Gon\\u00e7alves","EmailRevisao":"","EmailPosVenda":"","WhatsAppRevisao":"","TelefoneRevisao":"","TelefonePosVenda":"","ContatoCobranca":false}]', '2021-08-02 16:39:33', '2021-08-02 16:39:33'),
	(64, 'Hyundai HMB CAOA Moreira Guimaraes', 'Showroom, CAOA E HMB', '16.794.464/0010-48', 'Caoa Motor do Brasil Ltda.', 'HMB', '31', 166, '04074-020', 'Av. Moreira Guimaraes', '510', '', 'Indianópolis', 'SP', 'São Paulo', '-23.610498', '-46.655545', 1, '{"LojaEnderecoID":166,"LojaID":64,"CEP":"04074-020","Logradouro":"Av. Moreira Guimaraes","Numero":"510","Complemento":"","Bairro":"Indian\\u00f3polis","Estado":"SP","Cidade":"S\\u00e3o Paulo","Latitude":-23.610498,"Longitude":-46.655545,"EnderecoCobranca":true}', '[{"LojaID":64,"LojaContatoID":89,"Celular":"","Email":"danilo.fernandes@caoa.com.br","Fax":"","Nextel":"","Telefone":"11 5053-6566","WhatsApp":"","Nome":"Danilo Fernandes","EmailRevisao":"","EmailPosVenda":"","WhatsAppRevisao":"","TelefoneRevisao":"","TelefonePosVenda":"","ContatoCobranca":false}]', '2021-08-02 16:39:33', '2021-08-02 16:39:33'),
	(65, 'Hyundai HMB CAOA Nações Unidas', 'Peças e Serviços, CAOA , HMB E HYUNDAI MOTOR', '16.794.464/0001-57', 'Caoa Motor do Brasil Ltda.', 'HMB', '31', 168, '04795-100', 'Avenida das Nações Unidas', '23293', '', 'Vila Almeida', 'SP', 'São Paulo', '-23.668349', '-46.704732', 1, '{"LojaEnderecoID":168,"LojaID":65,"CEP":"04795-100","Logradouro":"Avenida das Na\\u00e7\\u00f5es Unidas","Numero":"23293","Complemento":"","Bairro":"Vila Almeida","Estado":"SP","Cidade":"S\\u00e3o Paulo","Latitude":-23.668349,"Longitude":-46.704732,"EnderecoCobranca":true}', '[{"LojaID":65,"LojaContatoID":90,"Celular":"","Email":"fabio.giardulli@caoa.com.br","Fax":"","Nextel":"","Telefone":"11 56983-850_","WhatsApp":"","Nome":"Fabio Giardulli           ","EmailRevisao":"","EmailPosVenda":"agendamento.hbnacoesunidas@caoa.com.br","WhatsAppRevisao":"11 99495-5917","TelefoneRevisao":"","TelefonePosVenda":"11 5698-3875","ContatoCobranca":false}]', '2021-08-02 16:39:33', '2021-08-02 16:39:33'),
	(66, 'Hyundai HMB CAOA Niterói', 'Peças e Serviços, CAOA , HMB E HYUNDAI MOTOR', '16.794.464/0024-43', 'Caoa Motor do Brasil Ltda.', 'HMB', '31', 170, '24030-220', 'Av. Jansen de Melo', '395', '', 'Centro', 'RJ', 'Niterói', '-22.8869526', '-43.1169513', 1, '{"LojaEnderecoID":170,"LojaID":66,"CEP":"24030-220","Logradouro":"Av. Jansen de Melo","Numero":"395","Complemento":"","Bairro":"Centro","Estado":"RJ","Cidade":"Niter\\u00f3i","Latitude":-22.8869526,"Longitude":-43.1169513,"EnderecoCobranca":true}', '[{"LojaID":66,"LojaContatoID":91,"Celular":"","Email":"michael.santos@caoa.com.br","Fax":"","Nextel":"","Telefone":"21 3177-7350","WhatsApp":"","Nome":"Michael Santos Varella","EmailRevisao":"","EmailPosVenda":"agendamento.hbniteroi@caoa.com.br","WhatsAppRevisao":"21 97664-1590","TelefoneRevisao":"","TelefonePosVenda":"21 3177-7350","ContatoCobranca":false}]', '2021-08-02 16:39:33', '2021-08-02 16:39:33'),
	(67, 'Hyundai HMB CAOA Novo Mundo', 'Peças e Serviços, CAOA , HMB E HYUNDAI MOTOR', '16.794.464/0043-06', 'Caoa Motor do Brasil Ltda.', 'HMB', '31', 172, '81050-210', 'R. Antônio Gasparin', '5489', '', 'Novo Mundo', 'PR', 'Curitiba', '-25.493379', '-49.295034', 1, '{"LojaEnderecoID":172,"LojaID":67,"CEP":"81050-210","Logradouro":"R. Ant\\u00f4nio Gasparin","Numero":"5489","Complemento":"","Bairro":"Novo Mundo","Estado":"PR","Cidade":"Curitiba","Latitude":-25.493379,"Longitude":-49.295034,"EnderecoCobranca":true}', '[{"LojaID":67,"LojaContatoID":92,"Celular":"","Email":"anderson.luiz@caoa.com.br","Fax":"","Nextel":"","Telefone":"41 33160-100_","WhatsApp":"","Nome":"Anderson Luiz","EmailRevisao":"anderson.luiz@caoa.com.br","EmailPosVenda":"agendamento.hbnovomundo@caoa.com.br","WhatsAppRevisao":"41 99235-8005","TelefoneRevisao":"","TelefonePosVenda":"41 3316-0152","ContatoCobranca":false}]', '2021-08-02 16:39:33', '2021-08-02 16:39:33'),
	(68, 'Hyundai HMB CAOA Praia Grande', 'Peças e Serviços, CAOA , HMB E HYUNDAI MOTOR', '16.794.464/0036-87', 'Caoa Motor do Brasil Ltda.', 'HMB', '31', 174, '11702-480', 'Avenida Presidente Kennedy', '2960', '', 'Aviação', 'SP', 'Praia Grande', '-24.009813', '-46.436516', 1, '{"LojaEnderecoID":174,"LojaID":68,"CEP":"11702-480","Logradouro":"Avenida Presidente Kennedy","Numero":"2960","Complemento":"","Bairro":"Avia\\u00e7\\u00e3o","Estado":"SP","Cidade":"Praia Grande","Latitude":-24.009813,"Longitude":-46.436516,"EnderecoCobranca":true}', '[{"LojaID":68,"LojaContatoID":93,"Celular":"","Email":"jony.almeida@caoa.com.br","Fax":"","Nextel":"","Telefone":"13 3348-4242","WhatsApp":"","Nome":"Jony Almeida","EmailRevisao":"","EmailPosVenda":"agendamento.hbpraiagrande@caoa.com.br","WhatsAppRevisao":"13 99105-9516","TelefoneRevisao":"","TelefonePosVenda":"13 3348-4242","ContatoCobranca":false}]', '2021-08-02 16:39:33', '2021-08-02 16:39:33'),
	(69, 'Hyundai HMB CAOA Presidente Prudente', 'Peças e Serviços, CAOA , HMB E HYUNDAI MOTOR', '16.794.464/0021-09', 'Caoa Motor do Brasil Ltda.', 'HMB', '31', 176, '19060-000', 'Av. Manoel Goulart', '3840', '', 'Jd. das Rosas', 'SP', 'Presidente Prudente', '-22.118176', '-51.415763', 1, '{"LojaEnderecoID":176,"LojaID":69,"CEP":"19060-000","Logradouro":"Av. Manoel Goulart","Numero":"3840","Complemento":"","Bairro":"Jd. das Rosas","Estado":"SP","Cidade":"Presidente Prudente","Latitude":-22.118176,"Longitude":-51.415763,"EnderecoCobranca":true}', '[{"LojaID":69,"LojaContatoID":1206,"Celular":"","Email":"rodrigo.alessi@caoa.com.br ","Fax":"","Nextel":"","Telefone":"18 39048-900_","WhatsApp":"","Nome":"Rodrigo Rodrigues Alessi de Souza","EmailRevisao":"","EmailPosVenda":"agendamento.hbpresidenteprudente@caoa.com.br","WhatsAppRevisao":"18 99110-1787","TelefoneRevisao":"","TelefonePosVenda":"18 3904-8925","ContatoCobranca":false}]', '2021-08-02 16:39:33', '2021-08-02 16:39:33'),
	(70, 'Hyundai HMB CAOA Recife', 'Peças e Serviços, CAOA , HMB E HYUNDAI MOTOR', '16.794.464/0016-33', 'Caoa Motor do Brasil Ltda.', 'HMB', '31', 178, '51170-000', 'Av. Marechal Mascarenhas de Morais', '1920', '', 'Imbiribeira', 'PE', 'Recife', '-8.10747', '-34.911647', 1, '{"LojaEnderecoID":178,"LojaID":70,"CEP":"51170-000","Logradouro":"Av. Marechal Mascarenhas de Morais","Numero":"1920","Complemento":"","Bairro":"Imbiribeira","Estado":"PE","Cidade":"Recife","Latitude":-8.10747,"Longitude":-34.911647,"EnderecoCobranca":true}', '[{"LojaID":70,"LojaContatoID":992,"Celular":"81 99646-3022","Email":"maria.mota@caoa.com.br","Fax":"","Nextel":"","Telefone":"81 30155-010_","WhatsApp":"81 99646-3022","Nome":"Maria Estelianne da Silva Mota","EmailRevisao":"","EmailPosVenda":"agendamento.hbrecife@caoa.com.br","WhatsAppRevisao":"81 91487-902_","TelefoneRevisao":"81 30155-015_","TelefonePosVenda":"81 3015-5015","ContatoCobranca":false}]', '2021-08-02 16:39:33', '2021-08-02 16:39:33'),
	(71, 'Hyundai HMB CAOA S. J. dos Campos', 'Showroom e Peças e Serviços, CAOA E HMB', '16.794.464/0002-38', 'Caoa Motor do Brasil Ltda.', 'HMB', '31', 180, '12245-001', 'Av. Engenheiro Francisco Jose Longo', '201', '', 'Jardim Sao Dimas', 'SP', 'São José dos Campos', '-23.194534', '-45.889889', 1, '{"LojaEnderecoID":180,"LojaID":71,"CEP":"12245-001","Logradouro":"Av. Engenheiro Francisco Jose Longo","Numero":"201","Complemento":"","Bairro":"Jardim Sao Dimas","Estado":"SP","Cidade":"S\\u00e3o Jos\\u00e9 dos Campos","Latitude":-23.194534,"Longitude":-45.889889,"EnderecoCobranca":true}', '[{"LojaID":71,"LojaContatoID":1207,"Celular":"","Email":"sergios@caoa.com.br","Fax":"","Nextel":"","Telefone":"","WhatsApp":"","Nome":"Sergio Soares da Silva","EmailRevisao":"","EmailPosVenda":"agendamento.hbsjc@caoa.com.br","WhatsAppRevisao":"12 99185-8158","TelefoneRevisao":"","TelefonePosVenda":"12 3904-0620","ContatoCobranca":false}]', '2021-08-02 16:39:33', '2021-08-02 16:39:33'),
	(72, 'Hyundai HMB CAOA Santana', 'Peças e Serviços, CAOA , HMB E HYUNDAI MOTOR', '16.794.464/0007-42', 'Caoa Motor do Brasil Ltda.', 'HMB', '31', 182, '02012-110', 'Av. Gal. Pedro Leon Schneider', '59', '', 'Santana', 'SP', 'São Paulo', '-23.50913', '-46.62774', 1, '{"LojaEnderecoID":182,"LojaID":72,"CEP":"02012-110","Logradouro":"Av. Gal. Pedro Leon Schneider","Numero":"59","Complemento":"","Bairro":"Santana","Estado":"SP","Cidade":"S\\u00e3o Paulo","Latitude":-23.50913,"Longitude":-46.62774,"EnderecoCobranca":true}', '[{"LojaID":72,"LojaContatoID":97,"Celular":"","Email":"andre.muniz@caoa.com.br","Fax":"","Nextel":"","Telefone":"11 2348-4700","WhatsApp":"","Nome":"Andr\\u00e9 Muniz ","EmailRevisao":"","EmailPosVenda":"agendamento.hbsantana@caoa.com.br","WhatsAppRevisao":"11 99498-2642","TelefoneRevisao":"","TelefonePosVenda":"11 2348-4743","ContatoCobranca":false}]', '2021-08-02 16:39:33', '2021-08-02 16:39:33'),
	(73, 'Hyundai HMB CAOA Santo André', 'Peças e Serviços, CAOA , HMB E HYUNDAI MOTOR', '16.794.464/0006-61', 'Caoa Motor do Brasil Ltda.', 'HMB', '31', 184, '09080-111', 'Av. Dom Pedro II', '1805', '', 'Campestre', 'SP', 'Santo André', '-23.641787', '-46.540341', 1, '{"LojaEnderecoID":184,"LojaID":73,"CEP":"09080-111","Logradouro":"Av. Dom Pedro II","Numero":"1805","Complemento":"","Bairro":"Campestre","Estado":"SP","Cidade":"Santo Andr\\u00e9","Latitude":-23.641787,"Longitude":-46.540341,"EnderecoCobranca":true}', '[{"LojaID":73,"LojaContatoID":98,"Celular":"","Email":"leandro.bittencourt@caoa.com.br","Fax":"","Nextel":"","Telefone":"11 4428-4428","WhatsApp":"","Nome":"Leandro Bittencourt","EmailRevisao":"","EmailPosVenda":"agendamento.hbsantoandre@caoa.com.br","WhatsAppRevisao":"11 99132-0874","TelefoneRevisao":"","TelefonePosVenda":"11 4428-4452","ContatoCobranca":false}]', '2021-08-02 16:39:33', '2021-08-02 16:39:33'),
	(74, 'Hyundai HMB CAOA Santos', 'Peças e Serviços, Showroom,CAOA , HMB E HYUNDAI MOTOR', '16.794.464/0037-68', 'Caoa Motor do Brasil Ltda.', 'HMB', '31', 186, '11045-002', 'Avenida Conselheiro Nébias', '650', '', 'Boqueirão', 'SP', 'Santos', '-23.962283', '-46.32374', 1, '{"LojaEnderecoID":186,"LojaID":74,"CEP":"11045-002","Logradouro":"Avenida Conselheiro N\\u00e9bias","Numero":"650","Complemento":"","Bairro":"Boqueir\\u00e3o","Estado":"SP","Cidade":"Santos","Latitude":-23.962283,"Longitude":-46.32374,"EnderecoCobranca":true}', '[{"LojaID":74,"LojaContatoID":99,"Celular":"","Email":"leandro.prado@caoa.com.br","Fax":"","Nextel":"","Telefone":"13 4042-1500","WhatsApp":"","Nome":"Leandro Prado","EmailRevisao":"","EmailPosVenda":"agendamento.hbsantos@caoa.com.br","WhatsAppRevisao":"13 99109-8718","TelefoneRevisao":"13 40421-520_","TelefonePosVenda":"13 4042-1520","ContatoCobranca":false}]', '2021-08-02 16:39:33', '2021-08-02 16:39:33'),
	(75, 'Hyundai HMB CAOA São Bernardo ', 'Peças e Serviços, CAOA , HMB E HYUNDAI MOTOR', '16.794.464/0004-08', 'Caoa Motor do Brasil Ltda.', 'HMB', '31', 188, '09751-000', 'Avenida Pereira Barreto', '1379', '', 'Baeta Neves', 'SP', 'São Bernardo do Campo', '-23.67985', '-46.539249', 1, '{"LojaEnderecoID":188,"LojaID":75,"CEP":"09751-000","Logradouro":"Avenida Pereira Barreto","Numero":"1379","Complemento":"","Bairro":"Baeta Neves","Estado":"SP","Cidade":"S\\u00e3o Bernardo do Campo","Latitude":-23.67985,"Longitude":-46.539249,"EnderecoCobranca":true}', '[{"LojaID":75,"LojaContatoID":624,"Celular":"","Email":"francisco.maret@caoa.com.br","Fax":"","Nextel":"","Telefone":"11 41228-230_","WhatsApp":"","Nome":"FRANCISCO MARET","EmailRevisao":"","EmailPosVenda":"agendamento.hbsbc@caoa.com.br","WhatsAppRevisao":"11 99495-9063","TelefoneRevisao":"11 41228-269_","TelefonePosVenda":"11 4122-8270","ContatoCobranca":false}]', '2021-08-02 16:39:33', '2021-08-02 16:39:33'),
	(76, 'Hyundai HMB CAOA São Carlos', 'Peças e Serviços, CAOA , HMB E HYUNDAI MOTOR', '16.794.464/0014-71', 'Caoa Motor do Brasil Ltda.', 'HMB', '31', 190, '13570-672', 'Av. Getulio Vargas', '1349', '', 'Vila Lutfalla', 'SP', 'São Carlos', '-22.033478', '-47.878957', 1, '{"LojaEnderecoID":190,"LojaID":76,"CEP":"13570-672","Logradouro":"Av. Getulio Vargas","Numero":"1349","Complemento":"","Bairro":"Vila Lutfalla","Estado":"SP","Cidade":"S\\u00e3o Carlos","Latitude":-22.033478,"Longitude":-47.878957,"EnderecoCobranca":true}', '[{"LojaID":76,"LojaContatoID":101,"Celular":"","Email":"carlos.karagulian@caoa.com.br","Fax":"","Nextel":"","Telefone":"16 2107-0707","WhatsApp":"","Nome":"Carlos Eduardo Karagulian","EmailRevisao":"","EmailPosVenda":"agendamento.hbsaocarlos@caoa.com.br","WhatsAppRevisao":"16 99215-3582","TelefoneRevisao":"","TelefonePosVenda":"16 2107-0728","ContatoCobranca":false}]', '2021-08-02 16:39:33', '2021-08-02 16:39:33'),
	(77, 'Hyundai HMB CAOA São Jose dos Pinhais', 'Peças e Serviços, CAOA , HMB E HYUNDAI MOTOR', '16.794.464/0042-25', 'Caoa Motor do Brasil Ltda.', 'HMB', '31', 192, '83040-300', 'Av. das Torres', '1773', '', 'São Cristovão', 'PR', 'São José dos Pinhais', '-25.519092', '-49.199091', 1, '{"LojaEnderecoID":192,"LojaID":77,"CEP":"83040-300","Logradouro":"Av. das Torres","Numero":"1773","Complemento":"","Bairro":"S\\u00e3o Cristov\\u00e3o","Estado":"PR","Cidade":"S\\u00e3o Jos\\u00e9 dos Pinhais","Latitude":-25.519092,"Longitude":-49.199091,"EnderecoCobranca":true}', '[{"LojaID":77,"LojaContatoID":102,"Celular":"","Email":"luciano.piza@caoa.com.br","Fax":"","Nextel":"","Telefone":"41 3081-1850","WhatsApp":"","Nome":"Luciano Piza","EmailRevisao":"","EmailPosVenda":"agendamento.hbpinhais@caoa.com.br","WhatsAppRevisao":"41 99235-9424","TelefoneRevisao":"","TelefonePosVenda":"41 3316-1850","ContatoCobranca":false}]', '2021-08-02 16:39:33', '2021-08-02 16:39:33'),
	(78, 'Hyundai HMB CAOA Taubaté', 'Peças e Serviços, CAOA , HMB E HYUNDAI MOTOR', '16.794.464/0005-80', 'Caoa Motor do Brasil Ltda.', 'HMB', '31', 194, '12040-000', 'Av. Charles Schnneider', '2039', '', 'Barranco', 'SP', 'Taubaté', '-23.024224', '-45.585581', 1, '{"LojaEnderecoID":194,"LojaID":78,"CEP":"12040-000","Logradouro":"Av. Charles Schnneider","Numero":"2039","Complemento":"","Bairro":"Barranco","Estado":"SP","Cidade":"Taubat\\u00e9","Latitude":-23.024224,"Longitude":-45.585581,"EnderecoCobranca":true}', '[{"LojaID":78,"LojaContatoID":103,"Celular":"16 99992-4000","Email":"geraldo.filho@caoa.com.br","Fax":"","Nextel":"","Telefone":"12 3634-6750","WhatsApp":"16 99992-4000","Nome":"Geraldo Somensi Filho","EmailRevisao":"","EmailPosVenda":"agendamento.hbtaubate@caoa.com.br","WhatsAppRevisao":"12 99181-3785","TelefoneRevisao":"","TelefonePosVenda":"12 3634-6782","ContatoCobranca":false}]', '2021-08-02 16:39:33', '2021-08-02 16:39:33'),
	(79, 'Hyundai HMB CAOA Valqueire', 'Peças e Serviços, CAOA , HMB E HYUNDAI MOTOR', '16.794.464/0038-49', 'Caoa Motor do Brasil Ltda.', 'HMB', '31', 196, '21330-790', 'Est. Intendente Magalhaes', '296/300', '', 'Madureira', 'RJ', 'Rio de Janeiro', '-22.882147', '-43.349415', 1, '{"LojaEnderecoID":196,"LojaID":79,"CEP":"21330-790","Logradouro":"Est. Intendente Magalhaes","Numero":"296\\/300","Complemento":"","Bairro":"Madureira","Estado":"RJ","Cidade":"Rio de Janeiro","Latitude":-22.882147,"Longitude":-43.349415,"EnderecoCobranca":true}', '[{"LojaID":79,"LojaContatoID":104,"Celular":"","Email":"marcelo.araujo@caoa.com.br","Fax":"","Nextel":"","Telefone":"21 2042-1900","WhatsApp":"","Nome":"Marcelo Bousquet de Ara\\u00fajo","EmailRevisao":"","EmailPosVenda":"agendamento.hbintendentemagalhaes@caoa.com.br","WhatsAppRevisao":"21 99395-0589","TelefoneRevisao":"","TelefonePosVenda":"21 2042-1900","ContatoCobranca":false}]', '2021-08-02 16:39:33', '2021-08-02 16:39:33'),
	(80, 'Hyundai HMB CAOA Fortaleza', 'Peças e Serviços, CAOA , HMB E HYUNDAI MOTOR', '16.794.464/0047-30', 'Caoa Motor do Brasil Ltda.', 'HMB', '31', 198, '60192-024', 'Av. Santos Dumont', '6701', '', 'Papicu', 'CE', 'Fortaleza', '-3.734882', '-38.502518', 1, '{"LojaEnderecoID":198,"LojaID":80,"CEP":"60192-024","Logradouro":"Av. Santos Dumont","Numero":"6701","Complemento":"","Bairro":"Papicu","Estado":"CE","Cidade":"Fortaleza","Latitude":-3.734882,"Longitude":-38.502518,"EnderecoCobranca":true}', '[{"LojaID":80,"LojaContatoID":105,"Celular":"","Email":"alessandro.nogueira@caoa.com.br","Fax":"","Nextel":"","Telefone":"85 4042-0900","WhatsApp":"","Nome":"Alessandro Henrique da Silva Nogueiro","EmailRevisao":"","EmailPosVenda":"agendamento.hbfortaleza@caoa.com.br","WhatsAppRevisao":"85 81550-718_","TelefoneRevisao":"","TelefonePosVenda":"85 4042-0900","ContatoCobranca":false}]', '2021-08-02 16:39:33', '2021-08-02 16:39:33'),
	(83, 'Ford CAOA Jabaquara', 'Showroom e Peças e Serviços, CAOA', '54.820.774/0013-21', 'Elivel Automotores Ltda.', 'Ford', '2', 204, '04045-003', 'Av. Jabaquara', '2207', '', 'Mirandopolis', 'SP', 'São Paulo', '-23.623482', '-46.64022', 1, '{"LojaEnderecoID":204,"LojaID":83,"CEP":"04045-003","Logradouro":"Av. Jabaquara","Numero":"2207","Complemento":"","Bairro":"Mirandopolis","Estado":"SP","Cidade":"S\\u00e3o Paulo","Latitude":-23.623482,"Longitude":-46.64022,"EnderecoCobranca":true}', '[{"LojaID":83,"LojaContatoID":668,"Celular":"","Email":"ricardo.farah@caoa.com.br","Fax":"","Nextel":"","Telefone":"11 5593-0033","WhatsApp":"","Nome":"RICARDO FARAH","EmailRevisao":"","EmailPosVenda":"agendamento.fordjabaquara@caoa.com.br","WhatsAppRevisao":"11 98958-1217","TelefoneRevisao":"","TelefonePosVenda":"11 5593-0077","ContatoCobranca":false}]', '2021-08-02 16:39:32', '2021-08-02 16:39:32'),
	(85, 'Ford CAOA Morato', 'Showroom e Peças e Serviços, CAOA', '54.820.774/0005-11', 'Elivel Automotores Ltda.', 'Ford', '2', 208, '05521-300', 'Av. Professor Francisco Morato', '5825', '', 'Vila Sonia', 'SP', 'São Paulo', '-23.605471', '-46.746415', 1, '{"LojaEnderecoID":208,"LojaID":85,"CEP":"05521-300","Logradouro":"Av. Professor Francisco Morato","Numero":"5825","Complemento":"","Bairro":"Vila Sonia","Estado":"SP","Cidade":"S\\u00e3o Paulo","Latitude":-23.605471,"Longitude":-46.746415,"EnderecoCobranca":true}', '[{"LojaID":85,"LojaContatoID":110,"Celular":"","Email":"davi@caoa.com.br","Fax":"","Nextel":"","Telefone":"11 3749-4400","WhatsApp":"","Nome":"David Andrade","EmailRevisao":"","EmailPosVenda":"agendamento.fordmorato@caoa.com.br","WhatsAppRevisao":"11 96925-0461","TelefoneRevisao":"","TelefonePosVenda":"11 3749-4438","ContatoCobranca":false}]', '2021-08-02 16:39:32', '2021-08-02 16:39:32'),
	(88, 'Ford CAOA Santos', 'Showroom e Peças e Serviços, CAOA', '54.820.774/0017-55', 'Elivel Automotores Ltda.', 'Ford', '2', 214, '11013-163', 'Rua Braz Cubas', '353', '', 'Vila Nova', 'SP', 'Santos', '-23.9322383', '-46.3242691', 1, '{"LojaEnderecoID":214,"LojaID":88,"CEP":"11013-163","Logradouro":"Rua Braz Cubas","Numero":"353","Complemento":"","Bairro":"Vila Nova","Estado":"SP","Cidade":"Santos","Latitude":-23.9322383,"Longitude":-46.3242691,"EnderecoCobranca":true}', '[{"LojaID":88,"LojaContatoID":113,"Celular":"","Email":"sandes@caoa.com.br","Fax":"","Nextel":"","Telefone":"13 4042-1000","WhatsApp":"","Nome":"Carlos Ant\\u00f4nio de Oliveira Sandes","EmailRevisao":"","EmailPosVenda":"agendamento.fordsantos@caoa.com.br","WhatsAppRevisao":"13 99112-9628","TelefoneRevisao":"","TelefonePosVenda":"13 4042-1000","ContatoCobranca":false}]', '2021-08-02 16:39:32', '2021-08-02 16:39:32'),
	(90, 'Ford CAOA Ceasa', 'Showroom, CAOA', '54.820.774/0015-93', 'Elivel Automotores Ltda.', 'Ford', '2', 218, '05314-000', 'Avenida Doutor Gastão Vidigal', '1250', '', 'Vila Leopoldina', 'SP', 'São Paulo', '-23.529369', '-46.738581', 1, '{"LojaEnderecoID":218,"LojaID":90,"CEP":"05314-000","Logradouro":"Avenida Doutor Gast\\u00e3o Vidigal","Numero":"1250","Complemento":"","Bairro":"Vila Leopoldina","Estado":"SP","Cidade":"S\\u00e3o Paulo","Latitude":-23.529369,"Longitude":-46.738581,"EnderecoCobranca":true}', '[{"LojaID":90,"LojaContatoID":115,"Celular":"","Email":"luissenhorelli@caoa.com.br","Fax":"","Nextel":"","Telefone":"11 30602-840_","WhatsApp":"","Nome":"Luis Senhorelli","EmailRevisao":"","EmailPosVenda":"agendamento.fordceasa@caoa.com.br","WhatsAppRevisao":"11 98989-2729","TelefoneRevisao":"","TelefonePosVenda":"11 3060-2862","ContatoCobranca":false}]', '2021-08-02 16:39:32', '2021-08-02 16:39:32'),
	(91, 'Hyundai CAOA Alphaville', 'Showroom e Peças e Serviços, CAOA E HYUNDAI MOTOR', '03.518.732/0049-00', 'Hyundai CAOA do Brasil LTDA', 'Hyundai', '1', 220, '06455-000', 'Al. Araguaia', '2039', '', 'Alphaville Industrial', 'SP', 'Barueri', '-23.500358', '-46.841939', 1, '{"LojaEnderecoID":220,"LojaID":91,"CEP":"06455-000","Logradouro":"Al. Araguaia","Numero":"2039","Complemento":"","Bairro":"Alphaville Industrial","Estado":"SP","Cidade":"Barueri","Latitude":-23.500358,"Longitude":-46.841939,"EnderecoCobranca":true}', '[{"LojaID":91,"LojaContatoID":116,"Celular":"","Email":"adauto.perasolo@caoa.com.br","Fax":"","Nextel":"","Telefone":"11 4133-4377","WhatsApp":"","Nome":"Adauto Perasolo","EmailRevisao":"agendamento.hyalphaville@caoa.com.br","EmailPosVenda":"agendamento.hyalphaville@caoa.com.br","WhatsAppRevisao":"11 96924-1003","TelefoneRevisao":"","TelefonePosVenda":"11 4133-4377","ContatoCobranca":false}]', '2021-08-02 16:39:32', '2021-08-02 16:39:32'),
	(92, 'Hyundai HMB CAOA Asa Norte', 'Showroom e Peças e Serviços, CAOA E HMB', '16.794.464/0050-35', 'Hyundai CAOA do Brasil LTDA', 'HMB', '31', 222, '70730-546', 'ST SEPN 505 Bloco C', '505', 'BLOCO C LOJA 3', 'Asa Norte', 'DF', 'Brasília', '-15.773314', '-47.88791', 1, '{"LojaEnderecoID":222,"LojaID":92,"CEP":"70730-546","Logradouro":"ST SEPN 505 Bloco C","Numero":"505","Complemento":"BLOCO C LOJA 3","Bairro":"Asa Norte","Estado":"DF","Cidade":"Bras\\u00edlia","Latitude":-15.773314,"Longitude":-47.88791,"EnderecoCobranca":true}', '[{"LojaID":92,"LojaContatoID":117,"Celular":"","Email":"emerson.kimura@caoa.com.br","Fax":"","Nextel":"","Telefone":"61 3878-6000","WhatsApp":"","Nome":"Emerson Kimura","EmailRevisao":"","EmailPosVenda":"agendamento.hbasanorte@caoa.com.br","WhatsAppRevisao":"61 99312-1905","TelefoneRevisao":"","TelefonePosVenda":"61 3878-6023","ContatoCobranca":false}]', '2021-08-02 16:39:33', '2021-08-02 16:39:33'),
	(93, 'Hyundai CAOA Barra', 'Showroom , CAOA E HYUNDAI MOTOR', '03.518.732/0068-73', 'Hyundai CAOA do Brasil LTDA', 'Hyundai', '1', 224, '22631-004', 'Av. das Americas', '4541', '', 'Barra da Tijuca', 'RJ', 'Rio de Janeiro', '-23.0003', '-43.359713', 1, '{"LojaEnderecoID":224,"LojaID":93,"CEP":"22631-004","Logradouro":"Av. das Americas","Numero":"4541","Complemento":"","Bairro":"Barra da Tijuca","Estado":"RJ","Cidade":"Rio de Janeiro","Latitude":-23.0003,"Longitude":-43.359713,"EnderecoCobranca":true}', '[{"LojaID":93,"LojaContatoID":118,"Celular":"","Email":"antonio.lyrio@caoa.com.br","Fax":"","Nextel":"","Telefone":"21 3541-5400","WhatsApp":"","Nome":"Antonio Lyrio","EmailRevisao":null,"EmailPosVenda":null,"WhatsAppRevisao":"","TelefoneRevisao":"","TelefonePosVenda":"","ContatoCobranca":false}]', '2021-08-02 16:39:32', '2021-08-02 16:39:32'),
	(94, 'Hyundai CAOA Bauru', 'Showroom e Peças e Serviços, CAOA E HYUNDAI MOTOR', '03.518.732/0080-60', 'Hyundai CAOA do Brasil LTDA', 'Hyundai', '1', 226, '17011-066', 'Avenida Duque de Caxias', '20', '', 'Vila Cardia', 'SP', 'Baurú', '-22.330787', '-49.075951', 1, '{"LojaEnderecoID":226,"LojaID":94,"CEP":"17011-066","Logradouro":"Avenida Duque de Caxias","Numero":"20","Complemento":"","Bairro":"Vila Cardia","Estado":"SP","Cidade":"Baur\\u00fa","Latitude":-22.330787,"Longitude":-49.075951,"EnderecoCobranca":true}', '[{"LojaID":94,"LojaContatoID":1208,"Celular":"","Email":"aldo.junior@caoa.com.br ","Fax":"","Nextel":"","Telefone":"14 31043-060_","WhatsApp":"","Nome":"Aldo Junior","EmailRevisao":"agendamento.bauru@caoa.com.br","EmailPosVenda":"agendamento.bauru@caoa.com.br","WhatsAppRevisao":"14 99141-4155","TelefoneRevisao":"","TelefonePosVenda":"14 3104-3086","ContatoCobranca":false}]', '2021-08-02 16:39:32', '2021-08-02 16:39:32'),
	(96, 'Hyundai CAOA Belém', 'Showroom, CAOA E HYUNDAI MOTOR', '03.518.732/0101-29', 'Hyundai CAOA do Brasil LTDA', 'Hyundai', '1', 230, '66053-180', 'R. Municipalidade', '492', '', 'Reduto', 'PA', 'Belém', '-1.455755', '-48.49018', 1, '{"LojaEnderecoID":230,"LojaID":96,"CEP":"66053-180","Logradouro":"R. Municipalidade","Numero":"492","Complemento":"","Bairro":"Reduto","Estado":"PA","Cidade":"Bel\\u00e9m","Latitude":-1.455755,"Longitude":-48.49018,"EnderecoCobranca":true}', '[{"LojaID":96,"LojaContatoID":121,"Celular":"","Email":"pedro.machado@hyundai-motor.com.br","Fax":"","Nextel":"","Telefone":"91 3323-4000","WhatsApp":"","Nome":"Pedro Henrique da Concei\\u00e7\\u00e3o Machado","EmailRevisao":null,"EmailPosVenda":null,"WhatsAppRevisao":null,"TelefoneRevisao":null,"TelefonePosVenda":null,"ContatoCobranca":false}]', '2021-08-02 16:39:32', '2021-08-02 16:39:32'),
	(97, 'Hyundai CAOA Berrini', 'Showroom , CAOA E HYUNDAI MOTOR', '03.518.732/0036-96', 'Hyundai CAOA do Brasil LTDA', 'Hyundai', '1', 232, '04703-000', 'Av. Morumbi', '7554', '', 'Santo Amaro', 'SP', 'São Paulo', '-23.61928', '-46.696241', 1, '{"LojaEnderecoID":232,"LojaID":97,"CEP":"04703-000","Logradouro":"Av. Morumbi","Numero":"7554","Complemento":"","Bairro":"Santo Amaro","Estado":"SP","Cidade":"S\\u00e3o Paulo","Latitude":-23.61928,"Longitude":-46.696241,"EnderecoCobranca":true}', '[{"LojaID":97,"LojaContatoID":122,"Celular":"","Email":"marcosmoreira@hyundai-motor.com.br","Fax":"","Nextel":"","Telefone":"11 5501-8000","WhatsApp":"","Nome":"Marcos Moreira de S\\u00e1","EmailRevisao":null,"EmailPosVenda":null,"WhatsAppRevisao":null,"TelefoneRevisao":null,"TelefonePosVenda":null,"ContatoCobranca":false}]', '2021-08-02 16:39:32', '2021-08-02 16:39:32'),
	(100, 'Hyundai CAOA Campinas Norte Sul', 'Showroom, CAOA E HYUNDAI MOTOR', '03.518.732/0037-77', 'Hyundai CAOA do Brasil LTDA', 'Hyundai', '1', 238, '13025-320', 'Av. Jose de Souza Campos', '887', '', 'Nova Campinas', 'SP', 'Campinas', '-22.897824', '-47.047382', 1, '{"LojaEnderecoID":238,"LojaID":100,"CEP":"13025-320","Logradouro":"Av. Jose de Souza Campos","Numero":"887","Complemento":"","Bairro":"Nova Campinas","Estado":"SP","Cidade":"Campinas","Latitude":-22.897824,"Longitude":-47.047382,"EnderecoCobranca":true}', '[{"LojaID":100,"LojaContatoID":1209,"Celular":"","Email":"edson.jarnallo@caoa.com.br ","Fax":"","Nextel":"","Telefone":"19 32956-040_","WhatsApp":"","Nome":"Edson Jarnallo","EmailRevisao":"","EmailPosVenda":"","WhatsAppRevisao":"","TelefoneRevisao":"","TelefonePosVenda":"","ContatoCobranca":false}]', '2021-08-02 16:39:32', '2021-08-02 16:39:32'),
	(104, 'Hyundai CAOA Estoril', 'Showroom e Peças e Serviços, CAOA E HYUNDAI MOTOR', '03.518.732/0102-00', 'Hyundai CAOA do Brasil LTDA', 'Hyundai', '1', 246, '30494-275', 'Avenida Barão Homem de Melo', '3319', '', 'Estoril', 'MG', 'Belo Horizonte', '19.96387', '-43.96238', 1, '{"LojaEnderecoID":246,"LojaID":104,"CEP":"30494-275","Logradouro":"Avenida Bar\\u00e3o Homem de Melo","Numero":"3319","Complemento":"","Bairro":"Estoril","Estado":"MG","Cidade":"Belo Horizonte","Latitude":19.96387,"Longitude":-43.96238,"EnderecoCobranca":true}', '[{"LojaID":104,"LojaContatoID":129,"Celular":"","Email":"fabiane.soares@caoa.com.br","Fax":"","Nextel":"","Telefone":"31 40428-200_","WhatsApp":"","Nome":"Fabiane Aguiar ","EmailRevisao":"agendamento.hyestoril@caoa.com.br","EmailPosVenda":"agendamento.hyestoril@caoa.com.br","WhatsAppRevisao":"31 97162-4066","TelefoneRevisao":"","TelefonePosVenda":"31 4042-8217","ContatoCobranca":false}]', '2021-08-02 16:39:32', '2021-08-02 16:39:32'),
	(107, 'Hyundai CAOA Ceará', 'Showroom e Peças e Serviços, CAOA E HYUNDAI MOTOR', '03.518.732/0090-31', 'Hyundai CAOA do Brasil LTDA', 'Hyundai', '1', 252, '90240-510', 'Av. Ceará', '555', '', 'São Joao', 'RS', 'Porto Alegre', '-30.000818', '-51.191394', 0, '{"LojaEnderecoID":252,"LojaID":107,"CEP":"90240-510","Logradouro":"Av. Cear\\u00e1","Numero":"555","Complemento":"","Bairro":"S\\u00e3o Joao","Estado":"RS","Cidade":"Porto Alegre","Latitude":-30.000818,"Longitude":-51.191394,"EnderecoCobranca":false}', '[{"LojaID":107,"LojaContatoID":132,"Celular":"","Email":"jose.moreira@caoa.com.br","Fax":"","Nextel":"","Telefone":"51 3017-0800","WhatsApp":"","Nome":"jose moreira machado ","EmailRevisao":"agendamento.hyportoalegre@caoa.com.br","EmailPosVenda":"agendamento.hyportoalegre@caoa.com.br","WhatsAppRevisao":"51 99312-9875","TelefoneRevisao":"","TelefonePosVenda":"51 3017-0847","ContatoCobranca":false}]', '2021-08-02 16:39:32', '2021-08-02 16:39:32'),
	(110, 'Hyundai CAOA Cuiabá', 'Showroom e Peças e Serviços, CAOA, HMB E HYUNDAI MOTOR', '03.518.732/0062-88', 'Hyundai CAOA do Brasil LTDA', 'Hyundai', '1', 258, '78060-600', 'Av. Fernando Correa da Costa', '1751', '', 'Jardim das Américas', 'MT', 'Cuiabá', '-15.611575', '-56.076414', 1, '{"LojaEnderecoID":258,"LojaID":110,"CEP":"78060-600","Logradouro":"Av. Fernando Correa da Costa","Numero":"1751","Complemento":"","Bairro":"Jardim das Am\\u00e9ricas","Estado":"MT","Cidade":"Cuiab\\u00e1","Latitude":-15.611575,"Longitude":-56.076414,"EnderecoCobranca":true}', '[{"LojaID":110,"LojaContatoID":135,"Celular":"","Email":"lincon.moreira@caoa.com.br","Fax":"","Nextel":"","Telefone":"65 3627-5323","WhatsApp":"","Nome":"Lincon Bernardes Moreira","EmailRevisao":"agendamento.hycuiaba@caoa.com.br","EmailPosVenda":"agendamento.hycuiaba@caoa.com.br","WhatsAppRevisao":"65 99626-8729","TelefoneRevisao":"","TelefonePosVenda":"65 3051-2060","ContatoCobranca":false}]', '2021-08-02 16:39:32', '2021-08-02 16:39:32'),
	(112, 'Hyundai CAOA Curitiba 4', 'Showroom e Peças e Serviços, Caminhões , CAOA E HYUNDAI MOTOR', '03.518.732/0180-22', 'Hyundai CAOA do Brasil LTDA', 'Hyundai', '1', 262, '80740-000', 'R. General Mario Tourinho', '1599', '', 'Seminario', 'PR', 'Curitiba', '-25.438873', '-49.308028', 1, '{"LojaEnderecoID":262,"LojaID":112,"CEP":"80740-000","Logradouro":"R. General Mario Tourinho","Numero":"1599","Complemento":"","Bairro":"Seminario","Estado":"PR","Cidade":"Curitiba","Latitude":-25.438873,"Longitude":-49.308028,"EnderecoCobranca":true}', '[{"LojaID":112,"LojaContatoID":137,"Celular":"","Email":"matheus.junior@caoa.com.br","Fax":"","Nextel":"","Telefone":"41 3152-5400","WhatsApp":"","Nome":"Matheus Pugliesi Junior","EmailRevisao":"agendamento.hycuritiba@caoa.com.br","EmailPosVenda":"agendamento.hycuritiba@caoa.com.br","WhatsAppRevisao":"43 98816-8411","TelefoneRevisao":"","TelefonePosVenda":"41 3152-5481","ContatoCobranca":false}]', '2021-08-02 16:39:32', '2021-08-02 16:39:32'),
	(115, 'Hyundai CAOA Fortaleza Showroom', 'Showroom, CAOA E HYUNDAI MOTOR', '03.518.732/0082-21', 'Hyundai CAOA do Brasil LTDA', 'Hyundai', '1', 268, '60120-000', 'Av. Barao de Studart', '826', '', 'Meireles', 'CE', 'Fortaleza', '-3.731366', '-38.505621', 1, '{"LojaEnderecoID":268,"LojaID":115,"CEP":"60120-000","Logradouro":"Av. Barao de Studart","Numero":"826","Complemento":"","Bairro":"Meireles","Estado":"CE","Cidade":"Fortaleza","Latitude":-3.731366,"Longitude":-38.505621,"EnderecoCobranca":true}', '[{"LojaID":115,"LojaContatoID":140,"Celular":"","Email":"alessandro.nogueira@caoa.com.br","Fax":"","Nextel":"","Telefone":"85 3022-7600","WhatsApp":"","Nome":"Alessandro Henrique da Costa Nogueira","EmailRevisao":null,"EmailPosVenda":null,"WhatsAppRevisao":null,"TelefoneRevisao":null,"TelefonePosVenda":null,"ContatoCobranca":false}]', '2021-08-02 16:39:32', '2021-08-02 16:39:32'),
	(116, 'Hyundai CAOA Goiania 2', 'Showroom e Peças e Serviços, CAOA E HYUNDAI MOTOR', '03.518.732/0106-33', 'Hyundai CAOA do Brasil LTDA', 'Hyundai', '1', 270, '74215-240', 'Av. Mutirão', '2222', '', 'Setor Bueno', 'GO', 'Goiânia', '-16.695175', '-49.271726', 1, '{"LojaEnderecoID":270,"LojaID":116,"CEP":"74215-240","Logradouro":"Av. Mutir\\u00e3o","Numero":"2222","Complemento":"","Bairro":"Setor Bueno","Estado":"GO","Cidade":"Goi\\u00e2nia","Latitude":-16.695175,"Longitude":-49.271726,"EnderecoCobranca":true}', '[{"LojaID":116,"LojaContatoID":141,"Celular":"","Email":"rafael.tomaz@caoa.com.br","Fax":"","Nextel":"","Telefone":"62 3921-8400","WhatsApp":"","Nome":"Rafael Ferreira Tomaz","EmailRevisao":"agendamento.hyundaimutirao@caoa.com.br","EmailPosVenda":"agendamento.hyundaimutirao@caoa.com.br","WhatsAppRevisao":"62 99634-1379","TelefoneRevisao":"","TelefonePosVenda":"62 3921-8406","ContatoCobranca":false}]', '2021-08-02 16:39:32', '2021-08-02 16:39:32'),
	(117, 'Hyundai CAOA Guarulhos 2', 'Showroom e Peças e Serviços, CAOA E HYUNDAI MOTOR', '03.518.732/0118-77', 'Hyundai CAOA do Brasil LTDA', 'Hyundai', '1', 272, '07024-030', 'Av. Lino Antônio Nogueira', '10', '', 'Jardim Santa Francisca', 'SP', 'Guarulhos', '-23.478203', '-46.530123', 1, '{"LojaEnderecoID":272,"LojaID":117,"CEP":"07024-030","Logradouro":"Av. Lino Ant\\u00f4nio Nogueira","Numero":"10","Complemento":"","Bairro":"Jardim Santa Francisca","Estado":"SP","Cidade":"Guarulhos","Latitude":-23.478203,"Longitude":-46.530123,"EnderecoCobranca":true}', '[{"LojaID":117,"LojaContatoID":142,"Celular":"","Email":"rogeriopereira@caoa.com.br","Fax":"","Nextel":"","Telefone":"11 2461-8000","WhatsApp":"","Nome":"Rogerio Pereira","EmailRevisao":"agendamento.hyguarulhos@caoa.com.br","EmailPosVenda":"agendamento.hyguarulhos@caoa.com.br","WhatsAppRevisao":"11 95617-5325","TelefoneRevisao":"","TelefonePosVenda":"11 2461-8000","ContatoCobranca":false}]', '2021-08-02 16:39:32', '2021-08-02 16:39:32'),
	(118, 'Hyundai CAOA Haddock Lobo', ' Peças e Serviços', '03.518.732/0177-27', 'Hyundai CAOA do Brasil LTDA', 'Hyundai', '1', 274, '20260-141', 'rua Haddock Lobo', '267', '', 'Tijuca', 'RJ', 'Rio de Janeiro', '-22.919057', '-43.213796', 1, '{"LojaEnderecoID":274,"LojaID":118,"CEP":"20260-141","Logradouro":"rua Haddock Lobo","Numero":"267","Complemento":"","Bairro":"Tijuca","Estado":"RJ","Cidade":"Rio de Janeiro","Latitude":-22.919057,"Longitude":-43.213796,"EnderecoCobranca":true}', '[{"LojaID":118,"LojaContatoID":143,"Celular":"","Email":"carla.costa@caoa.com.br","Fax":"","Nextel":"","Telefone":"","WhatsApp":"","Nome":"Carla Costa","EmailRevisao":"agendamento.hyundaihaddock@caoa.com.br","EmailPosVenda":"agendamento.hyundaihaddock@caoa.com.br","WhatsAppRevisao":"21 99153-6338","TelefoneRevisao":"","TelefonePosVenda":"21 3539-8700","ContatoCobranca":false}]', '2021-08-02 16:39:32', '2021-08-02 16:39:32'),
	(122, 'Hyundai CAOA Londrina', 'Showroom e Peças e Serviços, CAOA E HYUNDAI MOTOR', '03.518.732/0077-64', 'Hyundai CAOA do Brasil LTDA', 'Hyundai', '1', 282, '86025-180', 'Av. Brasília', '2700', '', 'Nossa Senhora do Desterro', 'PR', 'Londrina', '-23.292606', '-51.16821', 1, '{"LojaEnderecoID":282,"LojaID":122,"CEP":"86025-180","Logradouro":"Av. Bras\\u00edlia","Numero":"2700","Complemento":"","Bairro":"Nossa Senhora do Desterro","Estado":"PR","Cidade":"Londrina","Latitude":-23.292606,"Longitude":-51.16821,"EnderecoCobranca":true}', '[{"LojaID":122,"LojaContatoID":147,"Celular":"","Email":"rodrigo.alessi@caoa.com.br","Fax":"","Nextel":"","Telefone":"43 30279-600_","WhatsApp":"","Nome":"Rodrigo Rodrigues Alessi de Souza","EmailRevisao":"agendamento.hylondrina@caoa.com.br","EmailPosVenda":"agendamento.hylondrina@caoa.com.br","WhatsAppRevisao":"43 98816-6976","TelefoneRevisao":"","TelefonePosVenda":"43 3027-9601","ContatoCobranca":false}]', '2021-08-02 16:39:32', '2021-08-02 16:39:32'),
	(123, 'Hyundai CAOA Magalhães Neto', 'Showroom e Peças e Serviços, CAOA E HYUNDAI MOTOR, Caminhões ', '03.518.732/0181-03', 'Hyundai CAOA do Brasil LTDA', 'Hyundai', '1', 284, '41810-012', 'Avenida Magalhães Neto', '1776', '', 'Pituba', 'BA', 'Salvador', '-12.998303', '-38.450165', 1, '{"LojaEnderecoID":284,"LojaID":123,"CEP":"41810-012","Logradouro":"Avenida Magalh\\u00e3es Neto","Numero":"1776","Complemento":"","Bairro":"Pituba","Estado":"BA","Cidade":"Salvador","Latitude":-12.998303,"Longitude":-38.450165,"EnderecoCobranca":true}', '[{"LojaID":123,"LojaContatoID":148,"Celular":"","Email":"diogo.telles@caoa.com.br","Fax":"","Nextel":"","Telefone":"71 3034-8090","WhatsApp":"","Nome":"Diogo Falc\\u00e3o Telles","EmailRevisao":"agendamento.hymagalhaesneto@caoa.com.br","EmailPosVenda":"agendamento.hymagalhaesneto@caoa.com.br","WhatsAppRevisao":"71 99912-5053","TelefoneRevisao":"","TelefonePosVenda":"71 3045-8090","ContatoCobranca":false}]', '2021-08-02 16:39:32', '2021-08-02 16:39:32'),
	(124, 'Hyundai CAOA Maringá 2', 'Showroom e Peças e Serviços, CAOA E HYUNDAI MOTOR', '03.518.732/0185-37', 'Hyundai CAOA do Brasil LTDA', 'Hyundai', '1', 286, '87045-000', 'Av. Colombo', '2045', '', 'Vila Nova', 'PR', 'Maringá', '-23.422316', '-51.903575', 1, '{"LojaEnderecoID":286,"LojaID":124,"CEP":"87045-000","Logradouro":"Av. Colombo","Numero":"2045","Complemento":"","Bairro":"Vila Nova","Estado":"PR","Cidade":"Maring\\u00e1","Latitude":-23.422316,"Longitude":-51.903575,"EnderecoCobranca":true}', '[{"LojaID":124,"LojaContatoID":149,"Celular":"","Email":"laan.freitas@caoa.com.br","Fax":"","Nextel":"","Telefone":"44 30273-560_","WhatsApp":"","Nome":"Laan Felipe Carvalho Freitas ","EmailRevisao":"agendamento.hymaringa@caoa.com.br","EmailPosVenda":"agendamento.hymaringa@caoa.com.br","WhatsAppRevisao":"44 99185-2272","TelefoneRevisao":"","TelefonePosVenda":"44 3027-3560","ContatoCobranca":false}]', '2021-08-02 16:39:32', '2021-08-02 16:39:32'),
	(126, 'Hyundai CAOA Natal', 'Showroom e Peças e Serviços, CAOA E HYUNDAI MOTOR', '03.518.732/0184-56', 'Hyundai CAOA do Brasil LTDA', 'Hyundai', '1', 290, '59080-000', 'Avenida Senador Salgado Filho', '3839', '', 'Capim Macio', 'RN', 'Natal', '-5.853377', '-35.210485', 1, '{"LojaEnderecoID":290,"LojaID":126,"CEP":"59080-000","Logradouro":"Avenida Senador Salgado Filho","Numero":"3839","Complemento":"","Bairro":"Capim Macio","Estado":"RN","Cidade":"Natal","Latitude":-5.853377,"Longitude":-35.210485,"EnderecoCobranca":true}', '[{"LojaID":126,"LojaContatoID":151,"Celular":"","Email":"luiz.jmoura@caoa.com.br","Fax":"","Nextel":"","Telefone":"84 3026-6450","WhatsApp":"","Nome":"Luiz Henrique Jos\\u00e9 Gomes de Moura ","EmailRevisao":"agendamento.hynatal@caoa.com.br","EmailPosVenda":"agendamento.hynatal@caoa.com.br","WhatsAppRevisao":"84 98817-5125","TelefoneRevisao":"","TelefonePosVenda":"84 3026-6459","ContatoCobranca":false}]', '2021-08-02 16:39:32', '2021-08-02 16:39:32'),
	(128, 'Hyundai CAOA Novo Hamburgo', 'Showroom e Peças e Serviços, CAOA E HYUNDAI MOTOR', '03.518.732/0034-24', 'Hyundai CAOA do Brasil LTDA', 'Hyundai', '1', 294, '93334-290', 'R. Ignacio Treis', '355', '', 'Ideal', 'RS', 'Novo Hamburgo', '-29.712575', '-51.147401', 1, '{"LojaEnderecoID":294,"LojaID":128,"CEP":"93334-290","Logradouro":"R. Ignacio Treis","Numero":"355","Complemento":"","Bairro":"Ideal","Estado":"RS","Cidade":"Novo Hamburgo","Latitude":-29.712575,"Longitude":-51.147401,"EnderecoCobranca":true}', '[{"LojaID":128,"LojaContatoID":153,"Celular":"","Email":"leandro.dick@hyundai-motor.com.br","Fax":"","Nextel":"","Telefone":"51 3539-4300","WhatsApp":"","Nome":"Leandro Dick","EmailRevisao":"agendamento.hynovohamburgo@caoa.com.br","EmailPosVenda":"agendamento.hynovohamburgo@caoa.com.br","WhatsAppRevisao":"","TelefoneRevisao":"51 99609-5717","TelefonePosVenda":"51 3539-4305","ContatoCobranca":false}]', '2021-08-02 16:39:32', '2021-08-02 16:39:32'),
	(130, 'Hyundai CAOA Paralela', 'Showroom e Peças e Serviços, Caminhões , CAOA E HYUNDAI MOTOR', '03.518.732/0063-69', 'Hyundai CAOA do Brasil LTDA', 'Hyundai', '1', 298, '41730-101', 'Av. Luis Viana', '7851', '', 'Paralela', 'BA', 'Salvador', '-12.970081', '-38.442165', 1, '{"LojaEnderecoID":298,"LojaID":130,"CEP":"41730-101","Logradouro":"Av. Luis Viana","Numero":"7851","Complemento":"","Bairro":"Paralela","Estado":"BA","Cidade":"Salvador","Latitude":-12.970081,"Longitude":-38.442165,"EnderecoCobranca":true}', '[{"LojaID":130,"LojaContatoID":155,"Celular":"","Email":"diogo.telles@caoa.com.br","Fax":"","Nextel":"","Telefone":"71 3418-3100","WhatsApp":"","Nome":"Diogo Falc\\u00e3o Telles","EmailRevisao":"agendamento.hyparalela@caoa.com.br","EmailPosVenda":"agendamento.hyparalela@caoa.com.br","WhatsAppRevisao":"71 99925-7893","TelefoneRevisao":"","TelefonePosVenda":"71 3418-3165","ContatoCobranca":false}]', '2021-08-02 16:39:32', '2021-08-02 16:39:32'),
	(131, 'Hyundai CAOA Passo Fundo', 'Showroom, CAOA, HMB E HYUNDAI MOTOR', '03.518.732/0044-04', 'Hyundai CAOA do Brasil LTDA', 'Hyundai', '1', 300, '99025-004', 'Av. Brasil Oeste', '3021', '', 'Boqueirão', 'RS', 'Passo Fundo', '-28.265056', '-52.416639', 1, '{"LojaEnderecoID":300,"LojaID":131,"CEP":"99025-004","Logradouro":"Av. Brasil Oeste","Numero":"3021","Complemento":"","Bairro":"Boqueir\\u00e3o","Estado":"RS","Cidade":"Passo Fundo","Latitude":-28.265056,"Longitude":-52.416639,"EnderecoCobranca":true}', '[{"LojaID":131,"LojaContatoID":156,"Celular":"","Email":"cleber.lima@hyundai-motor.com.br","Fax":"","Nextel":"","Telefone":"54 3046-9500","WhatsApp":"","Nome":"Cleber Jose de Lima","EmailRevisao":"","EmailPosVenda":"","WhatsAppRevisao":"","TelefoneRevisao":"","TelefonePosVenda":"","ContatoCobranca":false}]', '2021-08-02 16:39:32', '2021-08-02 16:39:32'),
	(135, 'Hyundai CAOA Raposo', 'Showroom e Peças e Serviços, Caminhões , CAOA E HYUNDAI MOTOR', '03.518.732/0029-67', 'Hyundai CAOA do Brasil LTDA', 'Hyundai', '1', 308, '05576-000', 'Rod. Raposo Tavares', 'S/N', 'KM 14,5', 'Butanta', 'SP', 'São Paulo', '-23.587899', '-46.751014', 1, '{"LojaEnderecoID":308,"LojaID":135,"CEP":"05576-000","Logradouro":"Rod. Raposo Tavares","Numero":"S\\/N","Complemento":"KM 14,5","Bairro":"Butanta","Estado":"SP","Cidade":"S\\u00e3o Paulo","Latitude":-23.587899,"Longitude":-46.751014,"EnderecoCobranca":true}', '[{"LojaID":135,"LojaContatoID":160,"Celular":"","Email":"fabioes@caoa.com.br","Fax":"","Nextel":"","Telefone":"11 3732-2040","WhatsApp":"","Nome":"Fabio do Espirito Santo","EmailRevisao":"agendamento.hyraposo@caoa.com.br","EmailPosVenda":"agendamento.hyraposo@caoa.com.br","WhatsAppRevisao":"11 97162-6462","TelefoneRevisao":"","TelefonePosVenda":"11 3732-2090","ContatoCobranca":false}]', '2021-08-02 16:39:32', '2021-08-02 16:39:32'),
	(136, 'Hyundai CAOA Recife', 'Showroom, CAOA E HYUNDAI MOTOR', '03.518.732/0007-51', 'Hyundai CAOA do Brasil LTDA', 'Hyundai', '1', 310, '51150-000', 'Av. Marechal Mascarenhas de Moraes', '701', '', 'Imbiribeira', 'PE', 'Recife', '-8.089504', '-34.9111478', 0, '{"LojaEnderecoID":310,"LojaID":136,"CEP":"51150-000","Logradouro":"Av. Marechal Mascarenhas de Moraes","Numero":"701","Complemento":"","Bairro":"Imbiribeira","Estado":"PE","Cidade":"Recife","Latitude":-8.089504,"Longitude":-34.9111478,"EnderecoCobranca":false}', '[{"LojaID":136,"LojaContatoID":161,"Celular":"","Email":"joao.marcones@hyundai-motor.com.br","Fax":"","Nextel":"","Telefone":"81 3126-7600","WhatsApp":"81 97112-3487","Nome":"Jo\\u00e3o ","EmailRevisao":"","EmailPosVenda":"","WhatsAppRevisao":"","TelefoneRevisao":"","TelefonePosVenda":"","ContatoCobranca":false}]', '2021-08-02 16:39:32', '2021-08-02 16:39:32'),
	(137, 'Hyundai CAOA Ribeirão Preto Fiusa', 'Showroom e Peças e Serviços, CAOA E HYUNDAI MOTOR', '03.518.732/0074-11', 'Hyundai CAOA do Brasil LTDA', 'Hyundai', '1', 312, '14021-630', 'Av. Wladimir Meirelles Ferreira', '1695', '', 'Jardim Botânico', 'SP', 'Ribeirão Preto', '-21.210977', '-47.801728', 1, '{"LojaEnderecoID":312,"LojaID":137,"CEP":"14021-630","Logradouro":"Av. Wladimir Meirelles Ferreira","Numero":"1695","Complemento":"","Bairro":"Jardim Bot\\u00e2nico","Estado":"SP","Cidade":"Ribeir\\u00e3o Preto","Latitude":-21.210977,"Longitude":-47.801728,"EnderecoCobranca":true}', '[{"LojaID":137,"LojaContatoID":1210,"Celular":"","Email":"nelson.borelli@caoa.com.br ","Fax":"","Nextel":"","Telefone":"16 39139-430_","WhatsApp":"","Nome":"Nelson Borelli Junior","EmailRevisao":"agendamento.hyribeiraopreto@caoa.com.br","EmailPosVenda":"agendamento.hyribeiraopreto@caoa.com.br","WhatsAppRevisao":"16 99232-2986","TelefoneRevisao":"","TelefonePosVenda":"16 3913-9461","ContatoCobranca":false}]', '2021-08-02 16:39:32', '2021-08-02 16:39:32'),
	(138, 'Hyundai CAOA S I A', 'Showroom, CAOA E HYUNDAI MOTOR', '03.518.732/0069-54', 'Hyundai CAOA do Brasil LTDA', 'Hyundai', '1', 314, '71200-010', 'SIA Trecho 1', '0', 'Lotes 330/340/350/360', 'Parque Ferroviário de Brasília', 'DF', 'Brasília', '-15.807169', '-47.954596', 1, '{"LojaEnderecoID":314,"LojaID":138,"CEP":"71200-010","Logradouro":"SIA Trecho 1","Numero":"0","Complemento":"Lotes 330\\/340\\/350\\/360","Bairro":"Parque Ferrovi\\u00e1rio de Bras\\u00edlia","Estado":"DF","Cidade":"Bras\\u00edlia","Latitude":-15.807169,"Longitude":-47.954596,"EnderecoCobranca":true}', '[{"LojaID":138,"LojaContatoID":163,"Celular":"","Email":"yuri.cmelo@caoa.com.br","Fax":"","Nextel":"","Telefone":"61 3709-0050","WhatsApp":"","Nome":"Yuri Caina Melo Carneiro","EmailRevisao":"agendamento.hyundaisia@caoa.com.br","EmailPosVenda":"agendamento.hyundaisia@caoa.com.br","WhatsAppRevisao":"61 99159-5110","TelefoneRevisao":"","TelefonePosVenda":"61 3709-0091","ContatoCobranca":false}]', '2021-08-02 16:39:32', '2021-08-02 16:39:32'),
	(139, 'Hyundai CAOA S.J. do Rio Preto', 'Showroom e Peças e Serviços, CAOA E HYUNDAI MOTOR', '03.518.732/0051-25', 'Hyundai CAOA do Brasil LTDA', 'Hyundai', '1', 316, '15092-175', 'Av. Presidente Juscelino Kubitschek de Oliveira', '980', '', 'Jardim Panorama', 'SP', 'São José do Rio Preto', '-20.83155', '-49.405637', 1, '{"LojaEnderecoID":316,"LojaID":139,"CEP":"15092-175","Logradouro":"Av. Presidente Juscelino Kubitschek de Oliveira","Numero":"980","Complemento":"","Bairro":"Jardim Panorama","Estado":"SP","Cidade":"S\\u00e3o Jos\\u00e9 do Rio Preto","Latitude":-20.83155,"Longitude":-49.405637,"EnderecoCobranca":true}', '[{"LojaID":139,"LojaContatoID":164,"Celular":"","Email":"lann.freitas@caoa.com.br","Fax":"","Nextel":"","Telefone":"17 21388-300_","WhatsApp":"","Nome":"Lann Felipe\\t","EmailRevisao":"agendamento.hyriopreto@caoa.com.br","EmailPosVenda":"agendamento.hyriopreto@caoa.com.br","WhatsAppRevisao":"17 99108-3716","TelefoneRevisao":"","TelefonePosVenda":"17 2138-8383","ContatoCobranca":false}]', '2021-08-02 16:39:32', '2021-08-02 16:39:32'),
	(140, 'Hyundai CAOA Santa Maria', 'Showroom e Peças e Serviços, CAOA E HYUNDAI MOTOR', '03.518.732/0053-97', 'Hyundai CAOA do Brasil LTDA', 'Hyundai', '1', 318, '97070-805', 'Avenida Hélvio Basso', '1265', '', 'Nossa Senhora Medianeira', 'RS', 'Santa Maria', '-29.709411', '-53.812819', 1, '{"LojaEnderecoID":318,"LojaID":140,"CEP":"97070-805","Logradouro":"Avenida H\\u00e9lvio Basso","Numero":"1265","Complemento":"","Bairro":"Nossa Senhora Medianeira","Estado":"RS","Cidade":"Santa Maria","Latitude":-29.709411,"Longitude":-53.812819,"EnderecoCobranca":true}', '[{"LojaID":140,"LojaContatoID":165,"Celular":"","Email":"laertevidal@hyundai-motor.com.br","Fax":"","Nextel":"","Telefone":"55 3027-9700","WhatsApp":"","Nome":"Laerte Vidal \\/ Alexandre","EmailRevisao":"agendamento.hysantamaria@caoa.com.br","EmailPosVenda":"agendamento.hysantamaria@caoa.com.br","WhatsAppRevisao":"55 99681-0673","TelefoneRevisao":"","TelefonePosVenda":"55 3027-9722","ContatoCobranca":false}]', '2021-08-02 16:39:32', '2021-08-02 16:39:32'),
	(141, 'Hyundai CAOA Santo André 2', 'Showroom, CAOA E HYUNDAI MOTOR', '03.518.732/0167-55', 'Hyundai CAOA do Brasil LTDA', 'Hyundai', '1', 320, '09015-510', 'Av. Artur de Queiros', '651', '', 'Casa Branca', 'SP', 'Santo André', '-23.660015', '-46.520551', 1, '{"LojaEnderecoID":320,"LojaID":141,"CEP":"09015-510","Logradouro":"Av. Artur de Queiros","Numero":"651","Complemento":"","Bairro":"Casa Branca","Estado":"SP","Cidade":"Santo Andr\\u00e9","Latitude":-23.660015,"Longitude":-46.520551,"EnderecoCobranca":true}', '[{"LojaID":141,"LojaContatoID":166,"Celular":"","Email":"ivan.jesus@caoa.com.br","Fax":"","Nextel":"","Telefone":"11 4433-4500","WhatsApp":"","Nome":"Ivan Catto De Jesus","EmailRevisao":null,"EmailPosVenda":null,"WhatsAppRevisao":null,"TelefoneRevisao":null,"TelefonePosVenda":null,"ContatoCobranca":false}]', '2021-08-02 16:39:32', '2021-08-02 16:39:32'),
	(142, 'Hyundai CAOA Santos', 'Showroom, CAOA E HYUNDAI MOTOR', '03.518.732/0189-60', 'Hyundai CAOA do Brasil LTDA', 'Hyundai', '1', 322, '11075-220', 'Rua Julio de Mesquita', '97', '', 'Vila Mathias  ', 'SP', 'Santos', '-23.944553', '-46.324875', 1, '{"LojaEnderecoID":322,"LojaID":142,"CEP":"11075-220","Logradouro":"Rua Julio de Mesquita","Numero":"97","Complemento":"","Bairro":"Vila Mathias  ","Estado":"SP","Cidade":"Santos","Latitude":-23.944553,"Longitude":-46.324875,"EnderecoCobranca":true}', '[{"LojaID":142,"LojaContatoID":167,"Celular":"","Email":"renato.nobrega@caoa.com.br","Fax":"","Nextel":"","Telefone":"13 3229-7272","WhatsApp":"","Nome":"Renato","EmailRevisao":"","EmailPosVenda":"","WhatsAppRevisao":"","TelefoneRevisao":"","TelefonePosVenda":"","ContatoCobranca":false}]', '2021-08-02 16:39:32', '2021-08-02 16:39:32'),
	(143, 'Hyundai CAOA São Caetano 2', 'Showroom e Peças e Serviços, CAOA E HYUNDAI MOTOR', '03.518.732/0116-05', 'Hyundai CAOA do Brasil LTDA', 'Hyundai', '1', 324, '09550-050', 'Av. Goias', '120 ', '', 'Sto. Antonio ', 'SP', 'São Caetano do Sul ', '-23.616621', '-46.557569', 1, '{"LojaEnderecoID":324,"LojaID":143,"CEP":"09550-050","Logradouro":"Av. Goias","Numero":"120 ","Complemento":"","Bairro":"Sto. Antonio ","Estado":"SP","Cidade":"S\\u00e3o Caetano do Sul ","Latitude":-23.616621,"Longitude":-46.557569,"EnderecoCobranca":true}', '[{"LojaID":143,"LojaContatoID":168,"Celular":"","Email":"alexandropereira@hyundai-motor.com.br","Fax":"","Nextel":"","Telefone":"11 4770-0000","WhatsApp":"","Nome":"Alexandro Batista Pereira","EmailRevisao":null,"EmailPosVenda":null,"WhatsAppRevisao":"","TelefoneRevisao":"","TelefonePosVenda":"","ContatoCobranca":false}]', '2021-08-02 16:39:32', '2021-08-02 16:39:32'),
	(145, 'Hyundai CAOA Tatuapé', 'Showroom, CAOA E HYUNDAI MOTOR', '03.518.732/0022-90', 'Hyundai CAOA do Brasil LTDA', 'Hyundai', '1', 328, '03309-001', 'R. Serra do Japi', '1249', '', 'Tatuapé', 'SP', 'São Paulo', '-23.550312', '-46.567853', 1, '{"LojaEnderecoID":328,"LojaID":145,"CEP":"03309-001","Logradouro":"R. Serra do Japi","Numero":"1249","Complemento":"","Bairro":"Tatuap\\u00e9","Estado":"SP","Cidade":"S\\u00e3o Paulo","Latitude":-23.550312,"Longitude":-46.567853,"EnderecoCobranca":true}', '[{"LojaID":145,"LojaContatoID":170,"Celular":"","Email":"gleferson.duarte@caoa.com.br","Fax":"","Nextel":"","Telefone":"11 2076-6700","WhatsApp":"","Nome":"Gleferson Duarte","EmailRevisao":"","EmailPosVenda":"","WhatsAppRevisao":"","TelefoneRevisao":"","TelefonePosVenda":"","ContatoCobranca":false}]', '2021-08-02 16:39:32', '2021-08-02 16:39:32'),
	(146, 'Hyundai CAOA Teresina', 'Showroom e Peças e Serviços, CAOA E HYUNDAI MOTOR', '03.518.732/0148-92', 'Hyundai CAOA do Brasil LTDA', 'Hyundai', '1', 330, '64049-010', 'Av. João XXIII', '1445', '', 'Joquei', 'PI', 'Teresina', '-5.080224', '-42.785051', 1, '{"LojaEnderecoID":330,"LojaID":146,"CEP":"64049-010","Logradouro":"Av. Jo\\u00e3o XXIII","Numero":"1445","Complemento":"","Bairro":"Joquei","Estado":"PI","Cidade":"Teresina","Latitude":-5.080224,"Longitude":-42.785051,"EnderecoCobranca":true}', '[{"LojaID":146,"LojaContatoID":171,"Celular":"","Email":"ari.gomes@caoa.com.br","Fax":"","Nextel":"","Telefone":"86 3194-4000","WhatsApp":"","Nome":"Ari Gomes de Oliveira","EmailRevisao":"agendamento.hyteresina@caoa.com.br","EmailPosVenda":"agendamento.hyteresina@caoa.com.br","WhatsAppRevisao":"86 81203-451_","TelefoneRevisao":"","TelefonePosVenda":"86 3194-4030","ContatoCobranca":false}]', '2021-08-02 16:39:32', '2021-08-02 16:39:32'),
	(147, 'Hyundai CAOA Vila Guilherme', 'Showroom, CAOA E HYUNDAI MOTOR', '03.518.732/0059-82', 'Hyundai CAOA do Brasil LTDA', 'Hyundai', '1', 332, '02065-000', 'Av. Joaquina Ramalho', '98', '', 'Vila Guilherme', 'SP', 'São Paulo', '-23.515824', '-46.608035', 1, '{"LojaEnderecoID":332,"LojaID":147,"CEP":"02065-000","Logradouro":"Av. Joaquina Ramalho","Numero":"98","Complemento":"","Bairro":"Vila Guilherme","Estado":"SP","Cidade":"S\\u00e3o Paulo","Latitude":-23.515824,"Longitude":-46.608035,"EnderecoCobranca":true}', '[{"LojaID":147,"LojaContatoID":172,"Celular":"","Email":"marcel.russo@caoa.com.br","Fax":"","Nextel":"","Telefone":"11 2218-8900","WhatsApp":"","Nome":"Marcel Teixeira Russo","EmailRevisao":null,"EmailPosVenda":null,"WhatsAppRevisao":"","TelefoneRevisao":"","TelefonePosVenda":"","ContatoCobranca":false}]', '2021-08-02 16:39:32', '2021-08-02 16:39:32'),
	(160, 'Ford CAOA Ibirapuera', 'Showroom e Peças e Serviços, CAOA', '53.490.074/0001-10', 'Paulinvel Veículos Ltda.', 'Ford', '2', 358, '04028-002', 'Av. Ibirapuera', '2400', '', 'Indianopolis', 'SP', 'São Paulo', '-23.604833', '-46.663535', 1, '{"LojaEnderecoID":358,"LojaID":160,"CEP":"04028-002","Logradouro":"Av. Ibirapuera","Numero":"2400","Complemento":"","Bairro":"Indianopolis","Estado":"SP","Cidade":"S\\u00e3o Paulo","Latitude":-23.604833,"Longitude":-46.663535,"EnderecoCobranca":true}', '[{"LojaID":160,"LojaContatoID":185,"Celular":"","Email":"bruno.ignacio@caoa.com.br","Fax":"","Nextel":"","Telefone":"11 5053-3000","WhatsApp":"","Nome":"Bruno Affonso Ignacio","EmailRevisao":"","EmailPosVenda":"agendamento.fordpaulinvel@caoa.com.br","WhatsAppRevisao":"11 95060-3675","TelefoneRevisao":"","TelefonePosVenda":"11 5053-3120","ContatoCobranca":false}]', '2021-08-02 16:39:32', '2021-08-02 16:39:32'),
	(161, 'Ford CAOA Campina Grande', 'Showroom e Peças e Serviços, CAOA', '08.709.578/0001-23', 'Vepel Veículos e Peças Ltda', 'Ford', '2', 360, '58410-185', 'Avenida Prefeito Severino Bezerra Cabral', '330', '', 'Catolé', 'PB', 'Campina Grande', '-7.238853', '-35.86464', 1, '{"LojaEnderecoID":360,"LojaID":161,"CEP":"58410-185","Logradouro":"Avenida Prefeito Severino Bezerra Cabral","Numero":"330","Complemento":"","Bairro":"Catol\\u00e9","Estado":"PB","Cidade":"Campina Grande","Latitude":-7.238853,"Longitude":-35.86464,"EnderecoCobranca":true}', '[{"LojaID":161,"LojaContatoID":186,"Celular":"","Email":"jose.lpereira@caoa.com.br","Fax":"","Nextel":"","Telefone":"83 2101-6000","WhatsApp":"","Nome":"Jos\\u00e9 Luiz Pereira","EmailRevisao":"","EmailPosVenda":"agendamento.fordvepel@caoa.com.br","WhatsAppRevisao":"83 98215-5102","TelefoneRevisao":"","TelefonePosVenda":"83 2101-6022","ContatoCobranca":false}]', '2021-08-02 16:39:32', '2021-08-02 16:39:32'),
	(174, 'Hyundai CAOA Perdizes', 'Showroom e Peças e Serviços, CAOA E HYUNDAI MOTOR', '03.518.732/0124-15', 'Hyundai CAOA do Brasil LTDA', 'Hyundai', '1', 842, '05016-110', 'Avenida Sumaré', '1221 ', '', 'Perdizes', 'SP', 'São Paulo', '-23.5399', '-46.675262', 0, '{"LojaEnderecoID":842,"LojaID":174,"CEP":"05016-110","Logradouro":"Avenida Sumar\\u00e9","Numero":"1221 ","Complemento":"","Bairro":"Perdizes","Estado":"SP","Cidade":"S\\u00e3o Paulo","Latitude":-23.5399,"Longitude":-46.675262,"EnderecoCobranca":false}', '[{"LojaID":174,"LojaContatoID":665,"Celular":"","Email":"rodrigo.fazla@caoa.com.br","Fax":"","Nextel":"","Telefone":"11 38035-900_","WhatsApp":"","Nome":"Rodrigo Fazla","EmailRevisao":"agendamento.hyperdizes@caoa.com.br","EmailPosVenda":"agendamento.hyperdizes@caoa.com.br","WhatsAppRevisao":"11 99470-9160","TelefoneRevisao":"11 38035-937_","TelefonePosVenda":"11 3803-5937","ContatoCobranca":false}]', '2021-08-02 16:39:32', '2021-08-02 16:39:32'),
	(176, 'Subaru CAOA - Campinas', 'showroom, SUBARU', '00.944.145/0013-84', 'S Motors Com Imp e Exp Ltda.', 'Subaru', '3', 383, '13092-123', 'Avenida José de Souza Campos', '766', '', 'Nova Campinas', 'SP', 'Campinas', '-22.898916', '-47.047448', 0, '{"LojaEnderecoID":383,"LojaID":176,"CEP":"13092-123","Logradouro":"Avenida Jos\\u00e9 de Souza Campos","Numero":"766","Complemento":"","Bairro":"Nova Campinas","Estado":"SP","Cidade":"Campinas","Latitude":-22.898916,"Longitude":-47.047448,"EnderecoCobranca":false}', '[{"LojaID":176,"LojaContatoID":199,"Celular":"","Email":"fernando.figueiredo@subaru.com.br","Fax":"","Nextel":"","Telefone":"19 3751-4500","WhatsApp":"","Nome":"Fernando Figueiredo","EmailRevisao":"","EmailPosVenda":"","WhatsAppRevisao":"","TelefoneRevisao":"","TelefonePosVenda":"","ContatoCobranca":false}]', '2021-08-02 16:39:32', '2021-08-02 16:39:32'),
	(178, 'Subaru CAOA - Ibirapuera', 'showroom, SUBARU', '00.944.145/0015-46', 'S Motors Com Imp e Exp Ltda.', 'Subaru', '3', 391, '04028-002', 'Avenida Ibirapuera', '2448', '', 'Indianópolis', 'SP', 'São Paulo', '-23.605102', '-46.663727', 0, '{"LojaEnderecoID":391,"LojaID":178,"CEP":"04028-002","Logradouro":"Avenida Ibirapuera","Numero":"2448","Complemento":"","Bairro":"Indian\\u00f3polis","Estado":"SP","Cidade":"S\\u00e3o Paulo","Latitude":-23.605102,"Longitude":-46.663727,"EnderecoCobranca":false}', '[{"LojaID":178,"LojaContatoID":201,"Celular":"","Email":"carlos.oka@subaru.com.br","Fax":"","Nextel":"","Telefone":"11 5056-9740","WhatsApp":"","Nome":"Carlos Oka","EmailRevisao":null,"EmailPosVenda":null,"WhatsAppRevisao":"","TelefoneRevisao":"","TelefonePosVenda":"","ContatoCobranca":false}]', '2021-08-02 16:39:32', '2021-08-02 16:39:32'),
	(179, 'Subaru CAOA - Morumbi', 'showroom, oficina, SUBARU', '00.944.145/0025-18', 'S Motors Com Imp e Exp Ltda.', 'Subaru', '3', 395, '04703-002', 'Avenida Morumbi', '8440', '', 'Santo Amaro', 'SP', 'São Paulo', '-23.621499', '-46.689739', 0, '{"LojaEnderecoID":395,"LojaID":179,"CEP":"04703-002","Logradouro":"Avenida Morumbi","Numero":"8440","Complemento":"","Bairro":"Santo Amaro","Estado":"SP","Cidade":"S\\u00e3o Paulo","Latitude":-23.621499,"Longitude":-46.689739,"EnderecoCobranca":false}', '[{"LojaID":179,"LojaContatoID":202,"Celular":"","Email":"fabio.barbin@subaru.com.br","Fax":"","Nextel":"","Telefone":"11 5090-0820","WhatsApp":"","Nome":"Fabio Barbin","EmailRevisao":"","EmailPosVenda":"agendamento.subarumorumbi@caoa.com.br","WhatsAppRevisao":"11 96319-6284","TelefoneRevisao":"","TelefonePosVenda":"11 5090-0820","ContatoCobranca":false}]', '2021-08-02 16:39:32', '2021-08-02 16:39:32'),
	(181, 'Subaru CAOA - Barra', 'showroom, SUBARU, Oficina', '00.944.145/0021-94', 'S Motors Com Imp e Exp Ltda.', 'Subaru', '3', 403, '22631-004', 'Avenida das Américas', '4541', '', 'Barra da Tijuca', 'RJ', 'Rio de Janeiro', '-23.0002283', '-43.3600634', 0, '{"LojaEnderecoID":403,"LojaID":181,"CEP":"22631-004","Logradouro":"Avenida das Am\\u00e9ricas","Numero":"4541","Complemento":"","Bairro":"Barra da Tijuca","Estado":"RJ","Cidade":"Rio de Janeiro","Latitude":-23.0002283,"Longitude":-43.3600634,"EnderecoCobranca":false}', '[{"LojaID":181,"LojaContatoID":204,"Celular":"","Email":"francisco.soares@subaru.com.br","Fax":"","Nextel":"","Telefone":"21 31892-900_","WhatsApp":"","Nome":"Rogerio Soares","EmailRevisao":"","EmailPosVenda":"agendamento.subaruriojaneiro@caoa.com.br","WhatsAppRevisao":"21 97670-5158","TelefoneRevisao":"21 31779-010_","TelefonePosVenda":"21 3177-9010","ContatoCobranca":false}]', '2021-08-02 16:39:32', '2021-08-02 16:39:32'),
	(191, 'Hyundai HMB CAOA Barra 2', 'Showroom e Peças e Serviços, CAOA E HMB', '16.794.464/0049-00', 'CAOA MOTOR DO BRASIL LTDA ', 'HMB', '31', 840, '22631-000', 'Avenida das Américas', '2091 ', '', 'Barra da Tijuca', 'RJ', 'Rio de Janeiro', '-23.000888', '-43.334883', 0, '{"LojaEnderecoID":840,"LojaID":191,"CEP":"22631-000","Logradouro":"Avenida das Am\\u00e9ricas","Numero":"2091 ","Complemento":"","Bairro":"Barra da Tijuca","Estado":"RJ","Cidade":"Rio de Janeiro","Latitude":-23.000888,"Longitude":-43.334883,"EnderecoCobranca":false}', '[{"LojaID":191,"LojaContatoID":663,"Celular":"","Email":"","Fax":"","Nextel":"","Telefone":"21 3578-4100","WhatsApp":"","Nome":"Luiz ","EmailRevisao":"","EmailPosVenda":"agendamento.hyundaibarra2@caoa.com.br","WhatsAppRevisao":"21 97447-4112","TelefoneRevisao":"","TelefonePosVenda":"21 3578-4100","ContatoCobranca":false}]', '2021-08-02 16:39:33', '2021-08-02 16:39:33'),
	(289, 'Hyundai REDE - Itakorea Campos dos Goytacazes', 'Showroom e Peças e Serviços, HYUNDAI MOTOR', '07.657.734/0001-38', 'Hyundai REDE - Itakorea Campos dos Goytacazes', 'Hyundai', '1', 693, '28010-800', 'Rua Tenente Coronel Cardoso', '301 / 305', '', 'Centro', 'RJ', 'Campos dos Goytacazes', '-21.760777', '-41.32022', 0, '{"LojaEnderecoID":693,"LojaID":289,"CEP":"28010-800","Logradouro":"Rua Tenente Coronel Cardoso","Numero":"301 \\/ 305","Complemento":"","Bairro":"Centro","Estado":"RJ","Cidade":"Campos dos Goytacazes","Latitude":-21.760777,"Longitude":-41.32022,"EnderecoCobranca":false}', '[{"LojaID":289,"LojaContatoID":312,"Celular":"","Email":"gerencia.campos@itakorea.com.br","Fax":"","Nextel":"","Telefone":"22 2737-0500","WhatsApp":"","Nome":"Marcelle","EmailRevisao":null,"EmailPosVenda":null,"WhatsAppRevisao":"","TelefoneRevisao":"","TelefonePosVenda":"(22) 2737-0520","ContatoCobranca":false}]', '2021-08-02 16:39:32', '2021-08-02 16:39:32'),
	(291, 'Hyundai REDE - Tex Imports Varginha', 'Showroom e Peças e Serviços, HYUNDAI MOTOR', '18.705.716/0001-50', 'Hyundai REDE - Tex Imports Varginha', 'Hyundai', '1', 695, '37026-080', 'Av. Princesa do Sul', '2930', '', 'Jardim Anderê', 'MG', 'Varginha', '-21.593887', '-45.439528', 0, '{"LojaEnderecoID":695,"LojaID":291,"CEP":"37026-080","Logradouro":"Av. Princesa do Sul","Numero":"2930","Complemento":"","Bairro":"Jardim Ander\\u00ea","Estado":"MG","Cidade":"Varginha","Latitude":-21.593887,"Longitude":-45.439528,"EnderecoCobranca":false}', '[{"LojaID":291,"LojaContatoID":313,"Celular":null,"Email":"alexandre@texhyundai.com.br","Fax":null,"Nextel":null,"Telefone":"35 3214-2127","WhatsApp":null,"Nome":"Alexandre Silva","EmailRevisao":null,"EmailPosVenda":null,"WhatsAppRevisao":"","TelefoneRevisao":"","TelefonePosVenda":"","ContatoCobranca":false}]', '2021-08-02 16:39:32', '2021-08-02 16:39:32'),
	(292, 'Hyundai REDE - Geração Criciúma', 'Showroom e Peças e Serviços, HYUNDAI MOTOR', '17.902.884/0001-72', 'Hyundai REDE - Geração Criciúma', 'Hyundai', '1', 696, '88801-001', 'Av. Centenário', '3,625', '', 'Centro', 'SC', 'Criciúma', '-28.679165', '-49.365234', 0, '{"LojaEnderecoID":696,"LojaID":292,"CEP":"88801-001","Logradouro":"Av. Centen\\u00e1rio","Numero":"3,625","Complemento":"","Bairro":"Centro","Estado":"SC","Cidade":"Crici\\u00fama","Latitude":-28.679165,"Longitude":-49.365234,"EnderecoCobranca":false}', '[{"LojaID":292,"LojaContatoID":314,"Celular":"","Email":"geracao@geracao-motor.com.br","Fax":"","Nextel":"","Telefone":"48 3298-0000","WhatsApp":"48 98857-6265","Nome":"Mauricio Melo","EmailRevisao":null,"EmailPosVenda":null,"WhatsAppRevisao":"","TelefoneRevisao":"","TelefonePosVenda":"","ContatoCobranca":false}]', '2021-08-02 16:39:32', '2021-08-02 16:39:32'),
	(298, 'Hyundai REDE - Tass Dourados', 'Showroom e Peças e Serviços, HYUNDAI MOTOR', '17.715.051/0001-00', 'Hyundai REDE - Tass Dourados', 'Hyundai', '1', 702, '79826-535', 'Av. Presidente Vargas', '3000', '', 'JD. EUROPA', 'MS', 'Dourados', '-22.186712', '-54.816854', 1, '{"LojaEnderecoID":702,"LojaID":298,"CEP":"79826-535","Logradouro":"Av. Presidente Vargas","Numero":"3000","Complemento":"","Bairro":"JD. EUROPA","Estado":"MS","Cidade":"Dourados","Latitude":-22.186712,"Longitude":-54.816854,"EnderecoCobranca":true}', '[{"LojaID":298,"LojaContatoID":320,"Celular":null,"Email":"recepcao@tassmotorsms.com.br","Fax":null,"Nextel":null,"Telefone":"67 3427-3000","WhatsApp":null,"Nome":"Amanda Lima","EmailRevisao":null,"EmailPosVenda":null,"WhatsAppRevisao":"","TelefoneRevisao":"","TelefonePosVenda":"","ContatoCobranca":false}]', '2021-08-02 16:39:32', '2021-08-02 16:39:32'),
	(299, 'Hyundai REDE - Sperandio Chapecó', 'Showroom e Peças e Serviços, HYUNDAI MOTOR', '17.305.047/0001-66', 'Hyundai REDE - Sperandio Chapecó', 'Hyundai', '1', 703, '89805-290', 'Rua Inês Batiston', '200', '', '', 'SC', 'Chapecó', '-27.06637', '-52.628916', 0, '{"LojaEnderecoID":703,"LojaID":299,"CEP":"89805-290","Logradouro":"Rua In\\u00eas Batiston","Numero":"200","Complemento":"","Bairro":"","Estado":"SC","Cidade":"Chapec\\u00f3","Latitude":-27.06637,"Longitude":-52.628916,"EnderecoCobranca":false}', '[{"LojaID":299,"LojaContatoID":321,"Celular":null,"Email":"anajulia@gruposperandio.com.br","Fax":null,"Nextel":null,"Telefone":"49 3330-6060","WhatsApp":null,"Nome":"Ana Julia Rigo Sperandio","EmailRevisao":null,"EmailPosVenda":null,"WhatsAppRevisao":"","TelefoneRevisao":"","TelefonePosVenda":"","ContatoCobranca":false}]', '2021-08-02 16:39:32', '2021-08-02 16:39:32'),
	(301, 'Hyundai REDE - Saga Porto Velho', 'Showroom, HYUNDAI MOTOR', '08.748.749/0004-76', 'Hyundai REDE - Saga Porto Velho', 'Hyundai', '1', 705, '76804-439', 'Av. Governador Jorge Teixeira', '375', '', 'Nossa Senhora das Graças', 'RO', 'Porto Velho', '-8.766409', '-63.884489', 0, '{"LojaEnderecoID":705,"LojaID":301,"CEP":"76804-439","Logradouro":"Av. Governador Jorge Teixeira","Numero":"375","Complemento":"","Bairro":"Nossa Senhora das Gra\\u00e7as","Estado":"RO","Cidade":"Porto Velho","Latitude":-8.766409,"Longitude":-63.884489,"EnderecoCobranca":false}', '[{"LojaID":301,"LojaContatoID":323,"Celular":null,"Email":"gerentevn.hyundaijt@gruposaga.com.br","Fax":null,"Nextel":null,"Telefone":"69 3218-7140","WhatsApp":null,"Nome":"Carla Adriana Lemos de Abreu","EmailRevisao":null,"EmailPosVenda":null,"WhatsAppRevisao":"","TelefoneRevisao":"","TelefonePosVenda":"","ContatoCobranca":false}]', '2021-08-02 16:39:32', '2021-08-02 16:39:32'),
	(313, 'Hyundai REDE - Destaque Bragança Paulista', 'Peças e Serviços', '21.153.772/0001-33', 'Hyundai REDE - Destaque Bragança Paulista', 'Hyundai', '1', 717, '12902-000', 'Avenida dos Imigrantes', '1.227', '', '', 'SP', 'Bragança Paulista', '-22.960093', '-46.544194', 0, '{"LojaEnderecoID":717,"LojaID":313,"CEP":"12902-000","Logradouro":"Avenida dos Imigrantes","Numero":"1.227","Complemento":"","Bairro":"","Estado":"SP","Cidade":"Bragan\\u00e7a Paulista","Latitude":-22.960093,"Longitude":-46.544194,"EnderecoCobranca":false}', '[{"LojaID":313,"LojaContatoID":335,"Celular":null,"Email":"cynthia.modugno@caoamontadora.com.br","Fax":null,"Nextel":null,"Telefone":"","WhatsApp":null,"Nome":"Cynthia Modugno","EmailRevisao":null,"EmailPosVenda":null,"WhatsAppRevisao":"","TelefoneRevisao":"","TelefonePosVenda":"(11) 4481-8080","ContatoCobranca":false}]', '2021-08-02 16:39:32', '2021-08-02 16:39:32'),
	(315, 'Hyundai REDE - Cycosa Maceió - Oficina', 'Peças e Serviços, HYUNDAI MOTOR', '04.757.705/0001-09', 'Hyundai REDE - Cycosa Maceió', 'Hyundai', '1', 719, '57057-450', 'Avenida Durval Goes Monteiro', '2165', '', 'Pinheiros', 'AL', 'Maceió', '-9.567143', '-35.776595', 0, '{"LojaEnderecoID":719,"LojaID":315,"CEP":"57057-450","Logradouro":"Avenida Durval Goes Monteiro","Numero":"2165","Complemento":"","Bairro":"Pinheiros","Estado":"AL","Cidade":"Macei\\u00f3","Latitude":-9.567143,"Longitude":-35.776595,"EnderecoCobranca":false}', '[{"LojaID":315,"LojaContatoID":337,"Celular":null,"Email":"cynthia.modugno@caoamontadora.com.br","Fax":null,"Nextel":null,"Telefone":"82 2126-8888","WhatsApp":null,"Nome":"Cynthia Modugno","EmailRevisao":null,"EmailPosVenda":null,"WhatsAppRevisao":"","TelefoneRevisao":"","TelefonePosVenda":"","ContatoCobranca":false}]', '2021-08-02 16:39:32', '2021-08-02 16:39:32'),
	(331, 'Oficina Bari Joinville', 'Peças e Serviços, HYUNDAI MOTOR', '07.461.763/0003-40', 'Oficina Bari Joinville', 'Oficina ', '32', 735, '89201-010', 'Rua Abdon Batista', '313', '', '', 'SC', 'Joinville', '-26.305414', '-48.841054', 0, '{"LojaEnderecoID":735,"LojaID":331,"CEP":"89201-010","Logradouro":"Rua Abdon Batista","Numero":"313","Complemento":"","Bairro":"","Estado":"SC","Cidade":"Joinville","Latitude":-26.305414,"Longitude":-48.841054,"EnderecoCobranca":false}', '[{"LojaID":331,"LojaContatoID":353,"Celular":null,"Email":"cynthia.modugno@caoamontadora.com.br","Fax":null,"Nextel":null,"Telefone":"","WhatsApp":null,"Nome":"Cynthia Modugno","EmailRevisao":null,"EmailPosVenda":null,"WhatsAppRevisao":"","TelefoneRevisao":"","TelefonePosVenda":"(47) 3033-5100","ContatoCobranca":false}]', '2021-08-02 16:39:33', '2021-08-02 16:39:33'),
	(332, 'Hyundai REDE - Destaque Atibaia', 'Peças e Serviços', '21.153.772/0002-14', 'Hyundai REDE - Destaque Atibaia', 'Hyundai', '1', 736, '12940-130', 'Rua Alfredo André', '815', '', '', 'SP', 'Atibaia', '-23.119901', '-46.556923', 0, '{"LojaEnderecoID":736,"LojaID":332,"CEP":"12940-130","Logradouro":"Rua Alfredo Andr\\u00e9","Numero":"815","Complemento":"","Bairro":"","Estado":"SP","Cidade":"Atibaia","Latitude":-23.119901,"Longitude":-46.556923,"EnderecoCobranca":false}', '[{"LojaID":332,"LojaContatoID":354,"Celular":null,"Email":"cynthia.modugno@caoamontadora.com.br","Fax":null,"Nextel":null,"Telefone":"","WhatsApp":null,"Nome":"Cynthia Modugno","EmailRevisao":null,"EmailPosVenda":null,"WhatsAppRevisao":"","TelefoneRevisao":"","TelefonePosVenda":"(11) 4414-7400","ContatoCobranca":false}]', '2021-08-02 16:39:32', '2021-08-02 16:39:32'),
	(339, 'Hyundai REDE - Prime Vitória', 'Showroom e Peças e Serviços, HYUNDAI MOTOR', '04.717.513/0001-79', 'Hyundai REDE - Prime Vitória', 'Hyundai', '1', 743, '29162-702', 'Rodovia Governador Mário Covas', '55', '', 'Planalto de Carapina', 'ES', 'Serra', '-20.255328', '-40.289361', 0, '{"LojaEnderecoID":743,"LojaID":339,"CEP":"29162-702","Logradouro":"Rodovia Governador M\\u00e1rio Covas","Numero":"55","Complemento":"","Bairro":"Planalto de Carapina","Estado":"ES","Cidade":"Serra","Latitude":-20.255328,"Longitude":-40.289361,"EnderecoCobranca":false}', '[{"LojaID":339,"LojaContatoID":361,"Celular":null,"Email":"gerencia.vix@primehyundai.com.br","Fax":null,"Nextel":null,"Telefone":"27 3203-5000","WhatsApp":null,"Nome":"Delio Nardi","EmailRevisao":null,"EmailPosVenda":null,"WhatsAppRevisao":"","TelefoneRevisao":"","TelefonePosVenda":"","ContatoCobranca":false}]', '2021-08-02 16:39:32', '2021-08-02 16:39:32'),
	(340, 'Hyundai REDE - Zucatelli Manaus', 'Showroom e Peças e Serviços, HYUNDAI MOTOR', '19.469.604/0001-00', 'Hyundai REDE - Zucatelli Manaus', 'Hyundai', '1', 744, '69093-018', 'Avenida Torquato Tapajós', '3330', '', 'Da Paz', 'AM', 'Manaus', '-3.063492', '-60.025212', 0, '{"LojaEnderecoID":744,"LojaID":340,"CEP":"69093-018","Logradouro":"Avenida Torquato Tapaj\\u00f3s","Numero":"3330","Complemento":"","Bairro":"Da Paz","Estado":"AM","Cidade":"Manaus","Latitude":-3.063492,"Longitude":-60.025212,"EnderecoCobranca":false}', '[{"LojaID":340,"LojaContatoID":362,"Celular":null,"Email":"comercial1.manaus@zucatelli.com.br","Fax":null,"Nextel":null,"Telefone":"92 3228-2160","WhatsApp":null,"Nome":"Edilson Brasil","EmailRevisao":null,"EmailPosVenda":null,"WhatsAppRevisao":"","TelefoneRevisao":"","TelefonePosVenda":"","ContatoCobranca":false}]', '2021-08-02 16:39:32', '2021-08-02 16:39:32'),
	(341, 'Hyundai REDE - Chiapetti Cascavel', 'Showroom e Peças e Serviços, HYUNDAI MOTOR', '08.947.232/0001-63', 'Hyundai REDE - Chiapetti Cascavel', 'Hyundai', '1', 745, '85816-302', 'Av. Brasil', '1,809', '', '', 'CE', 'Cascavel', '-24.9543', '-53.419937', 0, '{"LojaEnderecoID":745,"LojaID":341,"CEP":"85816-302","Logradouro":"Av. Brasil","Numero":"1,809","Complemento":"","Bairro":"","Estado":"CE","Cidade":"Cascavel","Latitude":-24.9543,"Longitude":-53.419937,"EnderecoCobranca":false}', '[{"LojaID":341,"LojaContatoID":363,"Celular":null,"Email":"eduardochiapetti@hotmail.com","Fax":null,"Nextel":null,"Telefone":"45 3229-8450","WhatsApp":null,"Nome":"Eduardo Chiapetti","EmailRevisao":null,"EmailPosVenda":null,"WhatsAppRevisao":"","TelefoneRevisao":"","TelefonePosVenda":"","ContatoCobranca":false}]', '2021-08-02 16:39:32', '2021-08-02 16:39:32'),
	(342, 'Hyundai CAOA Ibirapuera', 'Showroom, CAOA E HYUNDAI MOTOR', '03.518.732/0001-66', 'Hyundai CAOA - Ibirapuera', 'Hyundai', '1', 746, '04028-002', 'Avenida Ibirapuera', '2822', '', 'Moema', 'SP', 'São Paulo', '-23.607867', '-46.666421', 1, '{"LojaEnderecoID":746,"LojaID":342,"CEP":"04028-002","Logradouro":"Avenida Ibirapuera","Numero":"2822","Complemento":"","Bairro":"Moema","Estado":"SP","Cidade":"S\\u00e3o Paulo","Latitude":-23.607867,"Longitude":-46.666421,"EnderecoCobranca":true}', '[{"LojaID":342,"LojaContatoID":364,"Celular":"","Email":"eduardo.lima@caoa.com.br","Fax":"","Nextel":"","Telefone":"11 5538-1221","WhatsApp":"","Nome":"Eduardo Lima","EmailRevisao":null,"EmailPosVenda":null,"WhatsAppRevisao":"","TelefoneRevisao":"","TelefonePosVenda":"","ContatoCobranca":false},{"LojaID":342,"LojaContatoID":491,"Celular":"11 94021-3349","Email":"rose.silvino@caoa.com.br","Fax":"","Nextel":"","Telefone":"11 5538-1113","WhatsApp":"","Nome":"Rose Silvino","EmailRevisao":null,"EmailPosVenda":null,"WhatsAppRevisao":"","TelefoneRevisao":"","TelefonePosVenda":"","ContatoCobranca":false}]', '2021-08-02 16:39:32', '2021-08-02 16:39:32'),
	(345, 'Hyundai REDE - Saga Porto Velho - Oficina', 'Peças e Serviços, HYUNDAI MOTOR', '21.428.039/0001-84', 'Hyundai REDE - Saga Porto Velho', 'Hyundai', '1', 749, '76811-760', 'Rua da Beira', '7300', '', '', 'RO', 'Porto Velho', '-8.737208', '-63.894951', 0, '{"LojaEnderecoID":749,"LojaID":345,"CEP":"76811-760","Logradouro":"Rua da Beira","Numero":"7300","Complemento":"","Bairro":"","Estado":"RO","Cidade":"Porto Velho","Latitude":-8.737208,"Longitude":-63.894951,"EnderecoCobranca":false}', '[{"LojaID":345,"LojaContatoID":367,"Celular":null,"Email":"vnhipvh@saganet.com.br.old","Fax":null,"Nextel":null,"Telefone":"69 3219-7050","WhatsApp":null,"Nome":"Ericson Santos1","EmailRevisao":null,"EmailPosVenda":null,"WhatsAppRevisao":"","TelefoneRevisao":"","TelefonePosVenda":"","ContatoCobranca":false}]', '2021-08-02 16:39:32', '2021-08-02 16:39:32'),
	(346, 'Hyundai REDE - Andreta - Jundiaí', 'Showroom e Peças e Serviços, HYUNDAI MOTOR', '08.851.019/0001-53', 'Hyundai REDE - Andreta - Jundiaí', 'Hyundai', '1', 750, '13206-105', 'Av. 14 de Dezembro', '1,515', '', 'Vila Rami', 'SP', 'Jundiaí', '-23.210762', '-46.874893', 0, '{"LojaEnderecoID":750,"LojaID":346,"CEP":"13206-105","Logradouro":"Av. 14 de Dezembro","Numero":"1,515","Complemento":"","Bairro":"Vila Rami","Estado":"SP","Cidade":"Jundia\\u00ed","Latitude":-23.210762,"Longitude":-46.874893,"EnderecoCobranca":false}', '[{"LojaID":346,"LojaContatoID":368,"Celular":null,"Email":"atendimento.leads01@grupoandreta.com.br","Fax":null,"Nextel":null,"Telefone":"11 4588-4141","WhatsApp":null,"Nome":"Erique Andrea\\u00e7a","EmailRevisao":null,"EmailPosVenda":null,"WhatsAppRevisao":"","TelefoneRevisao":"","TelefonePosVenda":"","ContatoCobranca":false}]', '2021-08-02 16:39:32', '2021-08-02 16:39:32'),
	(347, 'Hyundai REDE - Sevel Veículos', 'Showroom, HYUNDAI MOTOR', '10.678.412/0002-10', 'Hyundai REDE - Sevel Veículos', 'Hyundai', '1', 751, '49035-810', 'R. Vereador Joaquim Mauricio Cardoso Filho', '303A', '', 'Coroa de Meio', 'SE', 'Aracaju', '-10.972422', '-37.038005', 0, '{"LojaEnderecoID":751,"LojaID":347,"CEP":"49035-810","Logradouro":"R. Vereador Joaquim Mauricio Cardoso Filho","Numero":"303A","Complemento":"","Bairro":"Coroa de Meio","Estado":"SE","Cidade":"Aracaju","Latitude":-10.972422,"Longitude":-37.038005,"EnderecoCobranca":false}', '[{"LojaID":347,"LojaContatoID":369,"Celular":null,"Email":"fabio.cardoso@sevelveiculos.com.br","Fax":null,"Nextel":null,"Telefone":"79 3194-1350","WhatsApp":null,"Nome":"Fabio Cardoso","EmailRevisao":null,"EmailPosVenda":null,"WhatsAppRevisao":"","TelefoneRevisao":"","TelefonePosVenda":"","ContatoCobranca":false}]', '2021-08-02 16:39:32', '2021-08-02 16:39:32'),
	(349, 'Hyundai REDE - Abrao Reze - Sorocaba', 'Showroom e Peças e Serviços, HYUNDAI MOTOR', '08.416.421/0001-00', 'Hyundai REDE - Abrao Reze - Sorocaba', 'Hyundai', '1', 753, '18043-004', 'Av. General Carneiro', '1,513', '', '', 'SP', 'Sorocaba', '-23.505957', '-47.482151', 0, '{"LojaEnderecoID":753,"LojaID":349,"CEP":"18043-004","Logradouro":"Av. General Carneiro","Numero":"1,513","Complemento":"","Bairro":"","Estado":"SP","Cidade":"Sorocaba","Latitude":-23.505957,"Longitude":-47.482151,"EnderecoCobranca":false}', '[{"LojaID":349,"LojaContatoID":371,"Celular":null,"Email":"fabio.berger@abraoreze.com.br","Fax":null,"Nextel":null,"Telefone":"15 3212-9000","WhatsApp":null,"Nome":"Fabio Silva Beger","EmailRevisao":null,"EmailPosVenda":null,"WhatsAppRevisao":"","TelefoneRevisao":"","TelefonePosVenda":"","ContatoCobranca":false}]', '2021-08-02 16:39:32', '2021-08-02 16:39:32'),
	(356, 'Subaru CAOA - Campinas - Oficina', 'oficina, SUBARU', '00.944.145/0028-60', 'Oficina Subaru CAOA - Campinas', 'Subaru', '3', 760, '13075-250', 'Rua Primeiro de Março', '380', '', '', 'SP', 'Campinas', '-22.885392', '-47.061037', 0, '{"LojaEnderecoID":760,"LojaID":356,"CEP":"13075-250","Logradouro":"Rua Primeiro de Mar\\u00e7o","Numero":"380","Complemento":"","Bairro":"","Estado":"SP","Cidade":"Campinas","Latitude":-22.885392,"Longitude":-47.061037,"EnderecoCobranca":false}', '[{"LojaID":356,"LojaContatoID":378,"Celular":"","Email":"felipe.mendonca@caoamontadora.com.br","Fax":"","Nextel":"","Telefone":"19 3741-7113","WhatsApp":"","Nome":"Felipe Mendon\\u00e7a","EmailRevisao":"","EmailPosVenda":"agendamento.subarucampinas@caoa.com.br","WhatsAppRevisao":"19 99680-8430","TelefoneRevisao":"19 37417-107_","TelefonePosVenda":"19 3741-7107","ContatoCobranca":false}]', '2021-08-02 16:39:32', '2021-08-02 16:39:32'),
	(357, 'Hyundai REDE - Move Divinópolis', 'Peças e Serviços, HYUNDAI MOTOR', '28.167.248/0001-60', 'Hyundai REDE - Move Divinópolis', 'Hyundai', '1', 761, '35500-132', 'Rua servidor Municipal', '260', '', '', 'MG', 'Divinópolis', '-20.145126', '-44.891645', 0, '{"LojaEnderecoID":761,"LojaID":357,"CEP":"35500-132","Logradouro":"Rua servidor Municipal","Numero":"260","Complemento":"","Bairro":"","Estado":"MG","Cidade":"Divin\\u00f3polis","Latitude":-20.145126,"Longitude":-44.891645,"EnderecoCobranca":false}', '[{"LojaID":357,"LojaContatoID":379,"Celular":null,"Email":"felipe.mendonca@caoamontadora.com.br","Fax":null,"Nextel":null,"Telefone":"","WhatsApp":null,"Nome":"Felipe Mendon\\u00e7a","EmailRevisao":null,"EmailPosVenda":null,"WhatsAppRevisao":"","TelefoneRevisao":"","TelefonePosVenda":"(37) 3213-1000","ContatoCobranca":false}]', '2021-08-02 16:39:32', '2021-08-02 16:39:32'),
	(359, 'Hyundai REDE - Bari Jaraguá do Sul', 'Showroom e Peças e Serviços, HYUNDAI MOTOR', '22.303.462/0002-00', 'Hyundai REDE - Bari Jaraguá do Sul', 'Hyundai', '1', 763, '89255-000', 'R. Jorge Czerniewicz', '12', '', 'Czerniewicz', 'SC', 'Jaraguá do Sul', '-26.479252', '-49.080675', 0, '{"LojaEnderecoID":763,"LojaID":359,"CEP":"89255-000","Logradouro":"R. Jorge Czerniewicz","Numero":"12","Complemento":"","Bairro":"Czerniewicz","Estado":"SC","Cidade":"Jaragu\\u00e1 do Sul","Latitude":-26.479252,"Longitude":-49.080675,"EnderecoCobranca":false}', '[{"LojaID":359,"LojaContatoID":380,"Celular":"47 99978-5150","Email":"joao.thiago@hyundaibari.com.br","Fax":"","Nextel":"","Telefone":"47 3084-8519","WhatsApp":"47 99978-5150","Nome":"Jo\\u00e3o Thiago dos Santos","EmailRevisao":null,"EmailPosVenda":null,"WhatsAppRevisao":"47 98435-4592","TelefoneRevisao":"","TelefonePosVenda":"","ContatoCobranca":false}]', '2021-08-02 16:39:32', '2021-08-02 16:39:32'),
	(361, 'Hyundai REDE - Urca Uberlândia', 'Showroom, HYUNDAI MOTOR', '17.393.799/0001-26', 'Hyundai REDE - Urca Uberlândia', 'Hyundai', '1', 765, '38408-404', 'Av. dos Vinhedos,', '300', 'Loja C', 'Morada da Colina', 'MG', 'Uberlândia', '-18.9514663', '-48.2789524', 1, '{"LojaEnderecoID":765,"LojaID":361,"CEP":"38408-404","Logradouro":"Av. dos Vinhedos,","Numero":"300","Complemento":"Loja C","Bairro":"Morada da Colina","Estado":"MG","Cidade":"Uberl\\u00e2ndia","Latitude":-18.9514663,"Longitude":-48.2789524,"EnderecoCobranca":true}', '[{"LojaID":361,"LojaContatoID":382,"Celular":null,"Email":"jose.rezende@urcamotors.com.br","Fax":null,"Nextel":null,"Telefone":"34 3291-0600","WhatsApp":null,"Nome":"Jos\\u00e9 Eustaquio Ribeiro de Rezende","EmailRevisao":null,"EmailPosVenda":null,"WhatsAppRevisao":"","TelefoneRevisao":"","TelefonePosVenda":"","ContatoCobranca":false}]', '2021-08-02 16:39:32', '2021-08-02 16:39:32'),
	(362, 'Hyundai REDE - Urca Uberaba', 'Showroom, HYUNDAI MOTOR', '17.393.799/0002-07', 'Hyundai REDE - Urca Uberaba', 'Hyundai', '1', 766, '38020-333', 'Av. Santa Beatriz da Silva', '823', '', 'São Benedito', 'MG', 'Uberaba', '-19.761389', '-47.94977', 0, '{"LojaEnderecoID":766,"LojaID":362,"CEP":"38020-333","Logradouro":"Av. Santa Beatriz da Silva","Numero":"823","Complemento":"","Bairro":"S\\u00e3o Benedito","Estado":"MG","Cidade":"Uberaba","Latitude":-19.761389,"Longitude":-47.94977,"EnderecoCobranca":false}', '[{"LojaID":362,"LojaContatoID":383,"Celular":null,"Email":"jose.rezende@urcamotors.com.br","Fax":null,"Nextel":null,"Telefone":"34 3319-0900","WhatsApp":null,"Nome":"Jos\\u00e9 Eustaquio Ribeiro de Rezende","EmailRevisao":null,"EmailPosVenda":null,"WhatsAppRevisao":"","TelefoneRevisao":"","TelefonePosVenda":"","ContatoCobranca":false}]', '2021-08-02 16:39:32', '2021-08-02 16:39:32'),
	(363, 'Hyundai REDE - Cycosa Maceió', 'Showroom, HYUNDAI MOTOR', '19.915.700/0001-34', 'Hyundai REDE - Cycosa Maceió', 'Hyundai', '1', 767, '57057-450', 'Av. Fernandes Lima', '2165', '', 'Pinheiros', 'AL', 'Maceió', '-9.619073', '-35.739057', 0, '{"LojaEnderecoID":767,"LojaID":363,"CEP":"57057-450","Logradouro":"Av. Fernandes Lima","Numero":"2165","Complemento":"","Bairro":"Pinheiros","Estado":"AL","Cidade":"Macei\\u00f3","Latitude":-9.619073,"Longitude":-35.739057,"EnderecoCobranca":false}', '[{"LojaID":363,"LojaContatoID":384,"Celular":null,"Email":"julio.mcz@hotmail.com","Fax":null,"Nextel":null,"Telefone":"82 3026-7878","WhatsApp":null,"Nome":"Julio Silveira","EmailRevisao":null,"EmailPosVenda":null,"WhatsAppRevisao":"","TelefoneRevisao":"","TelefonePosVenda":"","ContatoCobranca":false}]', '2021-08-02 16:39:32', '2021-08-02 16:39:32'),
	(365, 'Oficina Auto Center Paraense', 'Peças e Serviços, HYUNDAI MOTOR', '11.799.773/0001-04', 'Oficina Auto Center Paraense', 'Oficina ', '32', 769, '68908-310', 'Avenida Sergipe', '557', '', 'Pacoval', 'AP', 'Macapá', '0.0597695', '-51.0602878', 0, '{"LojaEnderecoID":769,"LojaID":365,"CEP":"68908-310","Logradouro":"Avenida Sergipe","Numero":"557","Complemento":"","Bairro":"Pacoval","Estado":"AP","Cidade":"Macap\\u00e1","Latitude":0.0597695,"Longitude":-51.0602878,"EnderecoCobranca":false}', '[{"LojaID":365,"LojaContatoID":386,"Celular":null,"Email":"kelly.pires@caoa.com.br","Fax":null,"Nextel":null,"Telefone":"","WhatsApp":null,"Nome":"Kelly Pires","EmailRevisao":null,"EmailPosVenda":null,"WhatsAppRevisao":"","TelefoneRevisao":"","TelefonePosVenda":"(96) 3223-5499","ContatoCobranca":false}]', '2021-08-02 16:39:33', '2021-08-02 16:39:33'),
	(366, 'Oficina Urca Itumbiara', 'Peças e Serviços, HYUNDAI MOTOR', '08.770.868/0010-73', 'Oficina Urca Itumbiara', 'Oficina ', '32', 770, '75503-050', 'R. Benjamin Constant', '478', '', '', 'GO', 'Itumbiara', '-18.416881', '-49.219482', 0, '{"LojaEnderecoID":770,"LojaID":366,"CEP":"75503-050","Logradouro":"R. Benjamin Constant","Numero":"478","Complemento":"","Bairro":"","Estado":"GO","Cidade":"Itumbiara","Latitude":-18.416881,"Longitude":-49.219482,"EnderecoCobranca":false}', '[{"LojaID":366,"LojaContatoID":387,"Celular":null,"Email":"kelly.pires@caoa.com.br","Fax":null,"Nextel":null,"Telefone":"","WhatsApp":null,"Nome":"Kelly Pires","EmailRevisao":null,"EmailPosVenda":null,"WhatsAppRevisao":"","TelefoneRevisao":"","TelefonePosVenda":"(64) 3404-1222","ContatoCobranca":false}]', '2021-08-02 16:39:33', '2021-08-02 16:39:33'),
	(367, 'Oficina Cometa - Rondonopolis', 'Peças e Serviços, HYUNDAI MOTOR', '15.355.506/0002-71', 'Oficina Cometa - Rondonopolis', 'Oficina ', '32', 771, '78710-160', 'R. Dom Bosco', '49', '', '', 'MT', 'Rondonópolis', '-16.47654', '-54.653321', 0, '{"LojaEnderecoID":771,"LojaID":367,"CEP":"78710-160","Logradouro":"R. Dom Bosco","Numero":"49","Complemento":"","Bairro":"","Estado":"MT","Cidade":"Rondon\\u00f3polis","Latitude":-16.47654,"Longitude":-54.653321,"EnderecoCobranca":false}', '[{"LojaID":367,"LojaContatoID":388,"Celular":null,"Email":"kelly.pires@caoa.com.br","Fax":null,"Nextel":null,"Telefone":"","WhatsApp":null,"Nome":"Kelly Pires","EmailRevisao":null,"EmailPosVenda":null,"WhatsAppRevisao":"","TelefoneRevisao":"","TelefonePosVenda":"(66) 3423-2000","ContatoCobranca":false}]', '2021-08-02 16:39:33', '2021-08-02 16:39:33'),
	(368, 'Oficina Urca Rio Verde', 'Peças e Serviços, HYUNDAI MOTOR', '08.770.868/0009-30', 'Oficina Urca Rio Verde', 'Oficina ', '32', 772, '75905-701', 'R. Marcha para o Oeste', '1345', '', '', 'GO', 'Rio Verde', '-17.797024', '-50.915368', 0, '{"LojaEnderecoID":772,"LojaID":368,"CEP":"75905-701","Logradouro":"R. Marcha para o Oeste","Numero":"1345","Complemento":"","Bairro":"","Estado":"GO","Cidade":"Rio Verde","Latitude":-17.797024,"Longitude":-50.915368,"EnderecoCobranca":false}', '[{"LojaID":368,"LojaContatoID":389,"Celular":null,"Email":"kelly.pires@caoa.com.br","Fax":null,"Nextel":null,"Telefone":"","WhatsApp":null,"Nome":"Kelly Pires","EmailRevisao":null,"EmailPosVenda":null,"WhatsAppRevisao":"","TelefoneRevisao":"","TelefonePosVenda":"(64) 3621-1025","ContatoCobranca":false}]', '2021-08-02 16:39:33', '2021-08-02 16:39:33'),
	(369, 'Hyundai REDE - Mazam Sete Lagoas', 'Showroom, HYUNDAI MOTOR', '12.083.659/0001-38', 'Hyundai REDE - Mazam Sete Lagoas', 'Hyundai', '1', 773, '35702-383', 'Av. Prefeito Alberto Moura', '21500', '', '', 'MG', 'Sete Lagoas', '-19.47342', '-44.269808', 0, '{"LojaEnderecoID":773,"LojaID":369,"CEP":"35702-383","Logradouro":"Av. Prefeito Alberto Moura","Numero":"21500","Complemento":"","Bairro":"","Estado":"MG","Cidade":"Sete Lagoas","Latitude":-19.47342,"Longitude":-44.269808,"EnderecoCobranca":false}', '[{"LojaID":369,"LojaContatoID":390,"Celular":null,"Email":"vendas01@mazammotors.com.br","Fax":null,"Nextel":null,"Telefone":"31 3776-6099","WhatsApp":null,"Nome":"Leandro Amaral","EmailRevisao":null,"EmailPosVenda":null,"WhatsAppRevisao":"","TelefoneRevisao":"","TelefonePosVenda":"","ContatoCobranca":false}]', '2021-08-02 16:39:32', '2021-08-02 16:39:32'),
	(370, 'Hyundai REDE - URCA Itumbiara', 'Showroom, HYUNDAI MOTOR', '17.393.799/0005-50', 'Hyundai REDE - URCA Itumbiara', 'Hyundai', '1', 774, '75563-100', 'Av. Modesto de Carvalho', '1.999', '', 'Setor Santos Dumont', 'GO', 'Itumbiara', '-18.409436', '-49.25293', 0, '{"LojaEnderecoID":774,"LojaID":370,"CEP":"75563-100","Logradouro":"Av. Modesto de Carvalho","Numero":"1.999","Complemento":"","Bairro":"Setor Santos Dumont","Estado":"GO","Cidade":"Itumbiara","Latitude":-18.409436,"Longitude":-49.25293,"EnderecoCobranca":false}', '[{"LojaID":370,"LojaContatoID":391,"Celular":null,"Email":"leonidas.junior@urcamotors.com.br","Fax":null,"Nextel":null,"Telefone":"64 3433-7100","WhatsApp":null,"Nome":"Leonidas Junior","EmailRevisao":null,"EmailPosVenda":null,"WhatsAppRevisao":"","TelefoneRevisao":"","TelefonePosVenda":"","ContatoCobranca":false}]', '2021-08-02 16:39:32', '2021-08-02 16:39:32'),
	(371, 'Hyundai REDE - Soliva Guaratingueta', 'Showroom e Peças e Serviços, HYUNDAI MOTOR', '04.829.819/0002-06', 'Hyundai REDE - Soliva Guaratingueta', 'Hyundai', '1', 775, '12505-300', 'Av. Juscelino Kubitschek de Oliveira', '1138', '', 'Campo do Galvão', 'SP', 'Guaratinguetá', '-22.815772', '-45.202083', 0, '{"LojaEnderecoID":775,"LojaID":371,"CEP":"12505-300","Logradouro":"Av. Juscelino Kubitschek de Oliveira","Numero":"1138","Complemento":"","Bairro":"Campo do Galv\\u00e3o","Estado":"SP","Cidade":"Guaratinguet\\u00e1","Latitude":-22.815772,"Longitude":-45.202083,"EnderecoCobranca":false}', '[{"LojaID":371,"LojaContatoID":392,"Celular":null,"Email":"luciene@solivamotors.com.br","Fax":null,"Nextel":null,"Telefone":"12 3122-1468","WhatsApp":null,"Nome":"Luciene dos Santos Correia de Aquino","EmailRevisao":null,"EmailPosVenda":null,"WhatsAppRevisao":"","TelefoneRevisao":"","TelefonePosVenda":"","ContatoCobranca":false}]', '2021-08-02 16:39:32', '2021-08-02 16:39:32'),
	(372, 'Hyundai REDE - Sperandio Concordia', 'Showroom e Peças e Serviços, HYUNDAI MOTOR', '17.305.047/0002-47', 'Hyundai REDE - Sperandio Concordia', 'Hyundai', '1', 776, '89700-000', 'Rua Tancredo de Almeida Neves', '1,477', '', 'Parque de Exposição', 'SC', 'Concórdia', '-27.227747', '-52.005278', 0, '{"LojaEnderecoID":776,"LojaID":372,"CEP":"89700-000","Logradouro":"Rua Tancredo de Almeida Neves","Numero":"1,477","Complemento":"","Bairro":"Parque de Exposi\\u00e7\\u00e3o","Estado":"SC","Cidade":"Conc\\u00f3rdia","Latitude":-27.227747,"Longitude":-52.005278,"EnderecoCobranca":false}', '[{"LojaID":372,"LojaContatoID":393,"Celular":null,"Email":"assvendas@mvmsperandio.com.br","Fax":null,"Nextel":null,"Telefone":"49 3425-2520","WhatsApp":null,"Nome":"Malu Maria Miotto","EmailRevisao":null,"EmailPosVenda":null,"WhatsAppRevisao":"","TelefoneRevisao":"","TelefonePosVenda":"","ContatoCobranca":false}]', '2021-08-02 16:39:32', '2021-08-02 16:39:32'),
	(373, 'Hyundai REDE - Urca Rio Verde', 'Showroom, HYUNDAI MOTOR', '17.393.799/0004-79', 'Hyundai REDE - Urca Rio Verde', 'Hyundai', '1', 777, '75901-290', 'R. Rafael Nascimento', '70', 'Quadra 1 Lote 2', 'Setor Central', 'GO', 'Rio Verde', '-17.799404', '-50.931929', 0, '{"LojaEnderecoID":777,"LojaID":373,"CEP":"75901-290","Logradouro":"R. Rafael Nascimento","Numero":"70","Complemento":"Quadra 1 Lote 2","Bairro":"Setor Central","Estado":"GO","Cidade":"Rio Verde","Latitude":-17.799404,"Longitude":-50.931929,"EnderecoCobranca":false}', '[{"LojaID":373,"LojaContatoID":394,"Celular":null,"Email":"marcelo.junior@urcamotors.com.br","Fax":null,"Nextel":null,"Telefone":"64 3051-5700","WhatsApp":null,"Nome":"Marcelo Junior","EmailRevisao":null,"EmailPosVenda":null,"WhatsAppRevisao":"","TelefoneRevisao":"","TelefonePosVenda":"","ContatoCobranca":false}]', '2021-08-02 16:39:32', '2021-08-02 16:39:32'),
	(374, 'Oficina Toksu Juiz de Fora', 'Peças e Serviços, HYUNDAI MOTOR', '11.208.302/0002-57', 'Oficina Toksu Juiz de Fora', 'Oficina ', '32', 778, '36080-060', 'Av. Brasil', '5991', '', '', 'MG', 'Juiz de Fora', '-21.742461', '-43.367758', 0, '{"LojaEnderecoID":778,"LojaID":374,"CEP":"36080-060","Logradouro":"Av. Brasil","Numero":"5991","Complemento":"","Bairro":"","Estado":"MG","Cidade":"Juiz de Fora","Latitude":-21.742461,"Longitude":-43.367758,"EnderecoCobranca":false}', '[{"LojaID":374,"LojaContatoID":395,"Celular":null,"Email":"mariana.santos@caoa.com.br","Fax":null,"Nextel":null,"Telefone":"","WhatsApp":null,"Nome":"Mariana Santos","EmailRevisao":null,"EmailPosVenda":null,"WhatsAppRevisao":"","TelefoneRevisao":"","TelefonePosVenda":"(32) 2102-2800","ContatoCobranca":false}]', '2021-08-02 16:39:33', '2021-08-02 16:39:33'),
	(375, 'Oficina Toksu Barbacena', 'Peças e Serviços, HYUNDAI MOTOR', '11.208.302/0001-76', 'Oficina Toksu Barbacena', 'Oficina ', '32', 779, '36204-168', 'Av. Governador Bias Fortes', '1434', '', '', 'MG', 'Barbacena', '-21.213603', '-43.753544', 0, '{"LojaEnderecoID":779,"LojaID":375,"CEP":"36204-168","Logradouro":"Av. Governador Bias Fortes","Numero":"1434","Complemento":"","Bairro":"","Estado":"MG","Cidade":"Barbacena","Latitude":-21.213603,"Longitude":-43.753544,"EnderecoCobranca":false}', '[{"LojaID":375,"LojaContatoID":396,"Celular":null,"Email":"mariana.santos@caoa.com.br","Fax":null,"Nextel":null,"Telefone":"","WhatsApp":null,"Nome":"Mariana Santos","EmailRevisao":null,"EmailPosVenda":null,"WhatsAppRevisao":"","TelefoneRevisao":"","TelefonePosVenda":"(32) 3339-6300","ContatoCobranca":false}]', '2021-08-02 16:39:33', '2021-08-02 16:39:33'),
	(376, 'Oficina Urca Uberaba', 'Peças e Serviços, HYUNDAI MOTOR', '08.770.868/0002-63', 'Oficina Urca Uberaba', 'Oficina ', '32', 780, '38022-200', 'Av. Guilherme Ferreira', '2522', '', '', 'MG', 'Uberaba', '-19.770671', '-47.941044', 0, '{"LojaEnderecoID":780,"LojaID":376,"CEP":"38022-200","Logradouro":"Av. Guilherme Ferreira","Numero":"2522","Complemento":"","Bairro":"","Estado":"MG","Cidade":"Uberaba","Latitude":-19.770671,"Longitude":-47.941044,"EnderecoCobranca":false}', '[{"LojaID":376,"LojaContatoID":397,"Celular":null,"Email":"mariana.santos@caoa.com.br","Fax":null,"Nextel":null,"Telefone":"","WhatsApp":null,"Nome":"Mariana Santos","EmailRevisao":null,"EmailPosVenda":null,"WhatsAppRevisao":"","TelefoneRevisao":"","TelefonePosVenda":"(34) 3331-2100","ContatoCobranca":false}]', '2021-08-02 16:39:33', '2021-08-02 16:39:33'),
	(377, 'Oficina Urca Uberlândia', 'Peças e Serviços, HYUNDAI MOTOR', '08.770.868/0001-82', 'Oficina Urca Uberlândia', 'Oficina ', '32', 781, '38408-288', 'Av. João Naves de Ávila', '4205', '', '', 'MG', 'Uberlândia', '-18.927781', '-48.250003', 0, '{"LojaEnderecoID":781,"LojaID":377,"CEP":"38408-288","Logradouro":"Av. Jo\\u00e3o Naves de \\u00c1vila","Numero":"4205","Complemento":"","Bairro":"","Estado":"MG","Cidade":"Uberl\\u00e2ndia","Latitude":-18.927781,"Longitude":-48.250003,"EnderecoCobranca":false}', '[{"LojaID":377,"LojaContatoID":398,"Celular":null,"Email":"mariana.santos@caoa.com.br","Fax":null,"Nextel":null,"Telefone":"","WhatsApp":null,"Nome":"Mariana Santos","EmailRevisao":null,"EmailPosVenda":null,"WhatsAppRevisao":"","TelefoneRevisao":"","TelefonePosVenda":"(34) 3291-2900","ContatoCobranca":false}]', '2021-08-02 16:39:33', '2021-08-02 16:39:33'),
	(378, 'Oficina Andreta Americana', 'Peças e Serviços, HYUNDAI MOTOR', '09.103.835/0003-03', 'Oficina Andreta Americana', 'Oficina ', '32', 782, '13478-540', 'Av. Nossa Senhora de Fatima', '2479', '', '', 'SP', 'Americana', '-22.747268', '-47.305058', 0, '{"LojaEnderecoID":782,"LojaID":378,"CEP":"13478-540","Logradouro":"Av. Nossa Senhora de Fatima","Numero":"2479","Complemento":"","Bairro":"","Estado":"SP","Cidade":"Americana","Latitude":-22.747268,"Longitude":-47.305058,"EnderecoCobranca":false}', '[{"LojaID":378,"LojaContatoID":399,"Celular":null,"Email":"mariana.santos@caoa.com.br","Fax":null,"Nextel":null,"Telefone":"","WhatsApp":null,"Nome":"Mariana Santos","EmailRevisao":null,"EmailPosVenda":null,"WhatsAppRevisao":"","TelefoneRevisao":"","TelefonePosVenda":"(19) 3478-8120","ContatoCobranca":false}]', '2021-08-02 16:39:33', '2021-08-02 16:39:33'),
	(379, 'Oficina Gala Pelotas', 'Peças e Serviços, HYUNDAI MOTOR', '17.739.218/0001-65', 'Oficina Gala Pelotas', 'Oficina ', '32', 783, '96055-740', 'Av. Senador Salgado Filho', '260', '', '', 'RS', 'Pelotas', '-31.735802', '-52.329691', 0, '{"LojaEnderecoID":783,"LojaID":379,"CEP":"96055-740","Logradouro":"Av. Senador Salgado Filho","Numero":"260","Complemento":"","Bairro":"","Estado":"RS","Cidade":"Pelotas","Latitude":-31.735802,"Longitude":-52.329691,"EnderecoCobranca":false}', '[{"LojaID":379,"LojaContatoID":400,"Celular":null,"Email":"mariana.santos@caoa.com.br","Fax":null,"Nextel":null,"Telefone":"","WhatsApp":null,"Nome":"Mariana Santos","EmailRevisao":null,"EmailPosVenda":null,"WhatsAppRevisao":"","TelefoneRevisao":"","TelefonePosVenda":"(53) 3026-7000","ContatoCobranca":false}]', '2021-08-02 16:39:33', '2021-08-02 16:39:33'),
	(381, 'Oficina Lovat Maringá', 'Peças e Serviços, HYUNDAI MOTOR', '08.570.849/0002-93', 'Oficina Lovat Maringá', 'Oficina ', '32', 785, '87030-120', 'Avenida Colombo', '4244', '', '', 'PR', 'Maringá', '-23.412344', '-51.943106', 0, '{"LojaEnderecoID":785,"LojaID":381,"CEP":"87030-120","Logradouro":"Avenida Colombo","Numero":"4244","Complemento":"","Bairro":"","Estado":"PR","Cidade":"Maring\\u00e1","Latitude":-23.412344,"Longitude":-51.943106,"EnderecoCobranca":false}', '[{"LojaID":381,"LojaContatoID":402,"Celular":null,"Email":"mariana.santos@caoa.com.br","Fax":null,"Nextel":null,"Telefone":"","WhatsApp":null,"Nome":"Mariana Santos","EmailRevisao":null,"EmailPosVenda":null,"WhatsAppRevisao":"","TelefoneRevisao":"","TelefonePosVenda":"(44) 3026-2526","ContatoCobranca":false}]', '2021-08-02 16:39:33', '2021-08-02 16:39:33'),
	(382, 'Oficina Rede Bari Ponta Grossa', 'Peças e Serviços, HYUNDAI MOTOR', '07.461.763/0006-93', 'Oficina Rede Bari Ponta Grossa', 'Oficina ', '32', 786, '84053-000', 'Avenida Dom Pedro II', '270', '', '', 'PR', 'Ponta Grossa', '-25.085696', '-50.177823', 0, '{"LojaEnderecoID":786,"LojaID":382,"CEP":"84053-000","Logradouro":"Avenida Dom Pedro II","Numero":"270","Complemento":"","Bairro":"","Estado":"PR","Cidade":"Ponta Grossa","Latitude":-25.085696,"Longitude":-50.177823,"EnderecoCobranca":false}', '[{"LojaID":382,"LojaContatoID":403,"Celular":null,"Email":"mariana.santos@caoa.com.br","Fax":null,"Nextel":null,"Telefone":"","WhatsApp":null,"Nome":"Mariana Santos","EmailRevisao":null,"EmailPosVenda":null,"WhatsAppRevisao":"","TelefoneRevisao":"","TelefonePosVenda":"(42) 3229-2928","ContatoCobranca":false}]', '2021-08-02 16:39:33', '2021-08-02 16:39:33'),
	(383, 'Oficina Bari Itajaí', 'Peças e Serviços, HYUNDAI MOTOR', '07.461.763/0002-60', 'Oficina Bari Itajaí', 'Oficina ', '32', 787, '88304-000', 'Avenida Irineu Bornhausen', '1800', '', '', 'SC', 'Itajaí', '-26.902011', '-48.667975', 0, '{"LojaEnderecoID":787,"LojaID":383,"CEP":"88304-000","Logradouro":"Avenida Irineu Bornhausen","Numero":"1800","Complemento":"","Bairro":"","Estado":"SC","Cidade":"Itaja\\u00ed","Latitude":-26.902011,"Longitude":-48.667975,"EnderecoCobranca":false}', '[{"LojaID":383,"LojaContatoID":404,"Celular":null,"Email":"mariana.santos@caoa.com.br","Fax":null,"Nextel":null,"Telefone":"","WhatsApp":null,"Nome":"Mariana Santos","EmailRevisao":null,"EmailPosVenda":null,"WhatsAppRevisao":"","TelefoneRevisao":"","TelefonePosVenda":"(47) 3045-9898","ContatoCobranca":false}]', '2021-08-02 16:39:33', '2021-08-02 16:39:33'),
	(384, 'Oficina Prime Cachoeiro', 'Peças e Serviços, HYUNDAI MOTOR', '09.344.988/0001-80', 'Oficina Prime Cachoeiro', 'Oficina ', '32', 788, '29317-424', 'Avenida Jones dos Santos Neves', '272', '', '', 'ES', 'Cachoeiro de Itapemirim', '-18.747256', '-40.889091', 0, '{"LojaEnderecoID":788,"LojaID":384,"CEP":"29317-424","Logradouro":"Avenida Jones dos Santos Neves","Numero":"272","Complemento":"","Bairro":"","Estado":"ES","Cidade":"Cachoeiro de Itapemirim","Latitude":-18.747256,"Longitude":-40.889091,"EnderecoCobranca":false}', '[{"LojaID":384,"LojaContatoID":405,"Celular":null,"Email":"mariana.santos@caoa.com.br","Fax":null,"Nextel":null,"Telefone":"","WhatsApp":null,"Nome":"Mariana Santos","EmailRevisao":null,"EmailPosVenda":null,"WhatsAppRevisao":"","TelefoneRevisao":"","TelefonePosVenda":"(28) 2102-2000","ContatoCobranca":false}]', '2021-08-02 16:39:33', '2021-08-02 16:39:33'),
	(385, 'Oficina Rede Bari Guarapuava', 'Peças e Serviços, HYUNDAI MOTOR', '07.461.763/0005-02', 'Oficina Rede Bari Guarapuava', 'Oficina ', '32', 789, '85055-010', 'Avenida Manoel Ribas', '2898', '', '', 'PR', 'Guarapuava', '-25.414813', '-49.303389', 0, '{"LojaEnderecoID":789,"LojaID":385,"CEP":"85055-010","Logradouro":"Avenida Manoel Ribas","Numero":"2898","Complemento":"","Bairro":"","Estado":"PR","Cidade":"Guarapuava","Latitude":-25.414813,"Longitude":-49.303389,"EnderecoCobranca":false}', '[{"LojaID":385,"LojaContatoID":406,"Celular":null,"Email":"mariana.santos@caoa.com.br","Fax":null,"Nextel":null,"Telefone":"","WhatsApp":null,"Nome":"Mariana Santos","EmailRevisao":null,"EmailPosVenda":null,"WhatsAppRevisao":"","TelefoneRevisao":"","TelefonePosVenda":"(42) 3036-8800","ContatoCobranca":false}]', '2021-08-02 16:39:33', '2021-08-02 16:39:33'),
	(386, 'Oficina Cometa Ji Paraná', 'Peças e Serviços, HYUNDAI MOTOR', '04.234.444/0001-42', 'Oficina Cometa Ji Paraná', 'Oficina ', '32', 790, '76900-100', 'Avenida Marechal Rondon', '1400', '', '', 'RO', 'Ji Paraná', '-4.774515', '-48.071253', 0, '{"LojaEnderecoID":790,"LojaID":386,"CEP":"76900-100","Logradouro":"Avenida Marechal Rondon","Numero":"1400","Complemento":"","Bairro":"","Estado":"RO","Cidade":"Ji Paran\\u00e1","Latitude":-4.774515,"Longitude":-48.071253,"EnderecoCobranca":false}', '[{"LojaID":386,"LojaContatoID":407,"Celular":null,"Email":"mariana.santos@caoa.com.br","Fax":null,"Nextel":null,"Telefone":"","WhatsApp":null,"Nome":"Mariana Santos","EmailRevisao":null,"EmailPosVenda":null,"WhatsAppRevisao":"","TelefoneRevisao":"","TelefonePosVenda":"(69) 3421-2000","ContatoCobranca":false}]', '2021-08-02 16:39:33', '2021-08-02 16:39:33'),
	(387, 'Oficina Toksu Pouso Alegre', 'Peças e Serviços, HYUNDAI MOTOR', '11.208.302/0003-38', 'Oficina Toksu Pouso Alegre', 'Oficina ', '32', 791, '37550-000', 'Avenida Pinto Cobra', '410', '', '', 'MG', 'Pouso Alegre', '-22.2273', '-45.912123', 0, '{"LojaEnderecoID":791,"LojaID":387,"CEP":"37550-000","Logradouro":"Avenida Pinto Cobra","Numero":"410","Complemento":"","Bairro":"","Estado":"MG","Cidade":"Pouso Alegre","Latitude":-22.2273,"Longitude":-45.912123,"EnderecoCobranca":false}', '[{"LojaID":387,"LojaContatoID":408,"Celular":null,"Email":"mariana.santos@caoa.com.br","Fax":null,"Nextel":null,"Telefone":"","WhatsApp":null,"Nome":"Mariana Santos","EmailRevisao":null,"EmailPosVenda":null,"WhatsAppRevisao":"","TelefoneRevisao":"","TelefonePosVenda":"(35) 3429-5000","ContatoCobranca":false}]', '2021-08-02 16:39:33', '2021-08-02 16:39:33'),
	(388, 'Hyundai REDE Destaque SEUL Caragua', 'Peças e Serviços, HYUNDAI MOTOR', '21.153.772/0003-03', 'Oficina Destaque Caraguatatuba', 'Hyundai', '1', 792, '11675-000', 'Avenida Presidente Campos Salles', '1777', '', '', 'SP', 'Caraguatatuba', '-23.61558', '-45.43115', 0, '{"LojaEnderecoID":792,"LojaID":388,"CEP":"11675-000","Logradouro":"Avenida Presidente Campos Salles","Numero":"1777","Complemento":"","Bairro":"","Estado":"SP","Cidade":"Caraguatatuba","Latitude":-23.61558,"Longitude":-45.43115,"EnderecoCobranca":false}', '[{"LojaID":388,"LojaContatoID":409,"Celular":null,"Email":"mariana.santos@caoa.com.br","Fax":null,"Nextel":null,"Telefone":"","WhatsApp":null,"Nome":"Mariana Santos","EmailRevisao":null,"EmailPosVenda":null,"WhatsAppRevisao":"(12) 3886-3910","TelefoneRevisao":"","TelefonePosVenda":"(12) 3886-3910","ContatoCobranca":false}]', '2021-08-02 16:39:32', '2021-08-02 16:39:32'),
	(389, 'Oficina HI Car Teixeira de Freitas', 'Peças e Serviços, HYUNDAI MOTOR', '25.241.168/0001-10', 'Oficina HI Car Teixeira de Freitas', 'Oficina ', '32', 793, '45990-090', 'Avenida Presidente Getúlio Vargas', '1525', '', '', 'BA', 'Teixeira de Freitas', '-17.535398', '-39.751041', 0, '{"LojaEnderecoID":793,"LojaID":389,"CEP":"45990-090","Logradouro":"Avenida Presidente Get\\u00falio Vargas","Numero":"1525","Complemento":"","Bairro":"","Estado":"BA","Cidade":"Teixeira de Freitas","Latitude":-17.535398,"Longitude":-39.751041,"EnderecoCobranca":false}', '[{"LojaID":389,"LojaContatoID":410,"Celular":null,"Email":"mariana.santos@caoa.com.br","Fax":null,"Nextel":null,"Telefone":"","WhatsApp":null,"Nome":"Mariana Santos","EmailRevisao":null,"EmailPosVenda":null,"WhatsAppRevisao":"","TelefoneRevisao":"","TelefonePosVenda":"(73) 3263-9474","ContatoCobranca":false}]', '2021-08-02 16:39:33', '2021-08-02 16:39:33'),
	(390, 'Oficina Geração São José', 'Peças e Serviços, HYUNDAI MOTOR', '10.459.491/0001-97', 'Oficina Geração São José', 'Oficina ', '32', 794, '88101-000', 'Avenida Presidente Kennedy', '112', '', 'Campinas', 'SC', 'São José', '-27.59571', '-48.606184', 1, '{"LojaEnderecoID":794,"LojaID":390,"CEP":"88101-000","Logradouro":"Avenida Presidente Kennedy","Numero":"112","Complemento":"","Bairro":"Campinas","Estado":"SC","Cidade":"S\\u00e3o Jos\\u00e9","Latitude":-27.59571,"Longitude":-48.606184,"EnderecoCobranca":true}', '[{"LojaID":390,"LojaContatoID":411,"Celular":null,"Email":"mariana.santos@caoa.com.br","Fax":null,"Nextel":null,"Telefone":"","WhatsApp":null,"Nome":"Mariana Santos","EmailRevisao":null,"EmailPosVenda":null,"WhatsAppRevisao":"","TelefoneRevisao":"","TelefonePosVenda":"(48) 3298-0000","ContatoCobranca":false}]', '2021-08-02 16:39:33', '2021-08-02 16:39:33'),
	(391, 'Oficina Cordial Caçador', 'Peças e Serviços, HYUNDAI MOTOR', '24.061.280/0002-97', 'Oficina Cordial Caçador', 'Oficina ', '32', 795, '89500-000', 'Avenida Santa Catarina', '391', '', '', 'SC', 'Caçador', '-26.776761', '-51.012089', 0, '{"LojaEnderecoID":795,"LojaID":391,"CEP":"89500-000","Logradouro":"Avenida Santa Catarina","Numero":"391","Complemento":"","Bairro":"","Estado":"SC","Cidade":"Ca\\u00e7ador","Latitude":-26.776761,"Longitude":-51.012089,"EnderecoCobranca":false}', '[{"LojaID":391,"LojaContatoID":412,"Celular":null,"Email":"mariana.santos@caoa.com.br","Fax":null,"Nextel":null,"Telefone":"","WhatsApp":null,"Nome":"Mariana Santos","EmailRevisao":null,"EmailPosVenda":null,"WhatsAppRevisao":"(49) 3567-3300","TelefoneRevisao":"","TelefonePosVenda":"(49) 3567-3300","ContatoCobranca":false}]', '2021-08-02 16:39:33', '2021-08-02 16:39:33'),
	(396, 'Oficina Orient Parnamirim', 'Peças e Serviços, HYUNDAI MOTOR', '04.915.296/0001-21', 'Oficina Orient Parnamirim', 'Oficina ', '32', 800, '59150-010', 'Rodovia BR 101', 'S/N', '', '', 'RN', 'Parnamirim', '-5.891097', '-35.252878', 0, '{"LojaEnderecoID":800,"LojaID":396,"CEP":"59150-010","Logradouro":"Rodovia BR 101","Numero":"S\\/N","Complemento":"","Bairro":"","Estado":"RN","Cidade":"Parnamirim","Latitude":-5.891097,"Longitude":-35.252878,"EnderecoCobranca":false}', '[{"LojaID":396,"LojaContatoID":417,"Celular":null,"Email":"mariana.santos@caoa.com.br","Fax":null,"Nextel":null,"Telefone":"","WhatsApp":null,"Nome":"Mariana Santos","EmailRevisao":null,"EmailPosVenda":null,"WhatsAppRevisao":"","TelefoneRevisao":"","TelefonePosVenda":"(84) 3208-7990","ContatoCobranca":false}]', '2021-08-02 16:39:33', '2021-08-02 16:39:33'),
	(397, 'Oficina Carhouse Lajeado', 'Peças e Serviços, HYUNDAI MOTOR', '11.472.103/0006-85', 'Oficina Carhouse Lajeado', 'Oficina ', '32', 801, '95900-000', 'Rodovia EST BR 386', '', '', '', 'TO', 'Lajeado', '-30.13781', '-51.10213', 0, '{"LojaEnderecoID":801,"LojaID":397,"CEP":"95900-000","Logradouro":"Rodovia EST BR 386","Numero":"","Complemento":"","Bairro":"","Estado":"TO","Cidade":"Lajeado","Latitude":-30.13781,"Longitude":-51.10213,"EnderecoCobranca":false}', '[{"LojaID":397,"LojaContatoID":418,"Celular":null,"Email":"mariana.santos@caoa.com.br","Fax":null,"Nextel":null,"Telefone":"","WhatsApp":null,"Nome":"Mariana Santos","EmailRevisao":null,"EmailPosVenda":null,"WhatsAppRevisao":"","TelefoneRevisao":"","TelefonePosVenda":"","ContatoCobranca":false}]', '2021-08-02 16:39:33', '2021-08-02 16:39:33'),
	(398, 'Oficina Carhouse Santa Cruz do Sul', 'Peças e Serviços, HYUNDAI MOTOR', '11.472.103/0005-02', 'Oficina Carhouse Santa Cruz do Sul', 'Oficina ', '32', 802, '96800-000', 'Rodovia EST BR 471, KM 123,4', '', '', '', 'RS', 'Santa Cruz do Sul', '-30.30284', '-52.335408', 0, '{"LojaEnderecoID":802,"LojaID":398,"CEP":"96800-000","Logradouro":"Rodovia EST BR 471, KM 123,4","Numero":"","Complemento":"","Bairro":"","Estado":"RS","Cidade":"Santa Cruz do Sul","Latitude":-30.30284,"Longitude":-52.335408,"EnderecoCobranca":false}', '[{"LojaID":398,"LojaContatoID":419,"Celular":null,"Email":"mariana.santos@caoa.com.br","Fax":null,"Nextel":null,"Telefone":"","WhatsApp":null,"Nome":"Mariana Santos","EmailRevisao":null,"EmailPosVenda":null,"WhatsAppRevisao":"","TelefoneRevisao":"","TelefonePosVenda":"(51) 2107-8888","ContatoCobranca":false}]', '2021-08-02 16:39:33', '2021-08-02 16:39:33'),
	(399, 'Oficina Rede Leauto Nova Iguaçu', 'Peças e Serviços, HYUNDAI MOTOR', '26.054.671/0001-29', 'Oficina Rede Leauto Nova Iguaçu', 'Hyundai', '1', 803, '26015-005', 'Rodovia Presidente Dutra', '12900', '', '', 'RJ', 'Nova Iguaçu', '-22.742171', '-43.452125', 0, '{"LojaEnderecoID":803,"LojaID":399,"CEP":"26015-005","Logradouro":"Rodovia Presidente Dutra","Numero":"12900","Complemento":"","Bairro":"","Estado":"RJ","Cidade":"Nova Igua\\u00e7u","Latitude":-22.742171,"Longitude":-43.452125,"EnderecoCobranca":false}', '[{"LojaID":399,"LojaContatoID":420,"Celular":null,"Email":"mariana.santos@caoa.com.br","Fax":null,"Nextel":null,"Telefone":"","WhatsApp":null,"Nome":"Mariana Santos","EmailRevisao":null,"EmailPosVenda":null,"WhatsAppRevisao":"","TelefoneRevisao":"","TelefonePosVenda":"(21) 3299-3299","ContatoCobranca":false}]', '2021-08-02 16:39:32', '2021-08-02 16:39:32'),
	(400, 'Oficina Frank Teresópolis', 'Peças e Serviços, HYUNDAI MOTOR', '12.164.428/0001-59', 'Oficina Frank Teresópolis', 'Oficina ', '32', 804, '25958-520', 'Rua Cecília Meirelles', '58', '', '', 'RJ', 'Teresópolis', '-22.443204', '-42.974864', 0, '{"LojaEnderecoID":804,"LojaID":400,"CEP":"25958-520","Logradouro":"Rua Cec\\u00edlia Meirelles","Numero":"58","Complemento":"","Bairro":"","Estado":"RJ","Cidade":"Teres\\u00f3polis","Latitude":-22.443204,"Longitude":-42.974864,"EnderecoCobranca":false}', '[{"LojaID":400,"LojaContatoID":421,"Celular":null,"Email":"mariana.santos@caoa.com.br","Fax":null,"Nextel":null,"Telefone":"","WhatsApp":null,"Nome":"Mariana Santos","EmailRevisao":null,"EmailPosVenda":null,"WhatsAppRevisao":"","TelefoneRevisao":"","TelefonePosVenda":"(21) 3641-3682","ContatoCobranca":false}]', '2021-08-02 16:39:33', '2021-08-02 16:39:33'),
	(402, 'Oficina Cometa Sinop', 'Peças e Serviços, HYUNDAI MOTOR', '15.355.506/0001-90', 'Oficina Cometa Sinop', 'Oficina ', '32', 806, '78557-477', 'Rua Colonizador Enio Pepino', '1093', '', '', 'MT', 'Sinop', '-11.878925', '-55.500541', 0, '{"LojaEnderecoID":806,"LojaID":402,"CEP":"78557-477","Logradouro":"Rua Colonizador Enio Pepino","Numero":"1093","Complemento":"","Bairro":"","Estado":"MT","Cidade":"Sinop","Latitude":-11.878925,"Longitude":-55.500541,"EnderecoCobranca":false}', '[{"LojaID":402,"LojaContatoID":423,"Celular":null,"Email":"mariana.santos@caoa.com.br","Fax":null,"Nextel":null,"Telefone":"","WhatsApp":null,"Nome":"Mariana Santos","EmailRevisao":null,"EmailPosVenda":null,"WhatsAppRevisao":"","TelefoneRevisao":"","TelefonePosVenda":"(66) 3211-5000","ContatoCobranca":false}]', '2021-08-02 16:39:33', '2021-08-02 16:39:33'),
	(403, 'Oficina Sevec Curitiba', 'Peças e Serviços, HYUNDAI MOTOR', '00.568.480/0001-91', 'Oficina Sevec Curitiba', 'Oficina ', '32', 807, '80220-360', 'Rua Francisco Parolin', '218', '', '', 'PR', 'Curitiba', '-25.462284', '-49.2572', 0, '{"LojaEnderecoID":807,"LojaID":403,"CEP":"80220-360","Logradouro":"Rua Francisco Parolin","Numero":"218","Complemento":"","Bairro":"","Estado":"PR","Cidade":"Curitiba","Latitude":-25.462284,"Longitude":-49.2572,"EnderecoCobranca":false}', '[{"LojaID":403,"LojaContatoID":424,"Celular":null,"Email":"mariana.santos@caoa.com.br","Fax":null,"Nextel":null,"Telefone":"","WhatsApp":null,"Nome":"Mariana Santos","EmailRevisao":null,"EmailPosVenda":null,"WhatsAppRevisao":"","TelefoneRevisao":"","TelefonePosVenda":"(41) 3213-6060","ContatoCobranca":false}]', '2021-08-02 16:39:33', '2021-08-02 16:39:33'),
	(405, 'Oficina Mecânica Fusão Petropolis', 'Peças e Serviços, HYUNDAI MOTOR', '28.830.099/0001-78', 'Oficina Mecânica Fusão Petropolis', 'Oficina ', '32', 809, '25640-233', 'Rua Saldanha Marinho', '46', '', '', 'RJ', 'Petrópolis', '-22.521033', '-43.188047', 0, '{"LojaEnderecoID":809,"LojaID":405,"CEP":"25640-233","Logradouro":"Rua Saldanha Marinho","Numero":"46","Complemento":"","Bairro":"","Estado":"RJ","Cidade":"Petr\\u00f3polis","Latitude":-22.521033,"Longitude":-43.188047,"EnderecoCobranca":false}', '[{"LojaID":405,"LojaContatoID":426,"Celular":null,"Email":"mariana.santos@caoa.com.br","Fax":null,"Nextel":null,"Telefone":"","WhatsApp":null,"Nome":"Mariana Santos","EmailRevisao":null,"EmailPosVenda":null,"WhatsAppRevisao":"(24) 2243-8720","TelefoneRevisao":"(24) 99230-6622","TelefonePosVenda":"(24) 2245-3131","ContatoCobranca":false}]', '2021-08-02 16:39:33', '2021-08-02 16:39:33'),
	(406, 'Oficina Rede Caminho Limeira', 'Peças e Serviços, HYUNDAI MOTOR', '26.312.954/0002-41', 'Oficina Rede Caminho Limeira', 'Oficina ', '32', 810, '13480-970', 'Rua Via Antonio Cruanes Filho', '4500', '', '', 'SP', 'Limeira', '-22.588913', '-47.386148', 0, '{"LojaEnderecoID":810,"LojaID":406,"CEP":"13480-970","Logradouro":"Rua Via Antonio Cruanes Filho","Numero":"4500","Complemento":"","Bairro":"","Estado":"SP","Cidade":"Limeira","Latitude":-22.588913,"Longitude":-47.386148,"EnderecoCobranca":false}', '[{"LojaID":406,"LojaContatoID":427,"Celular":null,"Email":"mariana.santos@caoa.com.br","Fax":null,"Nextel":null,"Telefone":"","WhatsApp":null,"Nome":"Mariana Santos","EmailRevisao":null,"EmailPosVenda":null,"WhatsAppRevisao":"","TelefoneRevisao":"","TelefonePosVenda":"(19) 3429-5320","ContatoCobranca":false}]', '2021-08-02 16:39:33', '2021-08-02 16:39:33'),
	(407, 'Oficina CRT Saga Brasília', 'Peças e Serviços, HYUNDAI MOTOR', '01.104.751/0010-01', 'Oficina CRT Saga Brasília', 'Oficina ', '32', 811, '71215-540', 'Setor S.G.C.V Sul, Lotes 4 e 4A', 'S/N', '', '', 'DF', 'Brasília', '-15.8252', '-47.953176', 0, '{"LojaEnderecoID":811,"LojaID":407,"CEP":"71215-540","Logradouro":"Setor S.G.C.V Sul, Lotes 4 e 4A","Numero":"S\\/N","Complemento":"","Bairro":"","Estado":"DF","Cidade":"Bras\\u00edlia","Latitude":-15.8252,"Longitude":-47.953176,"EnderecoCobranca":false}', '[{"LojaID":407,"LojaContatoID":428,"Celular":null,"Email":"mariana.santos@caoa.com.br","Fax":null,"Nextel":null,"Telefone":"","WhatsApp":null,"Nome":"Mariana Santos","EmailRevisao":null,"EmailPosVenda":null,"WhatsAppRevisao":"","TelefoneRevisao":"","TelefonePosVenda":"(61) 3403-1425","ContatoCobranca":false}]', '2021-08-02 16:39:33', '2021-08-02 16:39:33'),
	(408, 'Oficina Smaff Brasília', 'Peças e Serviços, HYUNDAI MOTOR', '08.175.423/0001-54', 'Oficina Smaff Brasília', 'Oficina ', '32', 812, '71200-220', 'SIA TR 01', 'S/N', '', '', 'DF', 'Brasília', '-15.803019', '-47.951752', 0, '{"LojaEnderecoID":812,"LojaID":408,"CEP":"71200-220","Logradouro":"SIA TR 01","Numero":"S\\/N","Complemento":"","Bairro":"","Estado":"DF","Cidade":"Bras\\u00edlia","Latitude":-15.803019,"Longitude":-47.951752,"EnderecoCobranca":false}', '[{"LojaID":408,"LojaContatoID":429,"Celular":null,"Email":"mariana.santos@caoa.com.br","Fax":null,"Nextel":null,"Telefone":"","WhatsApp":null,"Nome":"Mariana Santos","EmailRevisao":null,"EmailPosVenda":null,"WhatsAppRevisao":"","TelefoneRevisao":"","TelefonePosVenda":"(61) 3329-7037","ContatoCobranca":false}]', '2021-08-02 16:39:33', '2021-08-02 16:39:33'),
	(412, 'Hyundai Rede - Bari Itajaí', 'Showroom, HYUNDAI MOTOR', '22.303.462/0004-63', 'Hyundai Rede - Bari Itajaí', 'Hyundai', '1', 816, '88306-003', 'Avenida Osvaldo Reis', '550', '', 'Fazendinha', 'SC', 'Itajaí', '-26.924908', '-48.64924', 0, '{"LojaEnderecoID":816,"LojaID":412,"CEP":"88306-003","Logradouro":"Avenida Osvaldo Reis","Numero":"550","Complemento":"","Bairro":"Fazendinha","Estado":"SC","Cidade":"Itaja\\u00ed","Latitude":-26.924908,"Longitude":-48.64924,"EnderecoCobranca":false}', '[{"LojaID":412,"LojaContatoID":433,"Celular":null,"Email":"nelio.neto@barihyundai.com.br","Fax":null,"Nextel":null,"Telefone":"47 3045-9888","WhatsApp":null,"Nome":"N\\u00e9lio Lemos Marcondes Neto","EmailRevisao":null,"EmailPosVenda":null,"WhatsAppRevisao":"","TelefoneRevisao":"","TelefonePosVenda":"","ContatoCobranca":false}]', '2021-08-02 16:39:32', '2021-08-02 16:39:32'),
	(417, 'Hyundai REDE - Bari Joinville', 'Showroom, HYUNDAI MOTOR', '22.303.462/0001-10', 'Hyundai REDE - Bari Joinville', 'Hyundai', '1', 821, '89204-440', 'R. João Pessoa', '441', '', 'América', 'SC', 'Joinville', '-26.2776', '-48.850885', 0, '{"LojaEnderecoID":821,"LojaID":417,"CEP":"89204-440","Logradouro":"R. Jo\\u00e3o Pessoa","Numero":"441","Complemento":"","Bairro":"Am\\u00e9rica","Estado":"SC","Cidade":"Joinville","Latitude":-26.2776,"Longitude":-48.850885,"EnderecoCobranca":false}', '[{"LojaID":417,"LojaContatoID":437,"Celular":null,"Email":"rubens.schitt@hyundaibari.com.br","Fax":null,"Nextel":null,"Telefone":"47 3029-8500","WhatsApp":null,"Nome":"Rubens Schmitt","EmailRevisao":null,"EmailPosVenda":null,"WhatsAppRevisao":"","TelefoneRevisao":"","TelefonePosVenda":"","ContatoCobranca":false}]', '2021-08-02 16:39:32', '2021-08-02 16:39:32'),
	(419, 'Caoa Hyundai Premium Services', 'Peças e Serviços, CAOA E HYUNDAI MOTOR, HMB E HYUNDAI MOTOR', '03.518.732/0071-79', 'Caoa Hyundai Premium Services', 'Hyundai', '1', 823, '04085-002', 'Avenida dos Imarés', '923', '', '', 'SP', 'São Paulo', '-23.615622', '-46.66193', 0, '{"LojaEnderecoID":823,"LojaID":419,"CEP":"04085-002","Logradouro":"Avenida dos Imar\\u00e9s","Numero":"923","Complemento":"","Bairro":"","Estado":"SP","Cidade":"S\\u00e3o Paulo","Latitude":-23.615622,"Longitude":-46.66193,"EnderecoCobranca":false}', '[{"LojaID":419,"LojaContatoID":439,"Celular":"","Email":"mariana.santos@caoa.com.br","Fax":"","Nextel":"","Telefone":"","WhatsApp":"","Nome":"Mariana Santos","EmailRevisao":"","EmailPosVenda":"agendamento.hyimares@caoa.com.br","WhatsAppRevisao":"11 94523-9023","TelefoneRevisao":"11 94523-9023","TelefonePosVenda":"11 3386-9903","ContatoCobranca":false}]', '2021-08-02 16:39:32', '2021-08-02 16:39:32'),
	(420, 'Hyundai Rede - Bari Ponta Grossa', 'Showroom, HYUNDAI MOTOR', '22.303.462/0003-82', 'Hyundai Rede - Bari Ponta Grossa', 'Hyundai', '1', 824, '84052-000', 'Avenida Visconde de Taunay', '3000', '', 'Jardim Carvalho', 'PR', 'Ponta Grossa', '-25.102556', '-50.193825', 0, '{"LojaEnderecoID":824,"LojaID":420,"CEP":"84052-000","Logradouro":"Avenida Visconde de Taunay","Numero":"3000","Complemento":"","Bairro":"Jardim Carvalho","Estado":"PR","Cidade":"Ponta Grossa","Latitude":-25.102556,"Longitude":-50.193825,"EnderecoCobranca":false}', '[{"LojaID":420,"LojaContatoID":440,"Celular":null,"Email":"gomes.araujo@hbari.com.br","Fax":null,"Nextel":null,"Telefone":"42 3087-9200","WhatsApp":null,"Nome":"Wiverson Gomes de Araujo","EmailRevisao":null,"EmailPosVenda":null,"WhatsAppRevisao":"","TelefoneRevisao":"","TelefonePosVenda":"","ContatoCobranca":false}]', '2021-08-02 16:39:32', '2021-08-02 16:39:32'),
	(422, 'Hyundai REDE - Saga Brasília', 'Showroom e Peças e Serviços, HYUNDAI MOTOR', '01.104.751/0009-78', 'Hyundai REDE - Saga Brasília', 'Hyundai', '1', 826, '71215-590', 'SGCV Lote 9', 's/n', ' LOTE 09SALAO COMERCIAL N4', 'Zona Industrial (Guará)', 'DF', 'Brasília', '-15.8223211', '-47.9553591', 0, '{"LojaEnderecoID":826,"LojaID":422,"CEP":"71215-590","Logradouro":"SGCV Lote 9","Numero":"s\\/n","Complemento":" LOTE 09SALAO COMERCIAL N4","Bairro":"Zona Industrial (Guar\\u00e1)","Estado":"DF","Cidade":"Bras\\u00edlia","Latitude":-15.8223211,"Longitude":-47.9553591,"EnderecoCobranca":false}', '[{"LojaID":422,"LojaContatoID":442,"Celular":null,"Email":"izabela.slisboa@gruposaga.com.br","Fax":null,"Nextel":null,"Telefone":"61 3403-9390","WhatsApp":null,"Nome":"Izabela Souza Alves E Lisboa","EmailRevisao":null,"EmailPosVenda":null,"WhatsAppRevisao":"","TelefoneRevisao":"","TelefonePosVenda":"","ContatoCobranca":false}]', '2021-08-02 16:39:32', '2021-08-02 16:39:32'),
	(451, 'Hyundai Rede Saga - Estação São Luís', 'Showroom e Peças e Serviços, HYUNDAI MOTOR', '30.530.947/0001-75', 'Estação Ásia Comércio de Veículos e Peças Ltda', 'Hyundai', '1', 908, '65065-180', 'Avenida dos Holandeses', '12', '', 'Olho D\'Água', 'MA', 'São Luís', '-2.4883357', '-44.2492048', 1, '{"LojaEnderecoID":908,"LojaID":451,"CEP":"65065-180","Logradouro":"Avenida dos Holandeses","Numero":"12","Complemento":"","Bairro":"Olho D\'\\u00c1gua","Estado":"MA","Cidade":"S\\u00e3o Lu\\u00eds","Latitude":-2.4883357,"Longitude":-44.2492048,"EnderecoCobranca":true}', '[{"LojaID":451,"LojaContatoID":479,"Celular":null,"Email":"gessiane.ccarneiro@gruposaga.com.br","Fax":null,"Nextel":null,"Telefone":"9833043230","WhatsApp":null,"Nome":"Gessiane Carneiro","EmailRevisao":null,"EmailPosVenda":null,"WhatsAppRevisao":null,"TelefoneRevisao":null,"TelefonePosVenda":null,"ContatoCobranca":false}]', '2021-08-02 16:39:32', '2021-08-02 16:39:32'),
	(469, 'Subaru CAOA - Curitiba', 'oficina, SUBARU', '84.520.702/0001-96', 'Oficina Curitiba 4', 'Subaru', '3', 931, '80740-000', 'Alameda Julia da Costa ', '3220', '', 'Campina do Siqueira', 'PR', 'Curitiba', '-25.4382683', '-49.3098468', 0, '{"LojaEnderecoID":931,"LojaID":469,"CEP":"80740-000","Logradouro":"Alameda Julia da Costa ","Numero":"3220","Complemento":"","Bairro":"Campina do Siqueira","Estado":"PR","Cidade":"Curitiba","Latitude":-25.4382683,"Longitude":-49.3098468,"EnderecoCobranca":false}', '[{"LojaID":469,"LojaContatoID":497,"Celular":"","Email":"suporte@mrsales.com.br","Fax":"","Nextel":"","Telefone":"41 3152-5400","WhatsApp":"","Nome":".","EmailRevisao":"","EmailPosVenda":"agendamento.subarucuritiba@caoa.com.br","WhatsAppRevisao":"41 99184-6749","TelefoneRevisao":"","TelefonePosVenda":"41 3152-5481","ContatoCobranca":false}]', '2021-08-02 16:39:32', '2021-08-02 16:39:32'),
	(470, 'Subaru CAOA - Barra - Oficina', 'oficina, SUBARU', '17.204.504/0001-26', 'Oficina Barra', 'Subaru', '3', 932, '22631-004', 'Avenida das Américas', '4541', '', 'Barra da Tijuca', 'RJ', 'Rio de Janeiro', '-23.0006676', '-43.3622009', 0, '{"LojaEnderecoID":932,"LojaID":470,"CEP":"22631-004","Logradouro":"Avenida das Am\\u00e9ricas","Numero":"4541","Complemento":"","Bairro":"Barra da Tijuca","Estado":"RJ","Cidade":"Rio de Janeiro","Latitude":-23.0006676,"Longitude":-43.3622009,"EnderecoCobranca":false}', '[{"LojaID":470,"LojaContatoID":498,"Celular":"","Email":"suporte@mrsales.com.br","Fax":"","Nextel":"","Telefone":"21 31892-910_","WhatsApp":"","Nome":".","EmailRevisao":"","EmailPosVenda":"","WhatsAppRevisao":"21 97670-5158","TelefoneRevisao":"21 31779-010_","TelefonePosVenda":"21 3177-9010","ContatoCobranca":false}]', '2021-08-02 16:39:33', '2021-08-02 16:39:33'),
	(623, 'Hyundai HMB CAOA Tijuca', 'Showroom, CAOA E HMB', '16.794.464/0052-05', 'Caoa Motor do Brasil Ltda', 'HMB', '31', 1090, '20260-141', 'Rua Haddock Lobo', '267', '', 'Tijuca', 'RJ', 'Rio de Janeiro', '-22.919969', '-43.214994', 0, '{"LojaEnderecoID":1090,"LojaID":623,"CEP":"20260-141","Logradouro":"Rua Haddock Lobo","Numero":"267","Complemento":"","Bairro":"Tijuca","Estado":"RJ","Cidade":"Rio de Janeiro","Latitude":-22.919969,"Longitude":-43.214994,"EnderecoCobranca":false}', '[{"LojaID":623,"LojaContatoID":616,"Celular":"","Email":"carla.costa@caoa.com.br","Fax":"","Nextel":"","Telefone":"21 3539-8700","WhatsApp":"","Nome":"Carla Mosiello da Costa ","EmailRevisao":"","EmailPosVenda":"","WhatsAppRevisao":"21 99153-6338","TelefoneRevisao":"","TelefonePosVenda":"","ContatoCobranca":false}]', '2021-08-02 16:39:33', '2021-08-02 16:39:33'),
	(758, 'Oficina Maracanã', 'Peças e Serviços', '23.844.059/0001-61', 'L.D.G. AUTOMOTIVE LTDA - ME', 'Oficina ', '32', 1276, '20550-012', 'Rua São Francisco Xavier', '186', '', 'Tijuca', 'RJ', 'Rio de Janeiro', NULL, NULL, 0, '{"LojaEnderecoID":1276,"LojaID":758,"CEP":"20550-012","Logradouro":"Rua S\\u00e3o Francisco Xavier","Numero":"186","Complemento":"","Bairro":"Tijuca","Estado":"RJ","Cidade":"Rio de Janeiro","Latitude":null,"Longitude":null,"EnderecoCobranca":false}', '[{"LojaID":758,"LojaContatoID":735,"Celular":null,"Email":"atendimento@capsportoseguro.com.br>","Fax":null,"Nextel":null,"Telefone":"(21) 3173-1406","WhatsApp":null,"Nome":"BRUNO DE SOUZA CARVALHO","EmailRevisao":null,"EmailPosVenda":null,"WhatsAppRevisao":null,"TelefoneRevisao":null,"TelefonePosVenda":null,"ContatoCobranca":false}]', '2021-08-02 16:39:33', '2021-08-02 16:39:33'),
	(843, 'Hyundai HMB CAOA Meier', 'Showroom, CAOA E HMB', '16.794.464/0059-73', 'Caoa Motor do Brasil Ltda.', 'HMB', '31', 1419, '20725-000', 'Rua Vinte e Quatro de Maio', '1047', '', 'Engenho Novo', 'RJ', 'Rio de Janeiro', '-22.904042', '-43.2726975', 1, '{"LojaEnderecoID":1419,"LojaID":843,"CEP":"20725-000","Logradouro":"Rua Vinte e Quatro de Maio","Numero":"1047","Complemento":"","Bairro":"Engenho Novo","Estado":"RJ","Cidade":"Rio de Janeiro","Latitude":-22.904042,"Longitude":-43.2726975,"EnderecoCobranca":true}', '[{"LojaID":843,"LojaContatoID":1085,"Celular":"","Email":"leonardo.ferreira@caoa.com.br","Fax":"","Nextel":"","Telefone":"21 3506-9200","WhatsApp":"","Nome":"Leonardo da Costa Ferreira ","EmailRevisao":"","EmailPosVenda":"","WhatsAppRevisao":"","TelefoneRevisao":"","TelefonePosVenda":"","ContatoCobranca":false}]', '2021-08-02 16:39:33', '2021-08-02 16:39:33'),
	(916, 'Oficina Rede Caminho - Piracicaba', 'Peças e Serviços, HYUNDAI MOTOR', '25.312.954/0001-60', 'H - Caminho Automóveis Ltda.', 'Oficina ', '32', 1513, '13414-018', 'Avenida Limeira', '450', '', 'Areião', 'SP', 'Piracicaba', NULL, NULL, 0, '{"LojaEnderecoID":1513,"LojaID":916,"CEP":"13414-018","Logradouro":"Avenida Limeira","Numero":"450","Complemento":"","Bairro":"Arei\\u00e3o","Estado":"SP","Cidade":"Piracicaba","Latitude":null,"Longitude":null,"EnderecoCobranca":false}', '[{"LojaID":916,"LojaContatoID":1159,"Celular":null,"Email":"juliana.dias@hmbcaminho.com.br","Fax":null,"Nextel":null,"Telefone":"(19) 3429-3535","WhatsApp":null,"Nome":"Thiago Sanchez","EmailRevisao":null,"EmailPosVenda":null,"WhatsAppRevisao":null,"TelefoneRevisao":null,"TelefonePosVenda":null,"ContatoCobranca":false}]', '2021-08-02 16:39:33', '2021-08-02 16:39:33'),
	(998, 'Hyundai CAOA Niterói', ' Showroom, CAOA, Hyundai motor', '03.518.732/0136-59', 'Hyundai CAOA do Brasil LTDA', 'Hyundai', '1', 1649, '24320-330', 'Estrada Francisco da Cruz Nunes', '5232', '', 'Badu', 'RJ', 'Niterói', '-22.9328861', '-43.0684449', 0, '{"LojaEnderecoID":1649,"LojaID":998,"CEP":"24320-330","Logradouro":"Estrada Francisco da Cruz Nunes","Numero":"5232","Complemento":"","Bairro":"Badu","Estado":"RJ","Cidade":"Niter\\u00f3i","Latitude":-22.9328861,"Longitude":-43.0684449,"EnderecoCobranca":false}', '[{"LojaID":998,"LojaContatoID":1257,"Celular":"","Email":"marcelo.goncalves@caoa.com.br","Fax":"","Nextel":"","Telefone":"(21) 3883-7030","WhatsApp":"","Nome":"Marcelo Gon\\u00e7alves","EmailRevisao":"","EmailPosVenda":"","WhatsAppRevisao":"","TelefoneRevisao":"","TelefonePosVenda":"","ContatoCobranca":false}]', '2021-08-02 16:39:32', '2021-08-02 16:39:32'),
	(2137, 'CAOA Chery D21 Motors Praia Grande', 'Showroom ,GmnVutsM4pvFd7vWjgB1YA==,D21', '29.402.622/0073-00', 'Yellow Mountain Distribuidora de Veiculos Ltda', 'Chery', '5', 2842, '11702-480', 'Avenida Presidente Kennedy', '3086', 'Qd 2 Lt 1 Galpão 1 Lj Parte A', 'Aviação', 'SP', 'Praia Grande', '-24.0104406', '-46.4410811', 1, '{"LojaEnderecoID":2842,"LojaID":2137,"CEP":"11702-480","Logradouro":"Avenida Presidente Kennedy","Numero":"3086","Complemento":"Qd 2 Lt 1 Galp\\u00e3o 1 Lj Parte A","Bairro":"Avia\\u00e7\\u00e3o","Estado":"SP","Cidade":"Praia Grande","Latitude":-24.0104406,"Longitude":-46.4410811,"EnderecoCobranca":true}', '[{"LojaID":2137,"LojaContatoID":2409,"Celular":null,"Email":"suporte@mrsales.com.br","Fax":null,"Nextel":null,"Telefone":"13 3596-9110","WhatsApp":null,"Nome":"Denis Marreiros","EmailRevisao":null,"EmailPosVenda":null,"WhatsAppRevisao":null,"TelefoneRevisao":null,"TelefonePosVenda":null,"ContatoCobranca":false}]', '2021-08-02 16:39:33', '2021-08-02 16:39:33'),
	(2140, 'CAOA Chery D21 Motors Guaruja', 'Showroom,GmnVutsM4pvFd7vWjgB1YA==,D21', '29.402.622/0073-00', 'Yellow Mountain Distribuidora de Veiculos Ltda', 'Chery', '5', 2845, '11440-000', 'Avenida Dom Pedro I', '541', '', 'Enseada', 'SP', 'Guarujá', '-23.9873771', '-46.2477194', 1, '{"LojaEnderecoID":2845,"LojaID":2140,"CEP":"11440-000","Logradouro":"Avenida Dom Pedro I","Numero":"541","Complemento":"","Bairro":"Enseada","Estado":"SP","Cidade":"Guaruj\\u00e1","Latitude":-23.9873771,"Longitude":-46.2477194,"EnderecoCobranca":true}', '[{"LojaID":2140,"LojaContatoID":2412,"Celular":null,"Email":"suporte@mrsales.com.br","Fax":null,"Nextel":null,"Telefone":"13 3308-1570","WhatsApp":null,"Nome":"Suporte","EmailRevisao":null,"EmailPosVenda":null,"WhatsAppRevisao":null,"TelefoneRevisao":null,"TelefonePosVenda":null,"ContatoCobranca":false}]', '2021-08-02 16:39:33', '2021-08-02 16:39:33');

